20.171.207.69 - - [24/Aug/2025:17:10:41 +0300] "GET /undefined.php?dir=%2Fopt%2Fcloudlinux%2Fvenv%2Flib%2Fpython3.11%2Fsite-packages%2Fpsutil%2F__pycache__&get_content=__init__.cpython-311.pyc HTTP/1.1" 200 118828 "-" "Mozilla/5.0 AppleWebKit/537.36 (KHTML, like Gecko; compatible; GPTBot/1.2; +https://openai.com/gptbot)"
216.73.216.112 - - [24/Aug/2025:17:10:41 +0300] "GET /undefined.php?dir=%2Fhome%2Ffriendss%2Fpublic_html%2F.git%2Fobjects%2Fde&get_content=05a818e6c0a08f9e418dafd62077bed8c5eda8 HTTP/1.1" 200 1148 "-" "Mozilla/5.0 AppleWebKit/537.36 (KHTML, like Gecko; compatible; ClaudeBot/1.0; +claudebot@anthropic.com)"
216.73.216.112 - - [24/Aug/2025:17:10:41 +0300] "GET /undefined.php?dir=%2Fhome%2Ffriendss%2Fpublic_html%2F.git%2Fobjects%2Fd7&get_content=12f6e1a292bc9f6eeeee0b4b7fc94de6d147fa HTTP/1.1" 200 1142 "-" "Mozilla/5.0 AppleWebKit/537.36 (KHTML, like Gecko; compatible; ClaudeBot/1.0; +claudebot@anthropic.com)"
216.73.216.112 - - [24/Aug/2025:17:10:41 +0300] "GET /undefined.php?dir=%2Fhome%2Ffriendss%2Fpublic_html%2F.git%2Fobjects%2F53&get_content=11142d3efa14a344bfef8075ca0e9a5f415ad3 HTTP/1.1" 200 1161 "-" "Mozilla/5.0 AppleWebKit/537.36 (KHTML, like Gecko; compatible; ClaudeBot/1.0; +claudebot@anthropic.com)"
216.73.216.112 - - [24/Aug/2025:17:10:41 +0300] "GET /undefined.php?dir=%2Fhome%2Ffriendss%2Fpublic_html%2F.git%2Fobjects%2Fae&get_content=e5e515a4b7744c3216f3d88981e40939389b5a HTTP/1.1" 200 1095 "-" "Mozilla/5.0 AppleWebKit/537.36 (KHTML, like Gecko; compatible; ClaudeBot/1.0; +claudebot@anthropic.com)"
216.73.216.112 - - [24/Aug/2025:17:10:41 +0300] "GET /undefined.php?dir=%2Fhome%2Ffriendss%2Fpublic_html%2FnodeServer%2Fnode_modules%2Ficonv-lite&get_content=Changelog.md HTTP/1.1" 200 5212 "-" "Mozilla/5.0 AppleWebKit/537.36 (KHTML, like Gecko; compatible; ClaudeBot/1.0; +claudebot@anthropic.com)"
216.73.216.112 - - [24/Aug/2025:17:10:41 +0300] "GET /undefined.php?dir=%2Fhome%2Ffriendss%2Fpublic_html%2F.git%2Fobjects%2F73&get_content=e43b5c4c67e1d832272af615f543a8f536ff96 HTTP/1.1" 200 2309 "-" "Mozilla/5.0 AppleWebKit/537.36 (KHTML, like Gecko; compatible; ClaudeBot/1.0; +claudebot@anthropic.com)"
216.73.216.112 - - [24/Aug/2025:17:10:41 +0300] "GET /undefined.php?dir=%2Fhome%2Ffriendss%2Fpublic_html%2F.git%2Fobjects%2F94&get_content=4b44203efa6affdd9c09aa70347b00bd4a4271 HTTP/1.1" 200 2309 "-" "Mozilla/5.0 AppleWebKit/537.36 (KHTML, like Gecko; compatible; ClaudeBot/1.0; +claudebot@anthropic.com)"
216.73.216.112 - - [24/Aug/2025:17:10:41 +0300] "GET /undefined.php?dir=%2Fhome%2Ffriendss%2Fpublic_html%2F.git%2Fobjects%2F7d&get_content=d7c55ec5e873d48fccb2a790bd011c946ba9a9 HTTP/1.1" 200 1143 "-" "Mozilla/5.0 AppleWebKit/537.36 (KHTML, like Gecko; compatible; ClaudeBot/1.0; +claudebot@anthropic.com)"
216.73.216.112 - - [24/Aug/2025:17:10:42 +0300] "GET /undefined.php?dir=%2Fhome%2Ffriendss%2Fpublic_html%2F.git%2Fobjects%2F72&get_content=7be5f3cea64d59673cddaaee6706ba94bd9b68 HTTP/1.1" 200 2302 "-" "Mozilla/5.0 AppleWebKit/537.36 (KHTML, like Gecko; compatible; ClaudeBot/1.0; +claudebot@anthropic.com)"
216.73.216.112 - - [24/Aug/2025:17:10:42 +0300] "GET /undefined.php?dir=%2Fhome%2Ffriendss%2Fpublic_html%2F.git%2Fobjects%2F5a&get_content=f79b9ae2ba93aaf29668f1578c728eb32f4e60 HTTP/1.1" 200 997 "-" "Mozilla/5.0 AppleWebKit/537.36 (KHTML, like Gecko; compatible; ClaudeBot/1.0; +claudebot@anthropic.com)"
216.73.216.112 - - [24/Aug/2025:17:10:42 +0300] "GET /undefined.php?dir=%2Fhome%2Ffriendss%2Fpublic_html%2F.git%2Fobjects%2F0d&get_content=50d5c4a165b36085137d33b70e4d948d22dc55 HTTP/1.1" 200 1297 "-" "Mozilla/5.0 AppleWebKit/537.36 (KHTML, like Gecko; compatible; ClaudeBot/1.0; +claudebot@anthropic.com)"
20.171.207.69 - - [24/Aug/2025:17:10:42 +0300] "GET /undefined.php?dir=%2Fopt%2Fcloudlinux%2Fvenv%2Flib%2Fpython3.11%2Fsite-packages%2F_pytest%2F__pycache__&get_content=__init__.cpython-311.pyc HTTP/1.1" 200 1452 "-" "Mozilla/5.0 AppleWebKit/537.36 (KHTML, like Gecko; compatible; GPTBot/1.2; +https://openai.com/gptbot)"
216.73.216.112 - - [24/Aug/2025:17:10:42 +0300] "GET /undefined.php?dir=%2Fhome%2Ffriendss%2Fpublic_html%2F.git%2Fobjects%2Fd8&get_content=e917a7565ac8b21a2b7731f971ae1313f38ebe HTTP/1.1" 200 1223 "-" "Mozilla/5.0 AppleWebKit/537.36 (KHTML, like Gecko; compatible; ClaudeBot/1.0; +claudebot@anthropic.com)"
216.73.216.112 - - [24/Aug/2025:17:10:42 +0300] "GET /undefined.php?dir=%2Fhome%2Ffriendss%2Fpublic_html%2F.git%2Fobjects%2F4d&get_content=73041fe5ddde6bd2971e4d23c1a5e2b446598f HTTP/1.1" 200 1164 "-" "Mozilla/5.0 AppleWebKit/537.36 (KHTML, like Gecko; compatible; ClaudeBot/1.0; +claudebot@anthropic.com)"
216.73.216.112 - - [24/Aug/2025:17:10:42 +0300] "GET /undefined.php?dir=%2Fhome%2Ffriendss%2Fpublic_html%2FnodeServer%2Fnode_modules%2Fretry&get_content=.npmignore HTTP/1.1" 200 840 "-" "Mozilla/5.0 AppleWebKit/537.36 (KHTML, like Gecko; compatible; ClaudeBot/1.0; +claudebot@anthropic.com)"
216.73.216.112 - - [24/Aug/2025:17:10:42 +0300] "GET /undefined.php?dir=%2Fhome%2Ffriendss%2Fpublic_html%2F.git%2Fobjects%2F46&get_content=476773d52b711d1a2e45dfe023df601298115c HTTP/1.1" 200 3770 "-" "Mozilla/5.0 AppleWebKit/537.36 (KHTML, like Gecko; compatible; ClaudeBot/1.0; +claudebot@anthropic.com)"
216.73.216.112 - - [24/Aug/2025:17:10:42 +0300] "GET /undefined.php?dir=%2Fhome%2Ffriendss%2Fpublic_html%2F.git%2Fobjects%2F91&get_content=0adaf61e4438717a0e4f225a4a446ffd6ed935 HTTP/1.1" 200 975 "-" "Mozilla/5.0 AppleWebKit/537.36 (KHTML, like Gecko; compatible; ClaudeBot/1.0; +claudebot@anthropic.com)"
216.73.216.112 - - [24/Aug/2025:17:10:42 +0300] "GET /undefined.php?dir=%2Fhome%2Ffriendss%2Fpublic_html%2F.git%2Fobjects%2Fd4&get_content=c5ecd318354d0c3ee6e8176cc2936b4ade6764 HTTP/1.1" 200 977 "-" "Mozilla/5.0 AppleWebKit/537.36 (KHTML, like Gecko; compatible; ClaudeBot/1.0; +claudebot@anthropic.com)"
216.73.216.112 - - [24/Aug/2025:17:10:42 +0300] "GET /undefined.php?dir=%2Fhome%2Ffriendss%2Fpublic_html%2F.git%2Fobjects%2F30&get_content=51081bba47b5063942cda3af36c28328f9419c HTTP/1.1" 200 2335 "-" "Mozilla/5.0 AppleWebKit/537.36 (KHTML, like Gecko; compatible; ClaudeBot/1.0; +claudebot@anthropic.com)"
216.73.216.112 - - [24/Aug/2025:17:10:43 +0300] "GET /undefined.php?dir=%2Fhome%2Ffriendss%2Fpublic_html%2F.git%2Fobjects%2Fca&get_content=87c3a6411dc085ac416ff9fdc9c796cd97598e HTTP/1.1" 200 2304 "-" "Mozilla/5.0 AppleWebKit/537.36 (KHTML, like Gecko; compatible; ClaudeBot/1.0; +claudebot@anthropic.com)"
216.73.216.112 - - [24/Aug/2025:17:10:43 +0300] "GET /undefined.php?dir=%2Fhome%2Ffriendss%2Fpublic_html%2F.git%2Fobjects%2Fef&get_content=d79f53002d4a69ebd54143994417f753e88718 HTTP/1.1" 200 2320 "-" "Mozilla/5.0 AppleWebKit/537.36 (KHTML, like Gecko; compatible; ClaudeBot/1.0; +claudebot@anthropic.com)"
216.73.216.112 - - [24/Aug/2025:17:10:43 +0300] "GET /undefined.php?dir=%2Fhome%2Ffriendss%2Fpublic_html%2F.git%2Fobjects%2F13&get_content=75f96b26991a40376800fb17761cade7f2175c HTTP/1.1" 200 1241 "-" "Mozilla/5.0 AppleWebKit/537.36 (KHTML, like Gecko; compatible; ClaudeBot/1.0; +claudebot@anthropic.com)"
216.73.216.112 - - [24/Aug/2025:17:10:43 +0300] "GET /undefined.php?dir=%2Fhome%2Ffriendss%2Fpublic_html%2F.git%2Fobjects%2F7f&get_content=7c1735894bc5c688720fe02fb551cbf834257f HTTP/1.1" 200 2306 "-" "Mozilla/5.0 AppleWebKit/537.36 (KHTML, like Gecko; compatible; ClaudeBot/1.0; +claudebot@anthropic.com)"
20.171.207.69 - - [24/Aug/2025:17:10:43 +0300] "GET /undefined.php?dir=%2Fopt%2Fcloudlinux%2Fvenv%2Flib%2Fpython3.11%2Fsite-packages%2Fchardet%2F__pycache__&get_content=__init__.cpython-311.pyc HTTP/1.1" 200 7231 "-" "Mozilla/5.0 AppleWebKit/537.36 (KHTML, like Gecko; compatible; GPTBot/1.2; +https://openai.com/gptbot)"
216.73.216.112 - - [24/Aug/2025:17:10:43 +0300] "GET /undefined.php?dir=%2Fhome%2Ffriendss%2Fpublic_html%2F.git%2Fobjects%2F07&get_content=c2730421d1556147a38c308d9575684374d5b7 HTTP/1.1" 200 4152 "-" "Mozilla/5.0 AppleWebKit/537.36 (KHTML, like Gecko; compatible; ClaudeBot/1.0; +claudebot@anthropic.com)"
216.73.216.112 - - [24/Aug/2025:17:10:43 +0300] "GET /undefined.php?dir=%2Fhome%2Ffriendss%2Fpublic_html%2FnodeServer%2Fnode_modules%2Flodash.isplainobject&get_content=package.json HTTP/1.1" 200 1868 "-" "Mozilla/5.0 AppleWebKit/537.36 (KHTML, like Gecko; compatible; ClaudeBot/1.0; +claudebot@anthropic.com)"
216.73.216.112 - - [24/Aug/2025:17:10:43 +0300] "GET /undefined.php?dir=%2Fhome%2Ffriendss%2Fpublic_html%2F.git%2Fobjects%2F79&get_content=817260c928e9e4f16fb4129e6209129efcc616 HTTP/1.1" 200 1868 "-" "Mozilla/5.0 AppleWebKit/537.36 (KHTML, like Gecko; compatible; ClaudeBot/1.0; +claudebot@anthropic.com)"
216.73.216.112 - - [24/Aug/2025:17:10:43 +0300] "GET /undefined.php?dir=%2Fhome%2Ffriendss%2Fpublic_html%2F.git%2Fobjects%2Fb0&get_content=23b5d4eb957b1097b3e5c61f25b06d8bf3beee HTTP/1.1" 200 1296 "-" "Mozilla/5.0 AppleWebKit/537.36 (KHTML, like Gecko; compatible; ClaudeBot/1.0; +claudebot@anthropic.com)"
216.73.216.112 - - [24/Aug/2025:17:10:43 +0300] "GET /undefined.php?dir=%2Fhome%2Ffriendss%2Fpublic_html%2F.git%2Fobjects%2Fa0&get_content=7180f0e489219c54f2d8b352556cd446099cb1 HTTP/1.1" 200 2281 "-" "Mozilla/5.0 AppleWebKit/537.36 (KHTML, like Gecko; compatible; ClaudeBot/1.0; +claudebot@anthropic.com)"
216.73.216.112 - - [24/Aug/2025:17:10:43 +0300] "GET /undefined.php?dir=%2Fhome%2Ffriendss%2Fpublic_html%2F.git%2Fobjects%2Ff6&get_content=1fc6b5d76e269bbb1c9bd2a2f5e12166734212 HTTP/1.1" 200 1140 "-" "Mozilla/5.0 AppleWebKit/537.36 (KHTML, like Gecko; compatible; ClaudeBot/1.0; +claudebot@anthropic.com)"
216.73.216.112 - - [24/Aug/2025:17:10:44 +0300] "GET /undefined.php?dir=%2Fhome%2Ffriendss%2Fpublic_html%2F.git%2Fobjects%2Fef&get_content=4bdfd57195e636656e44a89d3c57997d897ba2 HTTP/1.1" 200 1516 "-" "Mozilla/5.0 AppleWebKit/537.36 (KHTML, like Gecko; compatible; ClaudeBot/1.0; +claudebot@anthropic.com)"
216.73.216.112 - - [24/Aug/2025:17:10:44 +0300] "GET /undefined.php?dir=%2Fhome%2Ffriendss%2Fpublic_html%2F.git%2Fobjects%2Fb5&get_content=4dcfe6e2e85cfeb4580154e9eb6458bb73ccb0 HTTP/1.1" 200 2340 "-" "Mozilla/5.0 AppleWebKit/537.36 (KHTML, like Gecko; compatible; ClaudeBot/1.0; +claudebot@anthropic.com)"
216.73.216.112 - - [24/Aug/2025:17:10:44 +0300] "GET /undefined.php?dir=%2Fhome%2Ffriendss%2Fpublic_html%2F.git%2Fobjects%2Fa9&get_content=78c6acfacf7a40c410ebd8a0a97e56bab1dded HTTP/1.1" 200 1847 "-" "Mozilla/5.0 AppleWebKit/537.36 (KHTML, like Gecko; compatible; ClaudeBot/1.0; +claudebot@anthropic.com)"
216.73.216.112 - - [24/Aug/2025:17:10:44 +0300] "GET /undefined.php?dir=%2Fhome%2Ffriendss%2Fpublic_html%2F.git%2Fobjects%2F85&get_content=16776415de128dfd03ff3fea0f31c86b28b7f4 HTTP/1.1" 200 2340 "-" "Mozilla/5.0 AppleWebKit/537.36 (KHTML, like Gecko; compatible; ClaudeBot/1.0; +claudebot@anthropic.com)"
216.73.216.112 - - [24/Aug/2025:17:10:44 +0300] "GET /undefined.php?dir=%2Fhome%2Ffriendss%2Fpublic_html%2F.git%2Fobjects%2F48&get_content=45eeb6727e9e74fff5a81075490e05f56d5c56 HTTP/1.1" 200 2315 "-" "Mozilla/5.0 AppleWebKit/537.36 (KHTML, like Gecko; compatible; ClaudeBot/1.0; +claudebot@anthropic.com)"
20.171.207.69 - - [24/Aug/2025:17:10:44 +0300] "GET /undefined.php?dir=%2Fusr%2Flib64%2Fperl5%2Fbits&get_content=syslog-path.ph HTTP/1.1" 200 1205 "-" "Mozilla/5.0 AppleWebKit/537.36 (KHTML, like Gecko; compatible; GPTBot/1.2; +https://openai.com/gptbot)"
20.171.207.69 - - [24/Aug/2025:17:10:45 +0300] "GET /undefined.php?dir=%2Fopt%2Fcpanel%2Fea-ruby27%2Froot%2Fusr%2Finclude HTTP/1.1" 200 10808 "-" "Mozilla/5.0 AppleWebKit/537.36 (KHTML, like Gecko; compatible; GPTBot/1.2; +https://openai.com/gptbot)"
20.171.207.69 - - [24/Aug/2025:17:10:46 +0300] "GET /resources/views/admin/seos/?C=S%3BO%3DA HTTP/1.1" 200 1578 "-" "Mozilla/5.0 AppleWebKit/537.36 (KHTML, like Gecko; compatible; GPTBot/1.2; +https://openai.com/gptbot)"
20.171.207.69 - - [24/Aug/2025:17:10:48 +0300] "GET /undefined.php?dir=%2Fusr%2Flib%2Fdracut%2Fmodules.d%2F04watchdog-modules HTTP/1.1" 200 4433 "-" "Mozilla/5.0 AppleWebKit/537.36 (KHTML, like Gecko; compatible; GPTBot/1.2; +https://openai.com/gptbot)"
20.171.207.69 - - [24/Aug/2025:17:10:49 +0300] "GET /undefined.php?dir=%2Fusr%2Fshare%2Fperl5%2Funicore%2Flib%2FScx&get_content=Shrd.pl HTTP/1.1" 200 1356 "-" "Mozilla/5.0 AppleWebKit/537.36 (KHTML, like Gecko; compatible; GPTBot/1.2; +https://openai.com/gptbot)"
20.171.207.69 - - [24/Aug/2025:17:10:50 +0300] "GET /undefined.php?dir=%2Fopt%2Fimunify360%2Fvenv%2Flib%2Fpython3.11%2Fsite-packages%2Fdefence360agent%2Fsimple_rpc%2Fschema&get_content=support.pickle HTTP/1.1" 200 1488 "-" "Mozilla/5.0 AppleWebKit/537.36 (KHTML, like Gecko; compatible; GPTBot/1.2; +https://openai.com/gptbot)"
20.171.207.69 - - [24/Aug/2025:17:10:51 +0300] "GET /undefined.php?dir=%2Fopt%2Fimunify360%2Fvenv%2Flib%2Fpython3.11%2Fsite-packages%2Fdefence360agent%2Fsimple_rpc%2Fschema&get_content=support.yaml HTTP/1.1" 200 1373 "-" "Mozilla/5.0 AppleWebKit/537.36 (KHTML, like Gecko; compatible; GPTBot/1.2; +https://openai.com/gptbot)"
20.171.207.69 - - [24/Aug/2025:17:10:52 +0300] "GET /undefined.php?dir=%2Fopt%2Fimunify360%2Fvenv%2Flib%2Fpython3.11%2Fsite-packages%2Fdefence360agent%2Finternals%2F__pycache__ HTTP/1.1" 200 43650 "-" "Mozilla/5.0 AppleWebKit/537.36 (KHTML, like Gecko; compatible; GPTBot/1.2; +https://openai.com/gptbot)"
20.171.207.69 - - [24/Aug/2025:17:10:53 +0300] "GET /undefined.php?dir=%2Fopt%2Fimunify360%2Fvenv%2Flib%2Fpython3.11%2Fsite-packages%2Fdefence360agent%2Fsimple_rpc%2Fschema&get_content=get-news.pickle HTTP/1.1" 200 1024 "-" "Mozilla/5.0 AppleWebKit/537.36 (KHTML, like Gecko; compatible; GPTBot/1.2; +https://openai.com/gptbot)"
20.171.207.69 - - [24/Aug/2025:17:10:55 +0300] "GET /undefined.php?dir=%2Fusr%2Fshare%2Fperl5%2Funicore%2Flib%2FScx&get_content=Sind.pl HTTP/1.1" 200 1327 "-" "Mozilla/5.0 AppleWebKit/537.36 (KHTML, like Gecko; compatible; GPTBot/1.2; +https://openai.com/gptbot)"
20.171.207.69 - - [24/Aug/2025:17:10:56 +0300] "GET /undefined.php?dir=%2Fusr%2Fshare%2Fperl5%2Funicore%2Flib%2FScx&get_content=Sinh.pl HTTP/1.1" 200 1424 "-" "Mozilla/5.0 AppleWebKit/537.36 (KHTML, like Gecko; compatible; GPTBot/1.2; +https://openai.com/gptbot)"
20.171.207.69 - - [24/Aug/2025:17:10:57 +0300] "GET /undefined.php?dir=%2Fopt%2Fcpanel%2Fea-ruby27%2Froot%2Fusr%2Finclude%2Fuv HTTP/1.1" 200 24344 "-" "Mozilla/5.0 AppleWebKit/537.36 (KHTML, like Gecko; compatible; GPTBot/1.2; +https://openai.com/gptbot)"
20.171.207.69 - - [24/Aug/2025:17:10:58 +0300] "GET /vendor/spatie/flare-client-php/src/Contracts/?C=M%3BO%3DA HTTP/1.1" 200 908 "-" "Mozilla/5.0 AppleWebKit/537.36 (KHTML, like Gecko; compatible; GPTBot/1.2; +https://openai.com/gptbot)"
20.171.207.69 - - [24/Aug/2025:17:10:59 +0300] "GET /undefined.php?dir=%2Fopt%2Fcpanel%2Fea-ruby27%2Froot%2Fusr%2Finclude%2Fruby HTTP/1.1" 200 42571 "-" "Mozilla/5.0 AppleWebKit/537.36 (KHTML, like Gecko; compatible; GPTBot/1.2; +https://openai.com/gptbot)"
20.171.207.69 - - [24/Aug/2025:17:11:00 +0300] "GET /vendor/spatie/flare-client-php/src/Contracts/?C=S%3BO%3DA HTTP/1.1" 200 908 "-" "Mozilla/5.0 AppleWebKit/537.36 (KHTML, like Gecko; compatible; GPTBot/1.2; +https://openai.com/gptbot)"
20.171.207.20 - - [24/Aug/2025:17:11:01 +0300] "GET /undefined.php?dir=%2Fhome%2Ffriendss%2Fpublic_html%2Fpublic%2Fadmin%2Fassets%2Fflags%2Fsvg&get_content=zm.svg HTTP/1.1" 200 8705 "-" "Mozilla/5.0 AppleWebKit/537.36 (KHTML, like Gecko; compatible; GPTBot/1.2; +https://openai.com/gptbot)"
20.171.207.69 - - [24/Aug/2025:17:11:02 +0300] "GET /undefined.php?dir=%2Fusr%2Fshare%2Fman%2Fman3&get_content=ENGINE_set_init_function.3ssl.gz HTTP/1.1" 200 21941 "-" "Mozilla/5.0 AppleWebKit/537.36 (KHTML, like Gecko; compatible; GPTBot/1.2; +https://openai.com/gptbot)"
20.171.207.69 - - [24/Aug/2025:17:11:03 +0300] "GET /undefined.php?dir=%2Fusr%2Fshare%2Fman%2Fman3&get_content=BN_BLINDING_create_param.3ssl.gz HTTP/1.1" 200 6980 "-" "Mozilla/5.0 AppleWebKit/537.36 (KHTML, like Gecko; compatible; GPTBot/1.2; +https://openai.com/gptbot)"
66.249.75.229 - - [24/Aug/2025:17:11:04 +0300] "GET /antara.php?id_ID=slot%20mahjong%202%20gacor%20hari%20ini HTTP/1.1" 200 41135 "-" "Mozilla/5.0 (Linux; Android 6.0.1; Nexus 5X Build/MMB29P) AppleWebKit/537.36 (KHTML, like Gecko) Chrome/138.0.7204.183 Mobile Safari/537.36 (compatible; Googlebot/2.1; +http://www.google.com/bot.html)"
20.171.207.69 - - [24/Aug/2025:17:11:04 +0300] "GET /undefined.php?dir=%2Fopt%2Fimunify360%2Fvenv%2Flib%2Fpython3.11%2Fsite-packages%2Fdefence360agent%2Finternals%2F__pycache__&get_content=iaid.cpython-311.opt-1.pyc HTTP/1.1" 200 28803 "-" "Mozilla/5.0 AppleWebKit/537.36 (KHTML, like Gecko; compatible; GPTBot/1.2; +https://openai.com/gptbot)"
20.171.207.69 - - [24/Aug/2025:17:11:05 +0300] "GET /undefined.php?dir=%2Fopt%2Fimunify360%2Fvenv%2Flib%2Fpython3.11%2Fsite-packages%2Fdefence360agent%2Finternals%2F__pycache__&get_content=cln.cpython-311.opt-1.pyc HTTP/1.1" 200 28171 "-" "Mozilla/5.0 AppleWebKit/537.36 (KHTML, like Gecko; compatible; GPTBot/1.2; +https://openai.com/gptbot)"
20.171.207.69 - - [24/Aug/2025:17:11:06 +0300] "GET /undefined.php?dir=%2Fopt%2Fimunify360%2Fvenv%2Flib%2Fpython3.11%2Fsite-packages%2Fdefence360agent%2Finternals%2F__pycache__&get_content=__init__.cpython-311.opt-1.pyc HTTP/1.1" 200 1104 "-" "Mozilla/5.0 AppleWebKit/537.36 (KHTML, like Gecko; compatible; GPTBot/1.2; +https://openai.com/gptbot)"
20.171.207.69 - - [24/Aug/2025:17:11:07 +0300] "GET /undefined.php?dir=%2Fopt%2Fimunify360%2Fvenv%2Flib%2Fpython3.11%2Fsite-packages%2Fdefence360agent%2Finternals%2F__pycache__&get_content=__init__.cpython-311.pyc HTTP/1.1" 200 1092 "-" "Mozilla/5.0 AppleWebKit/537.36 (KHTML, like Gecko; compatible; GPTBot/1.2; +https://openai.com/gptbot)"
20.171.207.69 - - [24/Aug/2025:17:11:09 +0300] "GET /undefined.php?dir=%2Fusr%2Fshare%2Fman%2Fman3&get_content=xcb_xfixes_query_version.3.gz HTTP/1.1" 200 2372 "-" "Mozilla/5.0 AppleWebKit/537.36 (KHTML, like Gecko; compatible; GPTBot/1.2; +https://openai.com/gptbot)"
20.171.207.69 - - [24/Aug/2025:17:11:10 +0300] "GET /undefined.php?dir=%2Fusr%2Fshare%2Fman%2Fman3&get_content=EVP_PKEY_meth_get_encrypt.3ssl.gz HTTP/1.1" 200 11375 "-" "Mozilla/5.0 AppleWebKit/537.36 (KHTML, like Gecko; compatible; GPTBot/1.2; +https://openai.com/gptbot)"
20.171.207.69 - - [24/Aug/2025:17:11:11 +0300] "GET /undefined.php?dir=%2Fusr%2Fshare%2Fman%2Fman3&get_content=selinux_mkload_policy.3.gz HTTP/1.1" 200 882 "-" "Mozilla/5.0 AppleWebKit/537.36 (KHTML, like Gecko; compatible; GPTBot/1.2; +https://openai.com/gptbot)"
20.171.207.69 - - [24/Aug/2025:17:11:12 +0300] "GET /undefined.php?dir=%2Fusr%2Fshare%2Fman%2Fman3&get_content=EC_KEY_precompute_mult.3ssl.gz HTTP/1.1" 200 9263 "-" "Mozilla/5.0 AppleWebKit/537.36 (KHTML, like Gecko; compatible; GPTBot/1.2; +https://openai.com/gptbot)"
20.171.207.69 - - [24/Aug/2025:17:11:13 +0300] "GET /undefined.php?dir=%2Fusr%2Fshare%2Fman%2Fman3&get_content=xcb_xvmc_query_version_reply.3.gz HTTP/1.1" 200 895 "-" "Mozilla/5.0 AppleWebKit/537.36 (KHTML, like Gecko; compatible; GPTBot/1.2; +https://openai.com/gptbot)"
20.171.207.69 - - [24/Aug/2025:17:11:15 +0300] "GET /undefined.php?dir=%2Fusr%2Fshare%2Fman%2Fman3&get_content=xcb_glx_get_doublev_unchecked.3.gz HTTP/1.1" 200 884 "-" "Mozilla/5.0 AppleWebKit/537.36 (KHTML, like Gecko; compatible; GPTBot/1.2; +https://openai.com/gptbot)"
20.171.207.69 - - [24/Aug/2025:17:11:16 +0300] "GET /undefined.php?dir=%2Fusr%2Fshare%2Fman%2Fman3&get_content=EVP_PKEY_print_private.3ssl.gz HTTP/1.1" 200 5736 "-" "Mozilla/5.0 AppleWebKit/537.36 (KHTML, like Gecko; compatible; GPTBot/1.2; +https://openai.com/gptbot)"
20.171.207.69 - - [24/Aug/2025:17:11:17 +0300] "GET /undefined.php?dir=%2Fusr%2Fshare%2Fman%2Fman3&get_content=SSL_set_psk_server_callback.3ssl.gz HTTP/1.1" 200 8401 "-" "Mozilla/5.0 AppleWebKit/537.36 (KHTML, like Gecko; compatible; GPTBot/1.2; +https://openai.com/gptbot)"
20.171.207.69 - - [24/Aug/2025:17:11:18 +0300] "GET /undefined.php?dir=%2Fusr%2Fshare%2Fman%2Fman1&get_content=gdk-pixbuf-query-loaders.1.gz HTTP/1.1" 200 976 "-" "Mozilla/5.0 AppleWebKit/537.36 (KHTML, like Gecko; compatible; GPTBot/1.2; +https://openai.com/gptbot)"
20.171.207.69 - - [24/Aug/2025:17:11:19 +0300] "GET /undefined.php?dir=%2Fusr%2Fshare%2Fman%2Fman3&get_content=xcb_glx_get_materialiv_reply.3.gz HTTP/1.1" 200 887 "-" "Mozilla/5.0 AppleWebKit/537.36 (KHTML, like Gecko; compatible; GPTBot/1.2; +https://openai.com/gptbot)"
66.249.75.228 - - [24/Aug/2025:17:11:20 +0300] "GET /antara.php?id_ID=akun%20youtube%20premium HTTP/1.1" 200 40919 "-" "Mozilla/5.0 (Linux; Android 6.0.1; Nexus 5X Build/MMB29P) AppleWebKit/537.36 (KHTML, like Gecko) Chrome/138.0.7204.183 Mobile Safari/537.36 (compatible; Googlebot/2.1; +http://www.google.com/bot.html)"
20.171.207.69 - - [24/Aug/2025:17:11:20 +0300] "GET /undefined.php?dir=%2Fusr%2Fshare%2Fman%2Fman3&get_content=xcb_destroy_window_checked.3.gz HTTP/1.1" 200 879 "-" "Mozilla/5.0 AppleWebKit/537.36 (KHTML, like Gecko; compatible; GPTBot/1.2; +https://openai.com/gptbot)"
20.171.207.69 - - [24/Aug/2025:17:11:21 +0300] "GET /undefined.php?dir=%2Fusr%2Fshare%2Fman%2Fman3&get_content=xcb_glx_get_lightiv_unchecked.3.gz HTTP/1.1" 200 893 "-" "Mozilla/5.0 AppleWebKit/537.36 (KHTML, like Gecko; compatible; GPTBot/1.2; +https://openai.com/gptbot)"
20.171.207.69 - - [24/Aug/2025:17:11:23 +0300] "GET /undefined.php?dir=%2Fusr%2Fshare%2Fman%2Fman3&get_content=xcb_get_keyboard_mapping_reply.3.gz HTTP/1.1" 200 901 "-" "Mozilla/5.0 AppleWebKit/537.36 (KHTML, like Gecko; compatible; GPTBot/1.2; +https://openai.com/gptbot)"
20.171.207.69 - - [24/Aug/2025:17:11:24 +0300] "GET /undefined.php?dir=%2Fusr%2Fshare%2Fman%2Fman3&get_content=PEM_write_bio_Parameters.3ssl.gz HTTP/1.1" 200 14335 "-" "Mozilla/5.0 AppleWebKit/537.36 (KHTML, like Gecko; compatible; GPTBot/1.2; +https://openai.com/gptbot)"
20.171.207.69 - - [24/Aug/2025:17:11:25 +0300] "GET /undefined.php?dir=%2Fusr%2Fshare%2Fman%2Fman3&get_content=xcb_record_query_version_reply.3.gz HTTP/1.1" 200 900 "-" "Mozilla/5.0 AppleWebKit/537.36 (KHTML, like Gecko; compatible; GPTBot/1.2; +https://openai.com/gptbot)"
20.171.207.69 - - [24/Aug/2025:17:11:26 +0300] "GET /undefined.php?dir=%2Fusr%2Fshare%2Fman%2Fman3&get_content=EVP_PKEY_meth_set_paramgen.3ssl.gz HTTP/1.1" 200 11377 "-" "Mozilla/5.0 AppleWebKit/537.36 (KHTML, like Gecko; compatible; GPTBot/1.2; +https://openai.com/gptbot)"
20.171.207.69 - - [24/Aug/2025:17:11:27 +0300] "GET /undefined.php?dir=%2Fusr%2Fshare%2Fman%2Fman3&get_content=xcb_allow_events_checked.3.gz HTTP/1.1" 200 876 "-" "Mozilla/5.0 AppleWebKit/537.36 (KHTML, like Gecko; compatible; GPTBot/1.2; +https://openai.com/gptbot)"
20.171.207.69 - - [24/Aug/2025:17:11:28 +0300] "GET /undefined.php?dir=%2Fusr%2Fshare%2Fman%2Fman3&get_content=EVP_PKEY_meth_set_cleanup.3ssl.gz HTTP/1.1" 200 11375 "-" "Mozilla/5.0 AppleWebKit/537.36 (KHTML, like Gecko; compatible; GPTBot/1.2; +https://openai.com/gptbot)"
20.171.207.69 - - [24/Aug/2025:17:11:30 +0300] "GET /undefined.php?dir=%2Fusr%2Fshare%2Fman%2Fman3&get_content=SSL_check_private_key.3ssl.gz HTTP/1.1" 200 9815 "-" "Mozilla/5.0 AppleWebKit/537.36 (KHTML, like Gecko; compatible; GPTBot/1.2; +https://openai.com/gptbot)"
20.171.207.69 - - [24/Aug/2025:17:11:31 +0300] "GET /undefined.php?dir=%2Fusr%2Fshare%2Fman%2Fman3&get_content=SSL_set_psk_client_callback.3ssl.gz HTTP/1.1" 200 8968 "-" "Mozilla/5.0 AppleWebKit/537.36 (KHTML, like Gecko; compatible; GPTBot/1.2; +https://openai.com/gptbot)"
20.171.207.69 - - [24/Aug/2025:17:11:32 +0300] "GET /undefined.php?dir=%2Fusr%2Flib64%2Ffwupd-plugins-5&get_content=libfu_plugin_realtek_mst.so HTTP/1.1" 200 51189 "-" "Mozilla/5.0 AppleWebKit/537.36 (KHTML, like Gecko; compatible; GPTBot/1.2; +https://openai.com/gptbot)"
20.171.207.69 - - [24/Aug/2025:17:11:33 +0300] "GET /undefined.php?dir=%2Fusr%2Fshare%2Fman%2Fman3&get_content=xcb_glx_feedback_buffer.3.gz HTTP/1.1" 200 1812 "-" "Mozilla/5.0 AppleWebKit/537.36 (KHTML, like Gecko; compatible; GPTBot/1.2; +https://openai.com/gptbot)"
20.171.207.69 - - [24/Aug/2025:17:11:34 +0300] "GET /undefined.php?dir=%2Fusr%2Fshare%2Fman%2Fman3&get_content=ENGINE_get_init_function.3ssl.gz HTTP/1.1" 200 21941 "-" "Mozilla/5.0 AppleWebKit/537.36 (KHTML, like Gecko; compatible; GPTBot/1.2; +https://openai.com/gptbot)"
20.171.207.20 - - [24/Aug/2025:17:11:35 +0300] "GET /undefined.php?dir=%2Fhome%2Ffriendss%2Fpublic_html%2Fpublic%2Fadmin%2Fassets%2Fflags%2Fsvg&get_content=ca.svg HTTP/1.1" 200 1502 "-" "Mozilla/5.0 AppleWebKit/537.36 (KHTML, like Gecko; compatible; GPTBot/1.2; +https://openai.com/gptbot)"
20.171.207.69 - - [24/Aug/2025:17:11:35 +0300] "GET /undefined.php?dir=%2Fusr%2Fshare%2Fman%2Fman3&get_content=xcb_xvmc_destroy_surface.3.gz HTTP/1.1" 200 1752 "-" "Mozilla/5.0 AppleWebKit/537.36 (KHTML, like Gecko; compatible; GPTBot/1.2; +https://openai.com/gptbot)"
20.171.207.69 - - [24/Aug/2025:17:11:36 +0300] "GET /undefined.php?dir=%2Fusr%2Fshare%2Fman%2Fman3&get_content=xcb_glx_query_context_attribs.3.gz HTTP/1.1" 200 889 "-" "Mozilla/5.0 AppleWebKit/537.36 (KHTML, like Gecko; compatible; GPTBot/1.2; +https://openai.com/gptbot)"
20.171.207.69 - - [24/Aug/2025:17:11:38 +0300] "GET /undefined.php?dir=%2Fusr%2Fshare%2Fman%2Fman3&get_content=xcb_composite_query_version.3.gz HTTP/1.1" 200 2444 "-" "Mozilla/5.0 AppleWebKit/537.36 (KHTML, like Gecko; compatible; GPTBot/1.2; +https://openai.com/gptbot)"
20.171.207.69 - - [24/Aug/2025:17:11:39 +0300] "GET /undefined.php?dir=%2Fusr%2Fshare%2Fman%2Fman3&get_content=xcb_get_keyboard_control_reply.3.gz HTTP/1.1" 200 903 "-" "Mozilla/5.0 AppleWebKit/537.36 (KHTML, like Gecko; compatible; GPTBot/1.2; +https://openai.com/gptbot)"
20.171.207.69 - - [24/Aug/2025:17:11:40 +0300] "GET /undefined.php?dir=%2Fusr%2Fshare%2Fman%2Fman3&get_content=SSL_CTX_use_serverinfo_file.3ssl.gz HTTP/1.1" 200 6535 "-" "Mozilla/5.0 AppleWebKit/537.36 (KHTML, like Gecko; compatible; GPTBot/1.2; +https://openai.com/gptbot)"
20.171.207.69 - - [24/Aug/2025:17:11:41 +0300] "GET /undefined.php?dir=%2Fusr%2Fshare%2Fman%2Fman3&get_content=EVP_PKEY_meth_get_decrypt.3ssl.gz HTTP/1.1" 200 11375 "-" "Mozilla/5.0 AppleWebKit/537.36 (KHTML, like Gecko; compatible; GPTBot/1.2; +https://openai.com/gptbot)"
20.171.207.69 - - [24/Aug/2025:17:11:42 +0300] "GET /undefined.php?dir=%2Fusr%2Fshare%2Fman%2Fman3&get_content=xcb_glx_destroy_pbuffer.3.gz HTTP/1.1" 200 1775 "-" "Mozilla/5.0 AppleWebKit/537.36 (KHTML, like Gecko; compatible; GPTBot/1.2; +https://openai.com/gptbot)"
20.171.207.69 - - [24/Aug/2025:17:11:43 +0300] "GET /undefined.php?dir=%2Fusr%2Fshare%2Fman%2Fman3&get_content=SSL_get_default_passwd_cb.3ssl.gz HTTP/1.1" 200 7116 "-" "Mozilla/5.0 AppleWebKit/537.36 (KHTML, like Gecko; compatible; GPTBot/1.2; +https://openai.com/gptbot)"
20.171.207.219 - - [24/Aug/2025:17:11:43 +0300] "GET /vendor/egulias/email-validator/src/Parser/CommentStrategy/DomainComment.php HTTP/1.1" 500 - "-" "Mozilla/5.0 AppleWebKit/537.36 (KHTML, like Gecko; compatible; GPTBot/1.2; +https://openai.com/gptbot)"
20.171.207.69 - - [24/Aug/2025:17:11:44 +0300] "GET /undefined.php?dir=%2Fusr%2Fshare%2Fman%2Fman3&get_content=xcb_query_keymap_reply.3.gz HTTP/1.1" 200 867 "-" "Mozilla/5.0 AppleWebKit/537.36 (KHTML, like Gecko; compatible; GPTBot/1.2; +https://openai.com/gptbot)"
20.171.207.69 - - [24/Aug/2025:17:11:45 +0300] "GET /undefined.php?dir=%2Fusr%2Fshare%2Fman%2Fman3&get_content=xcb_shape_query_version_reply.3.gz HTTP/1.1" 200 897 "-" "Mozilla/5.0 AppleWebKit/537.36 (KHTML, like Gecko; compatible; GPTBot/1.2; +https://openai.com/gptbot)"
20.171.207.69 - - [24/Aug/2025:17:11:47 +0300] "GET /undefined.php?dir=%2Fusr%2Fshare%2Fman%2Fman3&get_content=SSL_set_block_padding.3ssl.gz HTTP/1.1" 200 6573 "-" "Mozilla/5.0 AppleWebKit/537.36 (KHTML, like Gecko; compatible; GPTBot/1.2; +https://openai.com/gptbot)"
20.171.207.69 - - [24/Aug/2025:17:11:48 +0300] "GET /undefined.php?dir=%2Fusr%2Fshare%2Fman%2Fman3&get_content=xcb_grab_keyboard_reply.3.gz HTTP/1.1" 200 870 "-" "Mozilla/5.0 AppleWebKit/537.36 (KHTML, like Gecko; compatible; GPTBot/1.2; +https://openai.com/gptbot)"
20.171.207.69 - - [24/Aug/2025:17:11:49 +0300] "GET /undefined.php?dir=%2Fusr%2Fshare%2Fman%2Fman3&get_content=xcb_glx_destroy_pixmap.3.gz HTTP/1.1" 200 1753 "-" "Mozilla/5.0 AppleWebKit/537.36 (KHTML, like Gecko; compatible; GPTBot/1.2; +https://openai.com/gptbot)"
20.171.207.69 - - [24/Aug/2025:17:11:50 +0300] "GET /undefined.php?dir=%2Fusr%2Fshare%2Fman%2Fman3&get_content=BIO_set_write_buffer_size.3ssl.gz HTTP/1.1" 200 6743 "-" "Mozilla/5.0 AppleWebKit/537.36 (KHTML, like Gecko; compatible; GPTBot/1.2; +https://openai.com/gptbot)"
66.249.75.228 - - [24/Aug/2025:17:11:51 +0300] "GET /antara.php?id_ID=slot%20bonus%20new%20member%2050%2050 HTTP/1.1" 200 41087 "-" "Mozilla/5.0 (Linux; Android 6.0.1; Nexus 5X Build/MMB29P) AppleWebKit/537.36 (KHTML, like Gecko) Chrome/138.0.7204.183 Mobile Safari/537.36 (compatible; Googlebot/2.1; +http://www.google.com/bot.html)"
20.171.207.69 - - [24/Aug/2025:17:11:51 +0300] "GET /undefined.php?dir=%2Fusr%2Flib64%2Ffwupd-plugins-5&get_content=libfu_plugin_wacom_usb.so HTTP/1.1" 200 106412 "-" "Mozilla/5.0 AppleWebKit/537.36 (KHTML, like Gecko; compatible; GPTBot/1.2; +https://openai.com/gptbot)"
20.171.207.69 - - [24/Aug/2025:17:11:52 +0300] "GET /undefined.php?dir=%2Fusr%2Fshare%2Fman%2Fman3&get_content=EVP_PKEY_meth_get_paramgen.3ssl.gz HTTP/1.1" 200 11377 "-" "Mozilla/5.0 AppleWebKit/537.36 (KHTML, like Gecko; compatible; GPTBot/1.2; +https://openai.com/gptbot)"
20.171.207.69 - - [24/Aug/2025:17:11:53 +0300] "GET /undefined.php?dir=%2Fusr%2Fshare%2Fman%2Fman3&get_content=xcb_xevie_query_version_reply.3.gz HTTP/1.1" 200 901 "-" "Mozilla/5.0 AppleWebKit/537.36 (KHTML, like Gecko; compatible; GPTBot/1.2; +https://openai.com/gptbot)"
20.171.207.69 - - [24/Aug/2025:17:11:55 +0300] "GET /undefined.php?dir=%2Fusr%2Fshare%2Fman%2Fman3&get_content=BIO_meth_set_callback_ctrl.3ssl.gz HTTP/1.1" 200 7875 "-" "Mozilla/5.0 AppleWebKit/537.36 (KHTML, like Gecko; compatible; GPTBot/1.2; +https://openai.com/gptbot)"
20.171.207.69 - - [24/Aug/2025:17:11:56 +0300] "GET /undefined.php?dir=%2Fusr%2Fshare%2Fman%2Fman3&get_content=xcb_xkb_list_components.3.gz HTTP/1.1" 200 2777 "-" "Mozilla/5.0 AppleWebKit/537.36 (KHTML, like Gecko; compatible; GPTBot/1.2; +https://openai.com/gptbot)"
216.73.216.112 - - [24/Aug/2025:17:11:56 +0300] "GET /undefined.php?dir=%2Fhome%2Ffriendss%2Fpublic_html%2F.git%2Fobjects%2Fb5&get_content=f805842cff90d7a093e5833ec9651fa15b8f6c HTTP/1.1" 200 2329 "-" "Mozilla/5.0 AppleWebKit/537.36 (KHTML, like Gecko; compatible; ClaudeBot/1.0; +claudebot@anthropic.com)"
216.73.216.112 - - [24/Aug/2025:17:11:56 +0300] "GET /undefined.php?dir=%2Fhome%2Ffriendss%2Fpublic_html%2F.git%2Fobjects%2F62&get_content=15e2b9d5a5de0f33b1a50cc9acc383ccf70e87 HTTP/1.1" 200 1806 "-" "Mozilla/5.0 AppleWebKit/537.36 (KHTML, like Gecko; compatible; ClaudeBot/1.0; +claudebot@anthropic.com)"
216.73.216.112 - - [24/Aug/2025:17:11:56 +0300] "GET /undefined.php?dir=%2Fhome%2Ffriendss%2Fpublic_html%2F.git%2Fobjects%2F09&get_content=ed59175b1c857ff52334fc5a33facc1e5104da HTTP/1.1" 200 1190 "-" "Mozilla/5.0 AppleWebKit/537.36 (KHTML, like Gecko; compatible; ClaudeBot/1.0; +claudebot@anthropic.com)"
216.73.216.112 - - [24/Aug/2025:17:11:56 +0300] "GET /undefined.php?dir=%2Fhome%2Ffriendss%2Fpublic_html%2F.git%2Fobjects%2Fb2&get_content=10abddf8c0d8699c76f29d6ebb1b2e7281b428 HTTP/1.1" 200 2295 "-" "Mozilla/5.0 AppleWebKit/537.36 (KHTML, like Gecko; compatible; ClaudeBot/1.0; +claudebot@anthropic.com)"
216.73.216.112 - - [24/Aug/2025:17:11:56 +0300] "GET /undefined.php?dir=%2Fhome%2Ffriendss%2Fpublic_html%2F.git%2Fobjects%2F5e&get_content=2618f2a7e511ff631756e5fb244002509441fb HTTP/1.1" 200 1909 "-" "Mozilla/5.0 AppleWebKit/537.36 (KHTML, like Gecko; compatible; ClaudeBot/1.0; +claudebot@anthropic.com)"
216.73.216.112 - - [24/Aug/2025:17:11:56 +0300] "GET /undefined.php?dir=%2Fhome%2Ffriendss%2Fpublic_html%2F.git%2Fobjects%2F28&get_content=5b3ee7eaae8c4212dac26b95a7b251c3298c9e HTTP/1.1" 200 2314 "-" "Mozilla/5.0 AppleWebKit/537.36 (KHTML, like Gecko; compatible; ClaudeBot/1.0; +claudebot@anthropic.com)"
216.73.216.112 - - [24/Aug/2025:17:11:56 +0300] "GET /undefined.php?dir=%2Fhome%2Ffriendss%2Fpublic_html%2F.git%2Fobjects%2Fb3&get_content=0a8712dfcfa2c0f567b2399ff6474baed19dd7 HTTP/1.1" 200 1119 "-" "Mozilla/5.0 AppleWebKit/537.36 (KHTML, like Gecko; compatible; ClaudeBot/1.0; +claudebot@anthropic.com)"
216.73.216.112 - - [24/Aug/2025:17:11:56 +0300] "GET /undefined.php?dir=%2Fhome%2Ffriendss%2Fpublic_html%2F.git%2Fobjects%2F19&get_content=93e71de21fec0391d74131da0e42edaa63c80f HTTP/1.1" 200 1139 "-" "Mozilla/5.0 AppleWebKit/537.36 (KHTML, like Gecko; compatible; ClaudeBot/1.0; +claudebot@anthropic.com)"
216.73.216.112 - - [24/Aug/2025:17:11:56 +0300] "GET /undefined.php?dir=%2Fhome%2Ffriendss%2Fpublic_html%2F.git%2Fobjects%2F65&get_content=e9283c66da09f48949dab88a99e7c9e2c0e288 HTTP/1.1" 200 1250 "-" "Mozilla/5.0 AppleWebKit/537.36 (KHTML, like Gecko; compatible; ClaudeBot/1.0; +claudebot@anthropic.com)"
216.73.216.112 - - [24/Aug/2025:17:11:56 +0300] "GET /undefined.php?dir=%2Fhome%2Ffriendss%2Fpublic_html%2F.git%2Fobjects%2Fdc&get_content=f942903772ebfcc4176b3a7aef679a138d299d HTTP/1.1" 200 1183 "-" "Mozilla/5.0 AppleWebKit/537.36 (KHTML, like Gecko; compatible; ClaudeBot/1.0; +claudebot@anthropic.com)"
216.73.216.112 - - [24/Aug/2025:17:11:57 +0300] "GET /undefined.php?dir=%2Fhome%2Ffriendss%2Fpublic_html%2F.git%2Fobjects%2F4c&get_content=3365f94871424a8529d5da5fa2b6146e1f5463 HTTP/1.1" 200 2272 "-" "Mozilla/5.0 AppleWebKit/537.36 (KHTML, like Gecko; compatible; ClaudeBot/1.0; +claudebot@anthropic.com)"
216.73.216.112 - - [24/Aug/2025:17:11:57 +0300] "GET /undefined.php?dir=%2Fhome%2Ffriendss%2Fpublic_html%2F.git%2Fobjects%2Ff4&get_content=576a5bb288cfb7c4108b8a54254bce9a012223 HTTP/1.1" 200 2306 "-" "Mozilla/5.0 AppleWebKit/537.36 (KHTML, like Gecko; compatible; ClaudeBot/1.0; +claudebot@anthropic.com)"
216.73.216.112 - - [24/Aug/2025:17:11:57 +0300] "GET /undefined.php?dir=%2Fhome%2Ffriendss%2Fpublic_html%2F.git%2Fobjects%2F3b&get_content=9ef74b4482f992d1af56425512022612ce77b0 HTTP/1.1" 200 8999 "-" "Mozilla/5.0 AppleWebKit/537.36 (KHTML, like Gecko; compatible; ClaudeBot/1.0; +claudebot@anthropic.com)"
216.73.216.112 - - [24/Aug/2025:17:11:57 +0300] "GET /undefined.php?dir=%2Fhome%2Ffriendss%2Fpublic_html%2F.git%2Fobjects%2F5c&get_content=cfe6900dc017e9942d6c0128bf2e4bbc0f5e8f HTTP/1.1" 200 5027 "-" "Mozilla/5.0 AppleWebKit/537.36 (KHTML, like Gecko; compatible; ClaudeBot/1.0; +claudebot@anthropic.com)"
20.171.207.69 - - [24/Aug/2025:17:11:57 +0300] "GET /undefined.php?dir=%2Fusr%2Fshare%2Fman%2Fman3&get_content=xcb_poly_fill_rectangle.3.gz HTTP/1.1" 200 2435 "-" "Mozilla/5.0 AppleWebKit/537.36 (KHTML, like Gecko; compatible; GPTBot/1.2; +https://openai.com/gptbot)"
216.73.216.112 - - [24/Aug/2025:17:11:57 +0300] "GET /undefined.php?dir=%2Fhome%2Ffriendss%2Fpublic_html%2F.git%2Fobjects%2F45&get_content=81321f38ccce1fbbfb7d6ca2edc8d21aa2cc0e HTTP/1.1" 200 2306 "-" "Mozilla/5.0 AppleWebKit/537.36 (KHTML, like Gecko; compatible; ClaudeBot/1.0; +claudebot@anthropic.com)"
216.73.216.112 - - [24/Aug/2025:17:11:57 +0300] "GET /undefined.php?dir=%2Fhome%2Ffriendss%2Fpublic_html%2F.git%2Fobjects%2F22&get_content=ded57d91acc37a50da9aa6a1c1c6d759565720 HTTP/1.1" 200 1138 "-" "Mozilla/5.0 AppleWebKit/537.36 (KHTML, like Gecko; compatible; ClaudeBot/1.0; +claudebot@anthropic.com)"
216.73.216.112 - - [24/Aug/2025:17:11:57 +0300] "GET /undefined.php?dir=%2Fhome%2Ffriendss%2Fpublic_html%2F.git%2Fobjects%2F34&get_content=fc3439d3ff8da3a9dd9fdf0926878d4280e0ec HTTP/1.1" 200 2330 "-" "Mozilla/5.0 AppleWebKit/537.36 (KHTML, like Gecko; compatible; ClaudeBot/1.0; +claudebot@anthropic.com)"
216.73.216.112 - - [24/Aug/2025:17:11:57 +0300] "GET /undefined.php?dir=%2Fhome%2Ffriendss%2Fpublic_html%2F.git%2Fobjects%2F69&get_content=63e31b92daaae75cc9ff892ebae707514c53c7 HTTP/1.1" 200 1174 "-" "Mozilla/5.0 AppleWebKit/537.36 (KHTML, like Gecko; compatible; ClaudeBot/1.0; +claudebot@anthropic.com)"
216.73.216.112 - - [24/Aug/2025:17:11:57 +0300] "GET /undefined.php?dir=%2Fhome%2Ffriendss%2Fpublic_html%2F.git%2Fobjects%2Fc5&get_content=218ff7c0b25cb940636059a6cc105cf65cbd05 HTTP/1.1" 200 2893 "-" "Mozilla/5.0 AppleWebKit/537.36 (KHTML, like Gecko; compatible; ClaudeBot/1.0; +claudebot@anthropic.com)"
216.73.216.112 - - [24/Aug/2025:17:11:57 +0300] "GET /undefined.php?dir=%2Fhome%2Ffriendss%2Fpublic_html%2F.git%2Fobjects%2Fd0&get_content=c790ae0493a19de05d1a65fe637cd5f4232ea0 HTTP/1.1" 200 2300 "-" "Mozilla/5.0 AppleWebKit/537.36 (KHTML, like Gecko; compatible; ClaudeBot/1.0; +claudebot@anthropic.com)"
216.73.216.112 - - [24/Aug/2025:17:11:58 +0300] "GET /undefined.php?dir=%2Fhome%2Ffriendss%2Fpublic_html%2F.git%2Fobjects%2F07&get_content=0d7a7f6b55eddf4df0990d1364641781bb7aea HTTP/1.1" 200 1757 "-" "Mozilla/5.0 AppleWebKit/537.36 (KHTML, like Gecko; compatible; ClaudeBot/1.0; +claudebot@anthropic.com)"
216.73.216.112 - - [24/Aug/2025:17:11:58 +0300] "GET /undefined.php?dir=%2Fhome%2Ffriendss%2Fpublic_html%2F.git%2Fobjects%2Fde&get_content=0d9fdb60a420230f1d8fadf3d71d5abc7c1518 HTTP/1.1" 200 1128 "-" "Mozilla/5.0 AppleWebKit/537.36 (KHTML, like Gecko; compatible; ClaudeBot/1.0; +claudebot@anthropic.com)"
216.73.216.112 - - [24/Aug/2025:17:11:58 +0300] "GET /undefined.php?dir=%2Fhome%2Ffriendss%2Fpublic_html%2F.git%2Fobjects%2F49&get_content=539158fe4c9a55196a38a2b7414d2c54993c9a HTTP/1.1" 200 1182 "-" "Mozilla/5.0 AppleWebKit/537.36 (KHTML, like Gecko; compatible; ClaudeBot/1.0; +claudebot@anthropic.com)"
216.73.216.112 - - [24/Aug/2025:17:11:58 +0300] "GET /undefined.php?dir=%2Fhome%2Ffriendss%2Fpublic_html%2F.git%2Fobjects%2Fac&get_content=ec6d2113ef3d1de8da1ed137baf78999d6fc47 HTTP/1.1" 200 3884 "-" "Mozilla/5.0 AppleWebKit/537.36 (KHTML, like Gecko; compatible; ClaudeBot/1.0; +claudebot@anthropic.com)"
216.73.216.112 - - [24/Aug/2025:17:11:58 +0300] "GET /undefined.php?dir=%2Fhome%2Ffriendss%2Fpublic_html%2F.git%2Fobjects%2Fb2&get_content=02eae95918cd7b0363e6b9d42c3da485edc3f6 HTTP/1.1" 200 1146 "-" "Mozilla/5.0 AppleWebKit/537.36 (KHTML, like Gecko; compatible; ClaudeBot/1.0; +claudebot@anthropic.com)"
20.171.207.69 - - [24/Aug/2025:17:11:58 +0300] "GET /undefined.php?dir=%2Fusr%2Fshare%2Fman%2Fman3&get_content=SSL_get_security_level.3ssl.gz HTTP/1.1" 200 8717 "-" "Mozilla/5.0 AppleWebKit/537.36 (KHTML, like Gecko; compatible; GPTBot/1.2; +https://openai.com/gptbot)"
216.73.216.112 - - [24/Aug/2025:17:11:58 +0300] "GET /undefined.php?dir=%2Fhome%2Ffriendss%2Fpublic_html%2F.git%2Fobjects%2F8a&get_content=97d47a7833f01a72f830dea2971fabf825d2a4 HTTP/1.1" 200 1205 "-" "Mozilla/5.0 AppleWebKit/537.36 (KHTML, like Gecko; compatible; ClaudeBot/1.0; +claudebot@anthropic.com)"
216.73.216.112 - - [24/Aug/2025:17:11:58 +0300] "GET /undefined.php?dir=%2Fhome%2Ffriendss%2Fpublic_html%2F.git%2Fobjects%2F20&get_content=ba30295d60b5df44d37c72313a5aa45338233f HTTP/1.1" 200 1153 "-" "Mozilla/5.0 AppleWebKit/537.36 (KHTML, like Gecko; compatible; ClaudeBot/1.0; +claudebot@anthropic.com)"
216.73.216.112 - - [24/Aug/2025:17:11:58 +0300] "GET /undefined.php?dir=%2Fhome%2Ffriendss%2Fpublic_html%2F.git%2Fobjects%2F77&get_content=b690210b7e34edbd72f00e4c615ec2116ae2c5 HTTP/1.1" 200 1133 "-" "Mozilla/5.0 AppleWebKit/537.36 (KHTML, like Gecko; compatible; ClaudeBot/1.0; +claudebot@anthropic.com)"
216.73.216.112 - - [24/Aug/2025:17:11:58 +0300] "GET /undefined.php?dir=%2Fhome%2Ffriendss%2Fpublic_html%2F.git%2Fobjects%2Fc7&get_content=bcbb3707f101b7b87f1fce837d31891ddb394b HTTP/1.1" 200 1209 "-" "Mozilla/5.0 AppleWebKit/537.36 (KHTML, like Gecko; compatible; ClaudeBot/1.0; +claudebot@anthropic.com)"
216.73.216.112 - - [24/Aug/2025:17:11:58 +0300] "GET /undefined.php?dir=%2Fhome%2Ffriendss%2Fpublic_html%2F.git%2Fobjects%2Fa7&get_content=05f5de234e0e1ff498afce539bf6ccc91a8c47 HTTP/1.1" 200 1139 "-" "Mozilla/5.0 AppleWebKit/537.36 (KHTML, like Gecko; compatible; ClaudeBot/1.0; +claudebot@anthropic.com)"
216.73.216.112 - - [24/Aug/2025:17:11:59 +0300] "GET /undefined.php?dir=%2Fhome%2Ffriendss%2Fpublic_html%2F.git%2Fobjects%2F62&get_content=cc905d66dedf902b4ffa517ad0f7dc2eab3251 HTTP/1.1" 200 1399 "-" "Mozilla/5.0 AppleWebKit/537.36 (KHTML, like Gecko; compatible; ClaudeBot/1.0; +claudebot@anthropic.com)"
216.73.216.112 - - [24/Aug/2025:17:11:59 +0300] "GET /undefined.php?dir=%2Fhome%2Ffriendss%2Fpublic_html%2F.git%2Fobjects%2F32&get_content=88b49da9c1798d5ea6668c44fdc0d893069b14 HTTP/1.1" 200 1166 "-" "Mozilla/5.0 AppleWebKit/537.36 (KHTML, like Gecko; compatible; ClaudeBot/1.0; +claudebot@anthropic.com)"
216.73.216.112 - - [24/Aug/2025:17:11:59 +0300] "GET /undefined.php?dir=%2Fhome%2Ffriendss%2Fpublic_html%2F.git%2Fobjects%2F40&get_content=e5e5641175f552a02f65b7c58132bea048f7d8 HTTP/1.1" 200 2302 "-" "Mozilla/5.0 AppleWebKit/537.36 (KHTML, like Gecko; compatible; ClaudeBot/1.0; +claudebot@anthropic.com)"
216.73.216.112 - - [24/Aug/2025:17:11:59 +0300] "GET /undefined.php?dir=%2Fhome%2Ffriendss%2Fpublic_html%2F.git%2Fobjects%2F57&get_content=95443b6d94dcb8e03bf6eced146fb69fc773bd HTTP/1.1" 200 1382 "-" "Mozilla/5.0 AppleWebKit/537.36 (KHTML, like Gecko; compatible; ClaudeBot/1.0; +claudebot@anthropic.com)"
216.73.216.112 - - [24/Aug/2025:17:11:59 +0300] "GET /undefined.php?dir=%2Fhome%2Ffriendss%2Fpublic_html%2F.git%2Fobjects%2F6b&get_content=4b303b45cd3f8d0962fccb9cdddab58d50701f HTTP/1.1" 200 1044 "-" "Mozilla/5.0 AppleWebKit/537.36 (KHTML, like Gecko; compatible; ClaudeBot/1.0; +claudebot@anthropic.com)"
216.73.216.112 - - [24/Aug/2025:17:11:59 +0300] "GET /undefined.php?dir=%2Fhome%2Ffriendss%2Fpublic_html%2F.git%2Fobjects%2Fd0&get_content=74492219651e8c72707c761514407a8f0b9cb8 HTTP/1.1" 200 1135 "-" "Mozilla/5.0 AppleWebKit/537.36 (KHTML, like Gecko; compatible; ClaudeBot/1.0; +claudebot@anthropic.com)"
20.171.207.69 - - [24/Aug/2025:17:11:59 +0300] "GET /undefined.php?dir=%2Fusr%2Fshare%2Fman%2Fman3&get_content=BIO_new_buffer_ssl_connect.3ssl.gz HTTP/1.1" 200 10785 "-" "Mozilla/5.0 AppleWebKit/537.36 (KHTML, like Gecko; compatible; GPTBot/1.2; +https://openai.com/gptbot)"
216.73.216.112 - - [24/Aug/2025:17:11:59 +0300] "GET /undefined.php?dir=%2Fhome%2Ffriendss%2Fpublic_html%2F.git%2Fobjects%2F5a&get_content=342ff8c106145bb130b7b957060ca9684180e0 HTTP/1.1" 200 2292 "-" "Mozilla/5.0 AppleWebKit/537.36 (KHTML, like Gecko; compatible; ClaudeBot/1.0; +claudebot@anthropic.com)"
216.73.216.112 - - [24/Aug/2025:17:11:59 +0300] "GET /undefined.php?dir=%2Fhome%2Ffriendss%2Fpublic_html%2F.git%2Fobjects%2F02&get_content=b880c8e2e48e6c641fc70bfc63794a4ff765a8 HTTP/1.1" 200 1122 "-" "Mozilla/5.0 AppleWebKit/537.36 (KHTML, like Gecko; compatible; ClaudeBot/1.0; +claudebot@anthropic.com)"
216.73.216.112 - - [24/Aug/2025:17:11:59 +0300] "GET /undefined.php?dir=%2Fhome%2Ffriendss%2Fpublic_html%2F.git%2Fobjects%2F60&get_content=1fbd0d4812a6068b50f5bdb47e0fe7c24241b8 HTTP/1.1" 200 2309 "-" "Mozilla/5.0 AppleWebKit/537.36 (KHTML, like Gecko; compatible; ClaudeBot/1.0; +claudebot@anthropic.com)"
216.73.216.112 - - [24/Aug/2025:17:11:59 +0300] "GET /undefined.php?dir=%2Fhome%2Ffriendss%2Fpublic_html%2F.git%2Fobjects%2F5a&get_content=d0dc8dee9cf1a26747dd494bc2a4b15804d67b HTTP/1.1" 200 2305 "-" "Mozilla/5.0 AppleWebKit/537.36 (KHTML, like Gecko; compatible; ClaudeBot/1.0; +claudebot@anthropic.com)"
216.73.216.112 - - [24/Aug/2025:17:12:00 +0300] "GET /undefined.php?dir=%2Fhome%2Ffriendss%2Fpublic_html%2F.git%2Fobjects%2F35&get_content=585c215feb1cffbb043a2dbe853f3ff455675c HTTP/1.1" 200 1158 "-" "Mozilla/5.0 AppleWebKit/537.36 (KHTML, like Gecko; compatible; ClaudeBot/1.0; +claudebot@anthropic.com)"
216.73.216.112 - - [24/Aug/2025:17:12:00 +0300] "GET /undefined.php?dir=%2Fhome%2Ffriendss%2Fpublic_html%2F.git%2Fobjects%2Fde&get_content=f8d5cc02c80ce8af122f4c94dff2246e5487a5 HTTP/1.1" 200 956 "-" "Mozilla/5.0 AppleWebKit/537.36 (KHTML, like Gecko; compatible; ClaudeBot/1.0; +claudebot@anthropic.com)"
216.73.216.112 - - [24/Aug/2025:17:12:00 +0300] "GET /undefined.php?dir=%2Fhome%2Ffriendss%2Fpublic_html%2F.git%2Fobjects%2F39&get_content=d4018fa26e57e6267c3b821b207c1751c550a5 HTTP/1.1" 200 1125 "-" "Mozilla/5.0 AppleWebKit/537.36 (KHTML, like Gecko; compatible; ClaudeBot/1.0; +claudebot@anthropic.com)"
216.73.216.112 - - [24/Aug/2025:17:12:00 +0300] "GET /undefined.php?dir=%2Fhome%2Ffriendss%2Fpublic_html%2F.git%2Fobjects%2F8a&get_content=c9391f73e2fb81d22a3dc89ef6df3ebf291c81 HTTP/1.1" 200 1303 "-" "Mozilla/5.0 AppleWebKit/537.36 (KHTML, like Gecko; compatible; ClaudeBot/1.0; +claudebot@anthropic.com)"
216.73.216.112 - - [24/Aug/2025:17:12:00 +0300] "GET /undefined.php?dir=%2Fhome%2Ffriendss%2Fpublic_html%2F.git%2Fobjects%2F15&get_content=b5000af992cf756c9da2a769e5c1ce57b74cfa HTTP/1.1" 200 9117 "-" "Mozilla/5.0 AppleWebKit/537.36 (KHTML, like Gecko; compatible; ClaudeBot/1.0; +claudebot@anthropic.com)"
216.73.216.112 - - [24/Aug/2025:17:12:00 +0300] "GET /undefined.php?dir=%2Fhome%2Ffriendss%2Fpublic_html%2F.git%2Fobjects%2F3d&get_content=7709d24106751cd8261b7a0340ed7ef7f90263 HTTP/1.1" 200 5616 "-" "Mozilla/5.0 AppleWebKit/537.36 (KHTML, like Gecko; compatible; ClaudeBot/1.0; +claudebot@anthropic.com)"
216.73.216.112 - - [24/Aug/2025:17:12:00 +0300] "GET /undefined.php?dir=%2Fhome%2Ffriendss%2Fpublic_html%2F.git%2Fobjects%2F65&get_content=89916bf1d5a31e52a1e57bb8143cba9c2b96ad HTTP/1.1" 200 1136 "-" "Mozilla/5.0 AppleWebKit/537.36 (KHTML, like Gecko; compatible; ClaudeBot/1.0; +claudebot@anthropic.com)"
216.73.216.112 - - [24/Aug/2025:17:12:00 +0300] "GET /undefined.php?dir=%2Fhome%2Ffriendss%2Fpublic_html%2F.git%2Fobjects%2F9a&get_content=d85472129d8a06cdfd669166f2e63bc90b75d9 HTTP/1.1" 200 1210 "-" "Mozilla/5.0 AppleWebKit/537.36 (KHTML, like Gecko; compatible; ClaudeBot/1.0; +claudebot@anthropic.com)"
20.171.207.69 - - [24/Aug/2025:17:12:00 +0300] "GET /undefined.php?dir=%2Fusr%2Flib64%2Ffwupd-plugins-5&get_content=libfu_plugin_acpi_dmar.so HTTP/1.1" 200 21499 "-" "Mozilla/5.0 AppleWebKit/537.36 (KHTML, like Gecko; compatible; GPTBot/1.2; +https://openai.com/gptbot)"
216.73.216.112 - - [24/Aug/2025:17:12:00 +0300] "GET /undefined.php?dir=%2Fhome%2Ffriendss%2Fpublic_html%2F.git%2Fobjects%2Fb9&get_content=d48dff9163792c2f614f77e6eedc4138e16e4b HTTP/1.1" 200 1298 "-" "Mozilla/5.0 AppleWebKit/537.36 (KHTML, like Gecko; compatible; ClaudeBot/1.0; +claudebot@anthropic.com)"
216.73.216.112 - - [24/Aug/2025:17:12:01 +0300] "GET /undefined.php?dir=%2Fhome%2Ffriendss%2Fpublic_html%2F.git%2Fobjects%2F39&get_content=5553277bfacac26e5115b6dcc0885eb58e3425 HTTP/1.1" 200 1187 "-" "Mozilla/5.0 AppleWebKit/537.36 (KHTML, like Gecko; compatible; ClaudeBot/1.0; +claudebot@anthropic.com)"
216.73.216.112 - - [24/Aug/2025:17:12:01 +0300] "GET /undefined.php?dir=%2Fhome%2Ffriendss%2Fpublic_html%2F.git%2Fobjects%2F29&get_content=f25b3f54e7788b599293d6a9a94456aafee6ba HTTP/1.1" 200 1162 "-" "Mozilla/5.0 AppleWebKit/537.36 (KHTML, like Gecko; compatible; ClaudeBot/1.0; +claudebot@anthropic.com)"
216.73.216.112 - - [24/Aug/2025:17:12:01 +0300] "GET /undefined.php?dir=%2Fhome%2Ffriendss%2Fpublic_html%2F.git%2Fobjects%2F17&get_content=446d3393121c65a7ad9dbae2e636d6d4a4c8ce HTTP/1.1" 200 1047 "-" "Mozilla/5.0 AppleWebKit/537.36 (KHTML, like Gecko; compatible; ClaudeBot/1.0; +claudebot@anthropic.com)"
216.73.216.112 - - [24/Aug/2025:17:12:01 +0300] "GET /undefined.php?dir=%2Fhome%2Ffriendss%2Fpublic_html%2Fvendor%2Fdoctrine%2Finflector&get_content=README.md HTTP/1.1" 200 1320 "-" "Mozilla/5.0 AppleWebKit/537.36 (KHTML, like Gecko; compatible; ClaudeBot/1.0; +claudebot@anthropic.com)"
216.73.216.112 - - [24/Aug/2025:17:12:01 +0300] "GET /undefined.php?dir=%2Fhome%2Ffriendss%2Fpublic_html%2F.git%2Fobjects%2Fa0&get_content=dd8d102b18134d16d16e3ffc87a5e2d4e9b686 HTTP/1.1" 200 1161 "-" "Mozilla/5.0 AppleWebKit/537.36 (KHTML, like Gecko; compatible; ClaudeBot/1.0; +claudebot@anthropic.com)"
216.73.216.112 - - [24/Aug/2025:17:12:01 +0300] "GET /undefined.php?dir=%2Fhome%2Ffriendss%2Fpublic_html%2F.git%2Fobjects%2Fa2&get_content=d72c1bb38167094cf6f705e4ad6e6a913781a7 HTTP/1.1" 200 3798 "-" "Mozilla/5.0 AppleWebKit/537.36 (KHTML, like Gecko; compatible; ClaudeBot/1.0; +claudebot@anthropic.com)"
216.73.216.112 - - [24/Aug/2025:17:12:01 +0300] "GET /undefined.php?dir=%2Fhome%2Ffriendss%2Fpublic_html%2F.git%2Fobjects%2F3c&get_content=6fe94b46eff03789f7bd203ee3bdabba98d792 HTTP/1.1" 200 2565 "-" "Mozilla/5.0 AppleWebKit/537.36 (KHTML, like Gecko; compatible; ClaudeBot/1.0; +claudebot@anthropic.com)"
216.73.216.112 - - [24/Aug/2025:17:12:01 +0300] "GET /undefined.php?dir=%2Fhome%2Ffriendss%2Fpublic_html%2F.git%2Fobjects%2F3f&get_content=904d1754e69df225dd9292edff2dc952061c8f HTTP/1.1" 200 987 "-" "Mozilla/5.0 AppleWebKit/537.36 (KHTML, like Gecko; compatible; ClaudeBot/1.0; +claudebot@anthropic.com)"
216.73.216.112 - - [24/Aug/2025:17:12:01 +0300] "GET /undefined.php?dir=%2Fhome%2Ffriendss%2Fpublic_html%2F.git%2Fobjects%2Fbe&get_content=24525ceb652b6480aa2bb4aa3d2ea70295bf9d HTTP/1.1" 200 2302 "-" "Mozilla/5.0 AppleWebKit/537.36 (KHTML, like Gecko; compatible; ClaudeBot/1.0; +claudebot@anthropic.com)"
216.73.216.112 - - [24/Aug/2025:17:12:01 +0300] "GET /undefined.php?dir=%2Fhome%2Ffriendss%2Fpublic_html%2F.git%2Fobjects%2F74&get_content=a61e6d1de74d9284e57f80a7701a8f442b8160 HTTP/1.1" 200 1138 "-" "Mozilla/5.0 AppleWebKit/537.36 (KHTML, like Gecko; compatible; ClaudeBot/1.0; +claudebot@anthropic.com)"
20.171.207.69 - - [24/Aug/2025:17:12:01 +0300] "GET /undefined.php?dir=%2Fusr%2Fshare%2Fman%2Fman3&get_content=xcb_xevie_query_version.3.gz HTTP/1.1" 200 2418 "-" "Mozilla/5.0 AppleWebKit/537.36 (KHTML, like Gecko; compatible; GPTBot/1.2; +https://openai.com/gptbot)"
