20.171.207.20 - - [24/Aug/2025:17:08:57 +0300] "GET /vendor/intervention/image/src/Intervention/Image/Filters/FilterInterface.php HTTP/1.1" 200 - "-" "Mozilla/5.0 AppleWebKit/537.36 (KHTML, like Gecko; compatible; GPTBot/1.2; +https://openai.com/gptbot)"
20.171.207.69 - - [24/Aug/2025:17:08:57 +0300] "GET /undefined.php?dir=%2Fusr%2Flib64%2Fpython2.7&get_content=sunau.pyc HTTP/1.1" 200 19898 "-" "Mozilla/5.0 AppleWebKit/537.36 (KHTML, like Gecko; compatible; GPTBot/1.2; +https://openai.com/gptbot)"
66.249.76.70 - - [24/Aug/2025:17:08:57 +0300] "GET /antara.php?id_ID=slot%20deposit%20voucher HTTP/1.1" 200 40919 "-" "Mozilla/5.0 (Linux; Android 6.0.1; Nexus 5X Build/MMB29P) AppleWebKit/537.36 (KHTML, like Gecko) Chrome/138.0.7204.183 Mobile Safari/537.36 (compatible; Googlebot/2.1; +http://www.google.com/bot.html)"
20.171.207.69 - - [24/Aug/2025:17:08:58 +0300] "GET /undefined.php?dir=%2Fusr%2Flib64%2Fpython2.7&get_content=smtpd.pyo HTTP/1.1" 200 17493 "-" "Mozilla/5.0 AppleWebKit/537.36 (KHTML, like Gecko; compatible; GPTBot/1.2; +https://openai.com/gptbot)"
20.171.207.69 - - [24/Aug/2025:17:09:00 +0300] "GET /undefined.php?dir=%2Fusr%2Flib64%2Fpython3.6&get_content=timeit.py HTTP/1.1" 200 15408 "-" "Mozilla/5.0 AppleWebKit/537.36 (KHTML, like Gecko; compatible; GPTBot/1.2; +https://openai.com/gptbot)"
20.171.207.69 - - [24/Aug/2025:17:09:01 +0300] "GET /undefined.php?dir=%2Fusr%2Flib64%2Fpython3.6&get_content=socket.py HTTP/1.1" 200 30201 "-" "Mozilla/5.0 AppleWebKit/537.36 (KHTML, like Gecko; compatible; GPTBot/1.2; +https://openai.com/gptbot)"
20.171.207.69 - - [24/Aug/2025:17:09:02 +0300] "GET /undefined.php?dir=%2Fusr%2Flib64%2Fpython2.7&get_content=smtpd.py HTTP/1.1" 200 20965 "-" "Mozilla/5.0 AppleWebKit/537.36 (KHTML, like Gecko; compatible; GPTBot/1.2; +https://openai.com/gptbot)"
20.171.207.69 - - [24/Aug/2025:17:09:03 +0300] "GET /undefined.php?dir=%2Fusr%2Flib64%2Fpython3.6&get_content=codeop.py HTTP/1.1" 200 7209 "-" "Mozilla/5.0 AppleWebKit/537.36 (KHTML, like Gecko; compatible; GPTBot/1.2; +https://openai.com/gptbot)"
20.171.207.69 - - [24/Aug/2025:17:09:04 +0300] "GET /undefined.php?dir=%2Fusr%2Flib64%2Fpython3.6&get_content=ftplib.py HTTP/1.1" 200 40218 "-" "Mozilla/5.0 AppleWebKit/537.36 (KHTML, like Gecko; compatible; GPTBot/1.2; +https://openai.com/gptbot)"
20.171.207.69 - - [24/Aug/2025:17:09:05 +0300] "GET /undefined.php?dir=%2Fusr%2Flib64%2Fpython2.7&get_content=shelve.py HTTP/1.1" 200 9306 "-" "Mozilla/5.0 AppleWebKit/537.36 (KHTML, like Gecko; compatible; GPTBot/1.2; +https://openai.com/gptbot)"
20.171.207.69 - - [24/Aug/2025:17:09:07 +0300] "GET /undefined.php?dir=%2Fusr%2Flib64%2Fpython2.7&get_content=shlex.py HTTP/1.1" 200 12764 "-" "Mozilla/5.0 AppleWebKit/537.36 (KHTML, like Gecko; compatible; GPTBot/1.2; +https://openai.com/gptbot)"
20.171.207.69 - - [24/Aug/2025:17:09:08 +0300] "GET /undefined.php?dir=%2Fusr%2Flib64%2Fpython2.7&get_content=chunk.pyc HTTP/1.1" 200 6511 "-" "Mozilla/5.0 AppleWebKit/537.36 (KHTML, like Gecko; compatible; GPTBot/1.2; +https://openai.com/gptbot)"
20.171.207.69 - - [24/Aug/2025:17:09:09 +0300] "GET /undefined.php?dir=%2Fusr%2Flib64%2Fpython2.7&get_content=new.pyo HTTP/1.1" 200 1657 "-" "Mozilla/5.0 AppleWebKit/537.36 (KHTML, like Gecko; compatible; GPTBot/1.2; +https://openai.com/gptbot)"
20.171.207.69 - - [24/Aug/2025:17:09:10 +0300] "GET /undefined.php?dir=%2Fusr%2Flib64%2Fpython3.6&get_content=opcode.py HTTP/1.1" 200 8197 "-" "Mozilla/5.0 AppleWebKit/537.36 (KHTML, like Gecko; compatible; GPTBot/1.2; +https://openai.com/gptbot)"
20.171.207.69 - - [24/Aug/2025:17:09:11 +0300] "GET /undefined.php?dir=%2Fusr%2Flib64%2Fpython2.7&get_content=imghdr.py HTTP/1.1" 200 5077 "-" "Mozilla/5.0 AppleWebKit/537.36 (KHTML, like Gecko; compatible; GPTBot/1.2; +https://openai.com/gptbot)"
20.171.207.69 - - [24/Aug/2025:17:09:12 +0300] "GET /undefined.php?dir=%2Fusr%2Flib64%2Fpython2.7&get_content=gzip.pyo HTTP/1.1" 200 16922 "-" "Mozilla/5.0 AppleWebKit/537.36 (KHTML, like Gecko; compatible; GPTBot/1.2; +https://openai.com/gptbot)"
216.73.216.112 - - [24/Aug/2025:17:09:13 +0300] "GET /app/Http/Controllers/Admin/InterestOptionController.php HTTP/1.1" 500 - "-" "Mozilla/5.0 AppleWebKit/537.36 (KHTML, like Gecko; compatible; ClaudeBot/1.0; +claudebot@anthropic.com)"
216.73.216.112 - - [24/Aug/2025:17:09:13 +0300] "GET /undefined.php?dir=%2Fhome%2Ffriendss%2Fpublic_html%2FnodeServer%2Fnode_modules%2Flodash&get_content=_toSource.js HTTP/1.1" 200 1382 "-" "Mozilla/5.0 AppleWebKit/537.36 (KHTML, like Gecko; compatible; ClaudeBot/1.0; +claudebot@anthropic.com)"
216.73.216.112 - - [24/Aug/2025:17:09:13 +0300] "GET /undefined.php?dir=%2Fhome%2Ffriendss%2Fpublic_html%2Fvendor%2Fsymfony%2Fevent-dispatcher-contracts&get_content=Event.php HTTP/1.1" 200 2335 "-" "Mozilla/5.0 AppleWebKit/537.36 (KHTML, like Gecko; compatible; ClaudeBot/1.0; +claudebot@anthropic.com)"
216.73.216.112 - - [24/Aug/2025:17:09:13 +0300] "GET /undefined.php?dir=%2Fhome%2Ffriendss%2Fpublic_html%2FnodeServer%2Fnode_modules%2Flodash&get_content=_listCacheHas.js HTTP/1.1" 200 1230 "-" "Mozilla/5.0 AppleWebKit/537.36 (KHTML, like Gecko; compatible; ClaudeBot/1.0; +claudebot@anthropic.com)"
216.73.216.112 - - [24/Aug/2025:17:09:13 +0300] "GET /undefined.php?dir=%2Fhome%2Ffriendss%2Fpublic_html%2Fvendor%2Fsymfony%2Fhttp-foundation&get_content=UrlHelper.php HTTP/1.1" 200 4262 "-" "Mozilla/5.0 AppleWebKit/537.36 (KHTML, like Gecko; compatible; ClaudeBot/1.0; +claudebot@anthropic.com)"
216.73.216.112 - - [24/Aug/2025:17:09:13 +0300] "GET /undefined.php?dir=%2Fhome%2Ffriendss%2Fpublic_html%2FnodeServer%2Fnode_modules%2Flodash&get_content=_isPrototype.js HTTP/1.1" 200 1318 "-" "Mozilla/5.0 AppleWebKit/537.36 (KHTML, like Gecko; compatible; ClaudeBot/1.0; +claudebot@anthropic.com)"
216.73.216.112 - - [24/Aug/2025:17:09:13 +0300] "GET /undefined.php?dir=%2Fhome%2Ffriendss%2Fpublic_html%2FnodeServer%2Fnode_modules%2Fhttp-proxy-agent%2Fdist HTTP/1.1" 200 13200 "-" "Mozilla/5.0 AppleWebKit/537.36 (KHTML, like Gecko; compatible; ClaudeBot/1.0; +claudebot@anthropic.com)"
216.73.216.112 - - [24/Aug/2025:17:09:13 +0300] "GET /undefined.php?dir=%2Fhome%2Ffriendss%2Fpublic_html%2FnodeServer%2Fnode_modules%2Flodash&get_content=divide.js HTTP/1.1" 200 1304 "-" "Mozilla/5.0 AppleWebKit/537.36 (KHTML, like Gecko; compatible; ClaudeBot/1.0; +claudebot@anthropic.com)"
216.73.216.112 - - [24/Aug/2025:17:09:13 +0300] "GET /undefined.php?dir=%2Fhome%2Ffriendss%2Fpublic_html%2FnodeServer%2Fnode_modules%2Flodash&get_content=isPlainObject.js HTTP/1.1" 200 2580 "-" "Mozilla/5.0 AppleWebKit/537.36 (KHTML, like Gecko; compatible; ClaudeBot/1.0; +claudebot@anthropic.com)"
20.171.207.69 - - [24/Aug/2025:17:09:14 +0300] "GET /undefined.php?dir=%2Fusr%2Flib64%2Fpython2.7&get_content=ast.pyc HTTP/1.1" 200 14270 "-" "Mozilla/5.0 AppleWebKit/537.36 (KHTML, like Gecko; compatible; GPTBot/1.2; +https://openai.com/gptbot)"
20.171.207.69 - - [24/Aug/2025:17:09:15 +0300] "GET /undefined.php?dir=%2Fusr%2Flib64%2Fpython2.7&get_content=mimify.py HTTP/1.1" 200 17140 "-" "Mozilla/5.0 AppleWebKit/537.36 (KHTML, like Gecko; compatible; GPTBot/1.2; +https://openai.com/gptbot)"
20.171.207.69 - - [24/Aug/2025:17:09:16 +0300] "GET /undefined.php?dir=%2Fusr%2Flib64%2Fpython3.6&get_content=smtpd.py HTTP/1.1" 200 38747 "-" "Mozilla/5.0 AppleWebKit/537.36 (KHTML, like Gecko; compatible; GPTBot/1.2; +https://openai.com/gptbot)"
20.171.207.69 - - [24/Aug/2025:17:09:17 +0300] "GET /undefined.php?dir=%2Fusr%2Flib64%2Fpython2.7&get_content=trace.pyc HTTP/1.1" 200 24907 "-" "Mozilla/5.0 AppleWebKit/537.36 (KHTML, like Gecko; compatible; GPTBot/1.2; +https://openai.com/gptbot)"
20.171.207.69 - - [24/Aug/2025:17:09:18 +0300] "GET /undefined.php?dir=%2Fusr%2Flib64%2Fpython2.7&get_content=cgi.pyo HTTP/1.1" 200 36043 "-" "Mozilla/5.0 AppleWebKit/537.36 (KHTML, like Gecko; compatible; GPTBot/1.2; +https://openai.com/gptbot)"
20.171.207.69 - - [24/Aug/2025:17:09:19 +0300] "GET /undefined.php?dir=%2Fusr%2Flib64%2Fpython2.7&get_content=shlex.pyc HTTP/1.1" 200 8746 "-" "Mozilla/5.0 AppleWebKit/537.36 (KHTML, like Gecko; compatible; GPTBot/1.2; +https://openai.com/gptbot)"
20.171.207.69 - - [24/Aug/2025:17:09:21 +0300] "GET /undefined.php?dir=%2Fusr%2Flib64%2Fpython3.6&get_content=uuid.py HTTP/1.1" 200 27151 "-" "Mozilla/5.0 AppleWebKit/537.36 (KHTML, like Gecko; compatible; GPTBot/1.2; +https://openai.com/gptbot)"
20.171.207.69 - - [24/Aug/2025:17:09:22 +0300] "GET /undefined.php?dir=%2Fusr%2Flib64%2Fpython2.7&get_content=socket.py HTTP/1.1" 200 22433 "-" "Mozilla/5.0 AppleWebKit/537.36 (KHTML, like Gecko; compatible; GPTBot/1.2; +https://openai.com/gptbot)"
20.171.207.69 - - [24/Aug/2025:17:09:23 +0300] "GET /undefined.php?dir=%2Fusr%2Flib64%2Fpython3.6&get_content=site.py HTTP/1.1" 200 23771 "-" "Mozilla/5.0 AppleWebKit/537.36 (KHTML, like Gecko; compatible; GPTBot/1.2; +https://openai.com/gptbot)"
20.171.207.69 - - [24/Aug/2025:17:09:24 +0300] "GET /undefined.php?dir=%2Fusr%2Flib64%2Fpython2.7&get_content=bisect.py HTTP/1.1" 200 3590 "-" "Mozilla/5.0 AppleWebKit/537.36 (KHTML, like Gecko; compatible; GPTBot/1.2; +https://openai.com/gptbot)"
20.171.207.69 - - [24/Aug/2025:17:09:25 +0300] "GET /undefined.php?dir=%2Fusr%2Flib64%2Fpython2.7&get_content=random.py HTTP/1.1" 200 35083 "-" "Mozilla/5.0 AppleWebKit/537.36 (KHTML, like Gecko; compatible; GPTBot/1.2; +https://openai.com/gptbot)"
20.171.207.69 - - [24/Aug/2025:17:09:26 +0300] "GET /undefined.php?dir=%2Fusr%2Flib64%2Fpython2.7&get_content=copy.pyo HTTP/1.1" 200 13501 "-" "Mozilla/5.0 AppleWebKit/537.36 (KHTML, like Gecko; compatible; GPTBot/1.2; +https://openai.com/gptbot)"
20.171.207.69 - - [24/Aug/2025:17:09:28 +0300] "GET /undefined.php?dir=%2Fusr%2Flib64%2Fpython2.7&get_content=chunk.pyo HTTP/1.1" 200 6511 "-" "Mozilla/5.0 AppleWebKit/537.36 (KHTML, like Gecko; compatible; GPTBot/1.2; +https://openai.com/gptbot)"
20.171.207.69 - - [24/Aug/2025:17:09:29 +0300] "GET /undefined.php?dir=%2Fusr%2Flib64%2Fpython2.7&get_content=pydoc.pyc HTTP/1.1" 200 101704 "-" "Mozilla/5.0 AppleWebKit/537.36 (KHTML, like Gecko; compatible; GPTBot/1.2; +https://openai.com/gptbot)"
66.249.75.229 - - [24/Aug/2025:17:09:29 +0300] "GET /antara.php?id_ID=slot%20tergacor%202023 HTTP/1.1" 200 40871 "-" "Mozilla/5.0 (Linux; Android 6.0.1; Nexus 5X Build/MMB29P) AppleWebKit/537.36 (KHTML, like Gecko) Chrome/138.0.7204.183 Mobile Safari/537.36 (compatible; Googlebot/2.1; +http://www.google.com/bot.html)"
20.171.207.69 - - [24/Aug/2025:17:09:30 +0300] "GET /undefined.php?dir=%2Fusr%2Flib64%2Fpython2.7&get_content=glob.pyc HTTP/1.1" 200 3857 "-" "Mozilla/5.0 AppleWebKit/537.36 (KHTML, like Gecko; compatible; GPTBot/1.2; +https://openai.com/gptbot)"
20.171.207.69 - - [24/Aug/2025:17:09:31 +0300] "GET /undefined.php?dir=%2Fusr%2Flib64%2Fpython2.7&get_content=bdb.pyo HTTP/1.1" 200 20686 "-" "Mozilla/5.0 AppleWebKit/537.36 (KHTML, like Gecko; compatible; GPTBot/1.2; +https://openai.com/gptbot)"
20.171.207.69 - - [24/Aug/2025:17:09:32 +0300] "GET /undefined.php?dir=%2Fusr%2Flib64%2Fpython3.6&get_content=sndhdr.py HTTP/1.1" 200 8832 "-" "Mozilla/5.0 AppleWebKit/537.36 (KHTML, like Gecko; compatible; GPTBot/1.2; +https://openai.com/gptbot)"
20.171.207.69 - - [24/Aug/2025:17:09:33 +0300] "GET /undefined.php?dir=%2Fusr%2Flib64%2Fpython2.7&get_content=aifc.py HTTP/1.1" 200 37229 "-" "Mozilla/5.0 AppleWebKit/537.36 (KHTML, like Gecko; compatible; GPTBot/1.2; +https://openai.com/gptbot)"
20.171.207.69 - - [24/Aug/2025:17:09:35 +0300] "GET /undefined.php?dir=%2Fusr%2Flib64%2Fpython2.7&get_content=sched.py HTTP/1.1" 200 6141 "-" "Mozilla/5.0 AppleWebKit/537.36 (KHTML, like Gecko; compatible; GPTBot/1.2; +https://openai.com/gptbot)"
20.171.207.69 - - [24/Aug/2025:17:09:36 +0300] "GET /undefined.php?dir=%2Fusr%2Flib64%2Fpython3.6&get_content=glob.py HTTP/1.1" 200 6726 "-" "Mozilla/5.0 AppleWebKit/537.36 (KHTML, like Gecko; compatible; GPTBot/1.2; +https://openai.com/gptbot)"
20.171.207.219 - - [24/Aug/2025:17:09:36 +0300] "GET /vendor/laravel/framework/src/Illuminate/Queue/Console/ListenCommand.php HTTP/1.1" 500 - "-" "Mozilla/5.0 AppleWebKit/537.36 (KHTML, like Gecko; compatible; GPTBot/1.2; +https://openai.com/gptbot)"
20.171.207.69 - - [24/Aug/2025:17:09:37 +0300] "GET /undefined.php?dir=%2Fusr%2Flib64%2Fpython3.6&get_content=bisect.py HTTP/1.1" 200 3590 "-" "Mozilla/5.0 AppleWebKit/537.36 (KHTML, like Gecko; compatible; GPTBot/1.2; +https://openai.com/gptbot)"
216.73.216.112 - - [24/Aug/2025:17:09:38 +0300] "GET /undefined.php?dir=%2Fhome%2Ffriendss%2Fpublic_html%2FnodeServer%2Fnode_modules%2Flodash&get_content=_getTag.js HTTP/1.1" 200 2823 "-" "Mozilla/5.0 AppleWebKit/537.36 (KHTML, like Gecko; compatible; ClaudeBot/1.0; +claudebot@anthropic.com)"
20.171.207.69 - - [24/Aug/2025:17:09:38 +0300] "GET /undefined.php?dir=%2Fusr%2Flib64%2Fpython2.7&get_content=glob.pyo HTTP/1.1" 200 3857 "-" "Mozilla/5.0 AppleWebKit/537.36 (KHTML, like Gecko; compatible; GPTBot/1.2; +https://openai.com/gptbot)"
216.73.216.112 - - [24/Aug/2025:17:09:38 +0300] "GET /undefined.php?dir=%2Fhome%2Ffriendss%2Fpublic_html%2FnodeServer%2Fnode_modules%2Flodash&get_content=_WeakMap.js HTTP/1.1" 200 1041 "-" "Mozilla/5.0 AppleWebKit/537.36 (KHTML, like Gecko; compatible; ClaudeBot/1.0; +claudebot@anthropic.com)"
216.73.216.112 - - [24/Aug/2025:17:09:38 +0300] "GET /undefined.php?dir=%2Fhome%2Ffriendss%2Fpublic_html%2FnodeServer%2Fnode_modules%2Flodash&get_content=sortBy.js HTTP/1.1" 200 2756 "-" "Mozilla/5.0 AppleWebKit/537.36 (KHTML, like Gecko; compatible; ClaudeBot/1.0; +claudebot@anthropic.com)"
216.73.216.112 - - [24/Aug/2025:17:09:38 +0300] "GET /undefined.php?dir=%2Fhome%2Ffriendss%2Fpublic_html%2FnodeServer%2Fnode_modules%2Flodash&get_content=_createFind.js HTTP/1.1" 200 1696 "-" "Mozilla/5.0 AppleWebKit/537.36 (KHTML, like Gecko; compatible; ClaudeBot/1.0; +claudebot@anthropic.com)"
216.73.216.112 - - [24/Aug/2025:17:09:38 +0300] "GET /undefined.php?dir=%2Fhome%2Ffriendss%2Fpublic_html%2FnodeServer%2Fnode_modules%2Flodash&get_content=_baseZipObject.js HTTP/1.1" 200 1482 "-" "Mozilla/5.0 AppleWebKit/537.36 (KHTML, like Gecko; compatible; ClaudeBot/1.0; +claudebot@anthropic.com)"
216.73.216.112 - - [24/Aug/2025:17:09:38 +0300] "GET /undefined.php?dir=%2Fhome%2Ffriendss%2Fpublic_html%2Fvendor%2Fsymfony%2Fhttp-foundation&get_content=AcceptHeaderItem.php HTTP/1.1" 200 4240 "-" "Mozilla/5.0 AppleWebKit/537.36 (KHTML, like Gecko; compatible; ClaudeBot/1.0; +claudebot@anthropic.com)"
216.73.216.112 - - [24/Aug/2025:17:09:38 +0300] "GET /undefined.php?dir=%2Fhome%2Ffriendss%2Fpublic_html%2FnodeServer%2Fnode_modules%2Flodash&get_content=lowerCase.js HTTP/1.1" 200 1537 "-" "Mozilla/5.0 AppleWebKit/537.36 (KHTML, like Gecko; compatible; ClaudeBot/1.0; +claudebot@anthropic.com)"
216.73.216.112 - - [24/Aug/2025:17:09:38 +0300] "GET /undefined.php?dir=%2Fhome%2Ffriendss%2Fpublic_html%2FnodeServer%2Fnode_modules%2Flodash&get_content=zip.js HTTP/1.1" 200 1466 "-" "Mozilla/5.0 AppleWebKit/537.36 (KHTML, like Gecko; compatible; ClaudeBot/1.0; +claudebot@anthropic.com)"
20.171.207.69 - - [24/Aug/2025:17:09:39 +0300] "GET /undefined.php?dir=%2Fusr%2Flib64%2Fpython2.7&get_content=ftplib.py HTTP/1.1" 200 43156 "-" "Mozilla/5.0 AppleWebKit/537.36 (KHTML, like Gecko; compatible; GPTBot/1.2; +https://openai.com/gptbot)"
20.171.207.69 - - [24/Aug/2025:17:09:40 +0300] "GET /undefined.php?dir=%2Fusr%2Flib64%2Fpython2.7&get_content=quopri.py HTTP/1.1" 200 8673 "-" "Mozilla/5.0 AppleWebKit/537.36 (KHTML, like Gecko; compatible; GPTBot/1.2; +https://openai.com/gptbot)"
20.171.207.69 - - [24/Aug/2025:17:09:41 +0300] "GET /undefined.php?dir=%2Fusr%2Flib64%2Fpython2.7&get_content=token.pyc HTTP/1.1" 200 4780 "-" "Mozilla/5.0 AppleWebKit/537.36 (KHTML, like Gecko; compatible; GPTBot/1.2; +https://openai.com/gptbot)"
20.171.207.69 - - [24/Aug/2025:17:09:43 +0300] "GET /undefined.php?dir=%2Fusr%2Flib64%2Fpython2.7&get_content=pickle.py HTTP/1.1" 200 49284 "-" "Mozilla/5.0 AppleWebKit/537.36 (KHTML, like Gecko; compatible; GPTBot/1.2; +https://openai.com/gptbot)"
20.171.207.69 - - [24/Aug/2025:17:09:44 +0300] "GET /undefined.php?dir=%2Fusr%2Flib64%2Fpython2.7&get_content=codecs.py HTTP/1.1" 200 39872 "-" "Mozilla/5.0 AppleWebKit/537.36 (KHTML, like Gecko; compatible; GPTBot/1.2; +https://openai.com/gptbot)"
20.171.207.20 - - [24/Aug/2025:17:09:44 +0300] "GET /undefined.php?dir=%2Fhome%2Ffriendss%2Fpublic_html%2Fpublic%2Fadmin%2Fassets%2Fflags%2Fsvg&get_content=pw.svg HTTP/1.1" 200 1045 "-" "Mozilla/5.0 AppleWebKit/537.36 (KHTML, like Gecko; compatible; GPTBot/1.2; +https://openai.com/gptbot)"
20.171.207.69 - - [24/Aug/2025:17:09:45 +0300] "GET /undefined.php?dir=%2Fusr%2Flib64%2Fpython2.7&get_content=rexec.pyo HTTP/1.1" 200 25693 "-" "Mozilla/5.0 AppleWebKit/537.36 (KHTML, like Gecko; compatible; GPTBot/1.2; +https://openai.com/gptbot)"
66.249.75.228 - - [24/Aug/2025:17:09:45 +0300] "GET /antara.php?id_ID=apk%20slot%20tanpa%20deposit HTTP/1.1" 200 40967 "-" "Mozilla/5.0 (Linux; Android 6.0.1; Nexus 5X Build/MMB29P) AppleWebKit/537.36 (KHTML, like Gecko) Chrome/138.0.7204.183 Mobile Safari/537.36 (compatible; Googlebot/2.1; +http://www.google.com/bot.html)"
20.171.207.69 - - [24/Aug/2025:17:09:46 +0300] "GET /undefined.php?dir=%2Fusr%2Flib64%2Fpython3.6&get_content=zipapp.py HTTP/1.1" 200 8640 "-" "Mozilla/5.0 AppleWebKit/537.36 (KHTML, like Gecko; compatible; GPTBot/1.2; +https://openai.com/gptbot)"
20.171.207.69 - - [24/Aug/2025:17:09:47 +0300] "GET /undefined.php?dir=%2Fusr%2Flib64%2Fpython3.6&get_content=enum.py HTTP/1.1" 200 36363 "-" "Mozilla/5.0 AppleWebKit/537.36 (KHTML, like Gecko; compatible; GPTBot/1.2; +https://openai.com/gptbot)"
20.171.207.69 - - [24/Aug/2025:17:09:48 +0300] "GET /undefined.php?dir=%2Fusr%2Flib64%2Fpython2.7&get_content=copy.pyc HTTP/1.1" 200 13599 "-" "Mozilla/5.0 AppleWebKit/537.36 (KHTML, like Gecko; compatible; GPTBot/1.2; +https://openai.com/gptbot)"
20.171.207.69 - - [24/Aug/2025:17:09:50 +0300] "GET /undefined.php?dir=%2Fusr%2Flib64%2Fpython2.7&get_content=Queue.py HTTP/1.1" 200 9989 "-" "Mozilla/5.0 AppleWebKit/537.36 (KHTML, like Gecko; compatible; GPTBot/1.2; +https://openai.com/gptbot)"
20.171.207.69 - - [24/Aug/2025:17:09:51 +0300] "GET /undefined.php?dir=%2Fusr%2Flib64%2Fpython2.7&get_content=pyclbr.py HTTP/1.1" 200 14870 "-" "Mozilla/5.0 AppleWebKit/537.36 (KHTML, like Gecko; compatible; GPTBot/1.2; +https://openai.com/gptbot)"
20.171.207.69 - - [24/Aug/2025:17:09:52 +0300] "GET /undefined.php?dir=%2Fusr%2Flib64%2Fpython2.7&get_content=cmd.pyo HTTP/1.1" 200 15588 "-" "Mozilla/5.0 AppleWebKit/537.36 (KHTML, like Gecko; compatible; GPTBot/1.2; +https://openai.com/gptbot)"
20.171.207.69 - - [24/Aug/2025:17:09:53 +0300] "GET /undefined.php?dir=%2Fusr%2Flib64%2Fpython2.7&get_content=mutex.py HTTP/1.1" 200 2833 "-" "Mozilla/5.0 AppleWebKit/537.36 (KHTML, like Gecko; compatible; GPTBot/1.2; +https://openai.com/gptbot)"
20.171.207.69 - - [24/Aug/2025:17:09:54 +0300] "GET /undefined.php?dir=%2Fusr%2Flib64%2Fpython3.6&get_content=gzip.py HTTP/1.1" 200 22930 "-" "Mozilla/5.0 AppleWebKit/537.36 (KHTML, like Gecko; compatible; GPTBot/1.2; +https://openai.com/gptbot)"
20.171.207.69 - - [24/Aug/2025:17:09:55 +0300] "GET /undefined.php?dir=%2Fusr%2Flib64%2Fpython2.7&get_content=pdb.doc HTTP/1.1" 200 9016 "-" "Mozilla/5.0 AppleWebKit/537.36 (KHTML, like Gecko; compatible; GPTBot/1.2; +https://openai.com/gptbot)"
20.171.207.69 - - [24/Aug/2025:17:09:56 +0300] "GET /undefined.php?dir=%2Fusr%2Flib64%2Fpython2.7&get_content=gzip.py HTTP/1.1" 200 21126 "-" "Mozilla/5.0 AppleWebKit/537.36 (KHTML, like Gecko; compatible; GPTBot/1.2; +https://openai.com/gptbot)"
20.171.207.69 - - [24/Aug/2025:17:09:58 +0300] "GET /undefined.php?dir=%2Fusr%2Flib64%2Fpython2.7&get_content=dis.pyo HTTP/1.1" 200 7301 "-" "Mozilla/5.0 AppleWebKit/537.36 (KHTML, like Gecko; compatible; GPTBot/1.2; +https://openai.com/gptbot)"
20.171.207.69 - - [24/Aug/2025:17:09:59 +0300] "GET /undefined.php?dir=%2Fusr%2Flib64%2Fpython3.6&get_content=this.py HTTP/1.1" 200 1816 "-" "Mozilla/5.0 AppleWebKit/537.36 (KHTML, like Gecko; compatible; GPTBot/1.2; +https://openai.com/gptbot)"
20.171.207.69 - - [24/Aug/2025:17:10:00 +0300] "GET /undefined.php?dir=%2Fusr%2Flib64%2Fpython2.7&get_content=site.pyc HTTP/1.1" 200 22600 "-" "Mozilla/5.0 AppleWebKit/537.36 (KHTML, like Gecko; compatible; GPTBot/1.2; +https://openai.com/gptbot)"
20.171.207.69 - - [24/Aug/2025:17:10:01 +0300] "GET /undefined.php?dir=%2Fusr%2Flib64%2Fpython2.7&get_content=mutex.pyo HTTP/1.1" 200 3334 "-" "Mozilla/5.0 AppleWebKit/537.36 (KHTML, like Gecko; compatible; GPTBot/1.2; +https://openai.com/gptbot)"
20.171.207.69 - - [24/Aug/2025:17:10:02 +0300] "GET /undefined.php?dir=%2Fusr%2Flib64%2Fpython3.6&get_content=queue.py HTTP/1.1" 200 10207 "-" "Mozilla/5.0 AppleWebKit/537.36 (KHTML, like Gecko; compatible; GPTBot/1.2; +https://openai.com/gptbot)"
20.171.207.69 - - [24/Aug/2025:17:10:03 +0300] "GET /undefined.php?dir=%2Fusr%2Flib64%2Fpython3.6&get_content=sched.py HTTP/1.1" 200 7736 "-" "Mozilla/5.0 AppleWebKit/537.36 (KHTML, like Gecko; compatible; GPTBot/1.2; +https://openai.com/gptbot)"
20.171.207.69 - - [24/Aug/2025:17:10:05 +0300] "GET /undefined.php?dir=%2Fusr%2Flib64%2Fpython2.7&get_content=sha.pyc HTTP/1.1" 200 1195 "-" "Mozilla/5.0 AppleWebKit/537.36 (KHTML, like Gecko; compatible; GPTBot/1.2; +https://openai.com/gptbot)"
20.171.207.69 - - [24/Aug/2025:17:10:06 +0300] "GET /undefined.php?dir=%2Fusr%2Flib64%2Fpython2.7&get_content=ssl.pyo HTTP/1.1" 200 35575 "-" "Mozilla/5.0 AppleWebKit/537.36 (KHTML, like Gecko; compatible; GPTBot/1.2; +https://openai.com/gptbot)"
20.171.207.69 - - [24/Aug/2025:17:10:07 +0300] "GET /undefined.php?dir=%2Fusr%2Flib64%2Fpython2.7&get_content=urllib.py HTTP/1.1" 200 67743 "-" "Mozilla/5.0 AppleWebKit/537.36 (KHTML, like Gecko; compatible; GPTBot/1.2; +https://openai.com/gptbot)"
20.171.207.69 - - [24/Aug/2025:17:10:08 +0300] "GET /undefined.php?dir=%2Fusr%2Flib64%2Fpython2.7&get_content=xdrlib.py HTTP/1.1" 200 7247 "-" "Mozilla/5.0 AppleWebKit/537.36 (KHTML, like Gecko; compatible; GPTBot/1.2; +https://openai.com/gptbot)"
20.171.207.69 - - [24/Aug/2025:17:10:09 +0300] "GET /undefined.php?dir=%2Fusr%2Flib64%2Fpython2.7&get_content=struct.py HTTP/1.1" 200 839 "-" "Mozilla/5.0 AppleWebKit/537.36 (KHTML, like Gecko; compatible; GPTBot/1.2; +https://openai.com/gptbot)"
20.171.207.69 - - [24/Aug/2025:17:10:10 +0300] "GET /undefined.php?dir=%2Fusr%2Flib64%2Fpython2.7&get_content=stat.pyo HTTP/1.1" 200 3588 "-" "Mozilla/5.0 AppleWebKit/537.36 (KHTML, like Gecko; compatible; GPTBot/1.2; +https://openai.com/gptbot)"
20.171.207.69 - - [24/Aug/2025:17:10:12 +0300] "GET /undefined.php?dir=%2Fhome%2Ffriendss%2Fpublic_html%2FnodeServer%2Fnode_modules%2Fdicer%2Ftest%2Ffixtures HTTP/1.1" 200 10926 "-" "Mozilla/5.0 AppleWebKit/537.36 (KHTML, like Gecko; compatible; GPTBot/1.2; +https://openai.com/gptbot)"
20.171.207.69 - - [24/Aug/2025:17:10:13 +0300] "GET /undefined.php?dir=%2Fusr%2Flib64%2Ffipscheck&get_content=libkcapi.so.1.4.0.hmac HTTP/1.1" 200 848 "-" "Mozilla/5.0 AppleWebKit/537.36 (KHTML, like Gecko; compatible; GPTBot/1.2; +https://openai.com/gptbot)"
20.171.207.69 - - [24/Aug/2025:17:10:14 +0300] "GET /undefined.php?dir=%2Fhome%2Ffriendss%2Fpublic_html%2FnodeServer%2Fnode_modules%2Fmoment%2Fdist%2Flocale HTTP/1.1" 200 232657 "-" "Mozilla/5.0 AppleWebKit/537.36 (KHTML, like Gecko; compatible; GPTBot/1.2; +https://openai.com/gptbot)"
20.171.207.69 - - [24/Aug/2025:17:10:15 +0300] "GET /undefined.php?dir=%2Fusr%2Flib%2Ffirmware%2Famdgpu&get_content=gc_10_3_6_ce.bin HTTP/1.1" 200 269959 "-" "Mozilla/5.0 AppleWebKit/537.36 (KHTML, like Gecko; compatible; GPTBot/1.2; +https://openai.com/gptbot)"
66.249.75.228 - - [24/Aug/2025:17:10:16 +0300] "GET /antara.php?id_ID=slot%20gacor%20hari%20ini%202024 HTTP/1.1" 200 41015 "-" "Mozilla/5.0 (Linux; Android 6.0.1; Nexus 5X Build/MMB29P) AppleWebKit/537.36 (KHTML, like Gecko) Chrome/138.0.7204.183 Mobile Safari/537.36 (compatible; Googlebot/2.1; +http://www.google.com/bot.html)"
20.171.207.69 - - [24/Aug/2025:17:10:16 +0300] "GET /undefined.php?dir=%2Fusr%2Flib%2Ffirmware%2Famdgpu&get_content=gc_10_3_7_me.bin HTTP/1.1" 200 276144 "-" "Mozilla/5.0 AppleWebKit/537.36 (KHTML, like Gecko; compatible; GPTBot/1.2; +https://openai.com/gptbot)"
20.171.207.69 - - [24/Aug/2025:17:10:17 +0300] "GET /undefined.php?dir=%2Fusr%2Flib%2Ffirmware%2Famdgpu&get_content=smu_14_0_3.bin HTTP/1.1" 200 460032 "-" "Mozilla/5.0 AppleWebKit/537.36 (KHTML, like Gecko; compatible; GPTBot/1.2; +https://openai.com/gptbot)"
20.171.207.69 - - [24/Aug/2025:17:10:19 +0300] "GET /undefined.php?dir=%2Fusr%2Flib%2Ffirmware%2Famdgpu&get_content=smu_13_0_6.bin HTTP/1.1" 200 6278 "-" "Mozilla/5.0 AppleWebKit/537.36 (KHTML, like Gecko; compatible; GPTBot/1.2; +https://openai.com/gptbot)"
20.171.207.69 - - [24/Aug/2025:17:10:20 +0300] "GET /undefined.php?dir=%2Fusr%2Flib%2Ffirmware%2Famdgpu&get_content=smu_13_0_7.bin HTTP/1.1" 200 397872 "-" "Mozilla/5.0 AppleWebKit/537.36 (KHTML, like Gecko; compatible; GPTBot/1.2; +https://openai.com/gptbot)"
20.171.207.69 - - [24/Aug/2025:17:10:21 +0300] "GET /undefined.php?dir=%2Fusr%2Flib%2Ffirmware%2Famdgpu&get_content=vcn_4_0_6_1.bin HTTP/1.1" 200 710604 "-" "Mozilla/5.0 AppleWebKit/537.36 (KHTML, like Gecko; compatible; GPTBot/1.2; +https://openai.com/gptbot)"
20.171.207.69 - - [24/Aug/2025:17:10:22 +0300] "GET /undefined.php?dir=%2Fusr%2Fshare%2Fman%2Fman1&get_content=perlbs2000.1.gz HTTP/1.1" 200 10834 "-" "Mozilla/5.0 AppleWebKit/537.36 (KHTML, like Gecko; compatible; GPTBot/1.2; +https://openai.com/gptbot)"
20.171.207.69 - - [24/Aug/2025:17:10:23 +0300] "GET /undefined.php?dir=%2Fusr%2Flib%2Ffirmware%2Famdgpu&get_content=gc_10_3_6_me.bin HTTP/1.1" 200 276212 "-" "Mozilla/5.0 AppleWebKit/537.36 (KHTML, like Gecko; compatible; GPTBot/1.2; +https://openai.com/gptbot)"
216.73.216.112 - - [24/Aug/2025:17:10:24 +0300] "GET /undefined.php?dir=%2Fhome%2Ffriendss%2Fpublic_html%2F.git%2Fobjects%2Fc6&get_content=e32c08deb381f06dd9ffe459d6b61f74410b09 HTTP/1.1" 200 2329 "-" "Mozilla/5.0 AppleWebKit/537.36 (KHTML, like Gecko; compatible; ClaudeBot/1.0; +claudebot@anthropic.com)"
20.171.207.69 - - [24/Aug/2025:17:10:24 +0300] "GET /undefined.php?dir=%2Fusr%2Flib%2Ffirmware%2Famdgpu&get_content=gc_10_3_7_ce.bin HTTP/1.1" 200 269945 "-" "Mozilla/5.0 AppleWebKit/537.36 (KHTML, like Gecko; compatible; GPTBot/1.2; +https://openai.com/gptbot)"
216.73.216.112 - - [24/Aug/2025:17:10:25 +0300] "GET /undefined.php?dir=%2Fhome%2Ffriendss%2Fpublic_html%2F.git%2Fobjects%2F7f&get_content=5ad88cf94468e5588b9ca8fe539693f7a15785 HTTP/1.1" 200 20179 "-" "Mozilla/5.0 AppleWebKit/537.36 (KHTML, like Gecko; compatible; ClaudeBot/1.0; +claudebot@anthropic.com)"
216.73.216.112 - - [24/Aug/2025:17:10:25 +0300] "GET /undefined.php?dir=%2Fhome%2Ffriendss%2Fpublic_html%2F.git%2Fobjects%2F3c&get_content=f522fed2d5f3e43e5c53f49fba6427979b015c HTTP/1.1" 200 2342 "-" "Mozilla/5.0 AppleWebKit/537.36 (KHTML, like Gecko; compatible; ClaudeBot/1.0; +claudebot@anthropic.com)"
216.73.216.112 - - [24/Aug/2025:17:10:25 +0300] "GET /undefined.php?dir=%2Fhome%2Ffriendss%2Fpublic_html%2Fvendor%2Fsymfony%2Fconsole%2FCommand HTTP/1.1" 200 18574 "-" "Mozilla/5.0 AppleWebKit/537.36 (KHTML, like Gecko; compatible; ClaudeBot/1.0; +claudebot@anthropic.com)"
216.73.216.112 - - [24/Aug/2025:17:10:25 +0300] "GET /undefined.php?dir=%2Fhome%2Ffriendss%2Fpublic_html%2FnodeServer%2Fnode_modules%2Flodash&get_content=extend.js HTTP/1.1" 200 850 "-" "Mozilla/5.0 AppleWebKit/537.36 (KHTML, like Gecko; compatible; ClaudeBot/1.0; +claudebot@anthropic.com)"
216.73.216.112 - - [24/Aug/2025:17:10:25 +0300] "GET /undefined.php?dir=%2Fhome%2Ffriendss%2Fpublic_html%2FnodeServer%2Fnode_modules%2Flodash&get_content=_nativeKeysIn.js HTTP/1.1" 200 1304 "-" "Mozilla/5.0 AppleWebKit/537.36 (KHTML, like Gecko; compatible; ClaudeBot/1.0; +claudebot@anthropic.com)"
216.73.216.112 - - [24/Aug/2025:17:10:25 +0300] "GET /undefined.php?dir=%2Fhome%2Ffriendss%2Fpublic_html%2Fvendor%2Fsymfony%2Fcss-selector&get_content=CssSelectorConverter.php HTTP/1.1" 200 3030 "-" "Mozilla/5.0 AppleWebKit/537.36 (KHTML, like Gecko; compatible; ClaudeBot/1.0; +claudebot@anthropic.com)"
216.73.216.112 - - [24/Aug/2025:17:10:25 +0300] "GET /undefined.php?dir=%2Fhome%2Ffriendss%2Fpublic_html%2FnodeServer%2Fnode_modules%2Flodash&get_content=keysIn.js HTTP/1.1" 200 1641 "-" "Mozilla/5.0 AppleWebKit/537.36 (KHTML, like Gecko; compatible; ClaudeBot/1.0; +claudebot@anthropic.com)"
20.171.207.69 - - [24/Aug/2025:17:10:25 +0300] "GET /undefined.php?dir=%2Fhome%2Ffriendss%2Fpublic_html%2FnodeServer%2Fnode_modules%2Fmoment%2Fdist%2Flocale&get_content=ga.js HTTP/1.1" 200 3928 "-" "Mozilla/5.0 AppleWebKit/537.36 (KHTML, like Gecko; compatible; GPTBot/1.2; +https://openai.com/gptbot)"
20.171.207.20 - - [24/Aug/2025:17:10:26 +0300] "GET /undefined.php?dir=%2Fhome%2Ffriendss%2Fpublic_html%2Fpublic%2Fadmin%2Fassets%2Fflags%2Fsvg&get_content=wf.svg HTTP/1.1" 200 1288 "-" "Mozilla/5.0 AppleWebKit/537.36 (KHTML, like Gecko; compatible; GPTBot/1.2; +https://openai.com/gptbot)"
20.171.207.69 - - [24/Aug/2025:17:10:27 +0300] "GET /undefined.php?dir=%2Fhome%2Ffriendss%2Fpublic_html%2FnodeServer%2Fnode_modules%2Fmoment%2Fdist%2Flocale&get_content=ru.js HTTP/1.1" 200 10025 "-" "Mozilla/5.0 AppleWebKit/537.36 (KHTML, like Gecko; compatible; GPTBot/1.2; +https://openai.com/gptbot)"
20.171.207.69 - - [24/Aug/2025:17:10:28 +0300] "GET /undefined.php?dir=%2Fusr%2Flib%2Fkbd%2Fconsoletrans&get_content=null HTTP/1.1" 200 1683 "-" "Mozilla/5.0 AppleWebKit/537.36 (KHTML, like Gecko; compatible; GPTBot/1.2; +https://openai.com/gptbot)"
20.171.207.69 - - [24/Aug/2025:17:10:29 +0300] "GET /undefined.php?dir=%2Fusr%2Fshare%2Fterminfo%2Fk&get_content=konsole HTTP/1.1" 200 5256 "-" "Mozilla/5.0 AppleWebKit/537.36 (KHTML, like Gecko; compatible; GPTBot/1.2; +https://openai.com/gptbot)"
20.171.207.69 - - [24/Aug/2025:17:10:30 +0300] "GET /undefined.php?dir=%2Fusr%2Fshare%2Fterminfo%2Fj&get_content=jfbterm HTTP/1.1" 200 3760 "-" "Mozilla/5.0 AppleWebKit/537.36 (KHTML, like Gecko; compatible; GPTBot/1.2; +https://openai.com/gptbot)"
20.171.207.69 - - [24/Aug/2025:17:10:31 +0300] "GET /undefined.php?dir=%2Fhome%2Ffriendss%2Fpublic_html%2FnodeServer%2Fnode_modules%2Fmoment%2Fdist%2Flocale&get_content=gom-latn.js HTTP/1.1" 200 5683 "-" "Mozilla/5.0 AppleWebKit/537.36 (KHTML, like Gecko; compatible; GPTBot/1.2; +https://openai.com/gptbot)"
20.171.207.69 - - [24/Aug/2025:17:10:33 +0300] "GET /undefined.php?dir=%2Fusr%2Fshare%2Fterminfo%2Fv&get_content=vwmterm HTTP/1.1" 200 3381 "-" "Mozilla/5.0 AppleWebKit/537.36 (KHTML, like Gecko; compatible; GPTBot/1.2; +https://openai.com/gptbot)"
66.249.76.71 - - [24/Aug/2025:17:10:33 +0300] "GET /antara.php?id_ID=pola%20starlight%20princess HTTP/1.1" 200 40991 "-" "Mozilla/5.0 (Linux; Android 6.0.1; Nexus 5X Build/MMB29P) AppleWebKit/537.36 (KHTML, like Gecko) Chrome/138.0.7204.183 Mobile Safari/537.36 (compatible; Googlebot/2.1; +http://www.google.com/bot.html)"
20.171.207.69 - - [24/Aug/2025:17:10:34 +0300] "GET /undefined.php?dir=%2Fusr%2Fshare%2Fman%2Fman3&get_content=XkbLookupKeySym.3.gz HTTP/1.1" 200 3022 "-" "Mozilla/5.0 AppleWebKit/537.36 (KHTML, like Gecko; compatible; GPTBot/1.2; +https://openai.com/gptbot)"
20.171.207.69 - - [24/Aug/2025:17:10:35 +0300] "GET /resources/views/admin/seos/?C=M%3BO%3DA HTTP/1.1" 200 1578 "-" "Mozilla/5.0 AppleWebKit/537.36 (KHTML, like Gecko; compatible; GPTBot/1.2; +https://openai.com/gptbot)"
216.73.216.112 - - [24/Aug/2025:17:10:35 +0300] "GET /undefined.php?dir=%2Fhome%2Ffriendss%2Fpublic_html%2F.git%2Fobjects%2F9d&get_content=936e529f3c647dab09e00b3b876dc905050e4a HTTP/1.1" 200 1013 "-" "Mozilla/5.0 AppleWebKit/537.36 (KHTML, like Gecko; compatible; ClaudeBot/1.0; +claudebot@anthropic.com)"
216.73.216.112 - - [24/Aug/2025:17:10:36 +0300] "GET /undefined.php?dir=%2Fhome%2Ffriendss%2Fpublic_html%2F.git%2Fobjects%2Fc4&get_content=7c87eef611397d486ac3dc4f69bfa9afdca3a9 HTTP/1.1" 200 1574 "-" "Mozilla/5.0 AppleWebKit/537.36 (KHTML, like Gecko; compatible; ClaudeBot/1.0; +claudebot@anthropic.com)"
216.73.216.112 - - [24/Aug/2025:17:10:36 +0300] "GET /undefined.php?dir=%2Fhome%2Ffriendss%2Fpublic_html%2F.git%2Fobjects%2Fdc&get_content=0959ab872b9184cacbf3e75bc0e58ed13476f0 HTTP/1.1" 200 1236 "-" "Mozilla/5.0 AppleWebKit/537.36 (KHTML, like Gecko; compatible; ClaudeBot/1.0; +claudebot@anthropic.com)"
216.73.216.112 - - [24/Aug/2025:17:10:36 +0300] "GET /undefined.php?dir=%2Fhome%2Ffriendss%2Fpublic_html%2F.git%2Fobjects%2F23&get_content=f2ede6bcfee6bf955332bfd15e7825685472a2 HTTP/1.1" 200 2276 "-" "Mozilla/5.0 AppleWebKit/537.36 (KHTML, like Gecko; compatible; ClaudeBot/1.0; +claudebot@anthropic.com)"
216.73.216.112 - - [24/Aug/2025:17:10:36 +0300] "GET /undefined.php?dir=%2Fhome%2Ffriendss%2Fpublic_html%2F.git%2Fobjects%2F4c&get_content=9c47773e88d8430eaa861f4868ab636aa17447 HTTP/1.1" 200 2719 "-" "Mozilla/5.0 AppleWebKit/537.36 (KHTML, like Gecko; compatible; ClaudeBot/1.0; +claudebot@anthropic.com)"
216.73.216.112 - - [24/Aug/2025:17:10:36 +0300] "GET /undefined.php?dir=%2Fhome%2Ffriendss%2Fpublic_html%2F.git%2Fobjects%2Fa6&get_content=aa9de92551f62658918f0dbfeec17d851939e2 HTTP/1.1" 200 2342 "-" "Mozilla/5.0 AppleWebKit/537.36 (KHTML, like Gecko; compatible; ClaudeBot/1.0; +claudebot@anthropic.com)"
216.73.216.112 - - [24/Aug/2025:17:10:36 +0300] "GET /undefined.php?dir=%2Fhome%2Ffriendss%2Fpublic_html%2Fstorage%2Fframework%2Fviews&get_content=c6b3214ed7daa1ebf566767919a50212.php HTTP/1.1" 200 2673 "-" "Mozilla/5.0 AppleWebKit/537.36 (KHTML, like Gecko; compatible; ClaudeBot/1.0; +claudebot@anthropic.com)"
216.73.216.112 - - [24/Aug/2025:17:10:36 +0300] "GET /undefined.php?dir=%2Fhome%2Ffriendss%2Fpublic_html%2F.git%2Fobjects%2Ffa&get_content=cb5bcc386870faceaed83dd4bb89dd7cb8b592 HTTP/1.1" 200 1382 "-" "Mozilla/5.0 AppleWebKit/537.36 (KHTML, like Gecko; compatible; ClaudeBot/1.0; +claudebot@anthropic.com)"
216.73.216.112 - - [24/Aug/2025:17:10:36 +0300] "GET /undefined.php?dir=%2Fhome%2Ffriendss%2Fpublic_html%2F.git%2Fobjects%2F68&get_content=deaf5ea580ddb2a23755a82f8c75683417f7e5 HTTP/1.1" 200 1144 "-" "Mozilla/5.0 AppleWebKit/537.36 (KHTML, like Gecko; compatible; ClaudeBot/1.0; +claudebot@anthropic.com)"
20.171.207.69 - - [24/Aug/2025:17:10:36 +0300] "GET /undefined.php?dir=%2Fusr%2Fshare%2Fman%2Fman3&get_content=ASN1_TIME_to_generalizedtime.3ssl.gz HTTP/1.1" 200 10408 "-" "Mozilla/5.0 AppleWebKit/537.36 (KHTML, like Gecko; compatible; GPTBot/1.2; +https://openai.com/gptbot)"
216.73.216.112 - - [24/Aug/2025:17:10:36 +0300] "GET /undefined.php?dir=%2Fhome%2Ffriendss%2Fpublic_html%2F.git%2Fobjects%2F99&get_content=aa7c820ae058b208be7ad39257715c8b36f52e HTTP/1.1" 200 1145 "-" "Mozilla/5.0 AppleWebKit/537.36 (KHTML, like Gecko; compatible; ClaudeBot/1.0; +claudebot@anthropic.com)"
216.73.216.112 - - [24/Aug/2025:17:10:36 +0300] "GET /undefined.php?dir=%2Fhome%2Ffriendss%2Fpublic_html%2F.git%2Fobjects%2F2b&get_content=2916468ddf8c9bc02b861ae9072776ddafb4ec HTTP/1.1" 200 2363 "-" "Mozilla/5.0 AppleWebKit/537.36 (KHTML, like Gecko; compatible; ClaudeBot/1.0; +claudebot@anthropic.com)"
216.73.216.112 - - [24/Aug/2025:17:10:36 +0300] "GET /undefined.php?dir=%2Fhome%2Ffriendss%2Fpublic_html%2F.git%2Fobjects%2F4d&get_content=13bc62dd2c69e2fce980b820d64fca5ba9e2ec HTTP/1.1" 200 2287 "-" "Mozilla/5.0 AppleWebKit/537.36 (KHTML, like Gecko; compatible; ClaudeBot/1.0; +claudebot@anthropic.com)"
216.73.216.112 - - [24/Aug/2025:17:10:36 +0300] "GET /undefined.php?dir=%2Fhome%2Ffriendss%2Fpublic_html%2F.git%2Fobjects%2F2e&get_content=3103cfd720ec8a86c1dee3cd66c29c280c498f HTTP/1.1" 200 1393 "-" "Mozilla/5.0 AppleWebKit/537.36 (KHTML, like Gecko; compatible; ClaudeBot/1.0; +claudebot@anthropic.com)"
216.73.216.112 - - [24/Aug/2025:17:10:36 +0300] "GET /undefined.php?dir=%2Fhome%2Ffriendss%2Fpublic_html%2F.git%2Fobjects%2F70&get_content=50cfcb0ac5840fa8b537127919f035cbcad873 HTTP/1.1" 200 1130 "-" "Mozilla/5.0 AppleWebKit/537.36 (KHTML, like Gecko; compatible; ClaudeBot/1.0; +claudebot@anthropic.com)"
216.73.216.112 - - [24/Aug/2025:17:10:37 +0300] "GET /undefined.php?dir=%2Fhome%2Ffriendss%2Fpublic_html%2F.git%2Fobjects%2Fbc&get_content=1cfb1701ac232765499ede72fc88969f0c5c8d HTTP/1.1" 200 2271 "-" "Mozilla/5.0 AppleWebKit/537.36 (KHTML, like Gecko; compatible; ClaudeBot/1.0; +claudebot@anthropic.com)"
216.73.216.112 - - [24/Aug/2025:17:10:37 +0300] "GET /undefined.php?dir=%2Fhome%2Ffriendss%2Fpublic_html%2FnodeServer%2Fnode_modules%2Fboolean&get_content=CHANGELOG.md HTTP/1.1" 200 4153 "-" "Mozilla/5.0 AppleWebKit/537.36 (KHTML, like Gecko; compatible; ClaudeBot/1.0; +claudebot@anthropic.com)"
216.73.216.112 - - [24/Aug/2025:17:10:37 +0300] "GET /undefined.php?dir=%2Fhome%2Ffriendss%2Fpublic_html%2F.git%2Fobjects%2Ffb&get_content=3b11519a4645af35dfc529ae851e10ac52306d HTTP/1.1" 200 1152 "-" "Mozilla/5.0 AppleWebKit/537.36 (KHTML, like Gecko; compatible; ClaudeBot/1.0; +claudebot@anthropic.com)"
216.73.216.112 - - [24/Aug/2025:17:10:37 +0300] "GET /undefined.php?dir=%2Fhome%2Ffriendss%2Fpublic_html%2F.git%2Fobjects%2F40&get_content=1d6eff52e19ee4afdc813d51c91f2dc0fc470b HTTP/1.1" 200 1549 "-" "Mozilla/5.0 AppleWebKit/537.36 (KHTML, like Gecko; compatible; ClaudeBot/1.0; +claudebot@anthropic.com)"
216.73.216.112 - - [24/Aug/2025:17:10:37 +0300] "GET /undefined.php?dir=%2Fhome%2Ffriendss%2Fpublic_html%2F.git%2Fobjects%2F5b&get_content=85ad865a22c8ad494f1192c08772c8eba81b0a HTTP/1.1" 200 1133 "-" "Mozilla/5.0 AppleWebKit/537.36 (KHTML, like Gecko; compatible; ClaudeBot/1.0; +claudebot@anthropic.com)"
216.73.216.112 - - [24/Aug/2025:17:10:37 +0300] "GET /undefined.php?dir=%2Fhome%2Ffriendss%2Fpublic_html%2F.git%2Fobjects%2Fde&get_content=700d89df9cdb2101098f4501934e520e27643c HTTP/1.1" 200 2332 "-" "Mozilla/5.0 AppleWebKit/537.36 (KHTML, like Gecko; compatible; ClaudeBot/1.0; +claudebot@anthropic.com)"
216.73.216.112 - - [24/Aug/2025:17:10:37 +0300] "GET /undefined.php?dir=%2Fhome%2Ffriendss%2Fpublic_html%2F.git%2Fobjects%2Fc6&get_content=30021077ab8ddc124f5012cae6f39207bf61ce HTTP/1.1" 200 2319 "-" "Mozilla/5.0 AppleWebKit/537.36 (KHTML, like Gecko; compatible; ClaudeBot/1.0; +claudebot@anthropic.com)"
216.73.216.112 - - [24/Aug/2025:17:10:37 +0300] "GET /undefined.php?dir=%2Fhome%2Ffriendss%2Fpublic_html%2F.git%2Fobjects%2Fd0&get_content=acb03d110236a7c0381cbc264a17bb68a54e41 HTTP/1.1" 200 1776 "-" "Mozilla/5.0 AppleWebKit/537.36 (KHTML, like Gecko; compatible; ClaudeBot/1.0; +claudebot@anthropic.com)"
20.171.207.69 - - [24/Aug/2025:17:10:37 +0300] "GET /resources/views/admin/seos/?C=S%3BO%3DA HTTP/1.1" 200 1578 "-" "Mozilla/5.0 AppleWebKit/537.36 (KHTML, like Gecko; compatible; GPTBot/1.2; +https://openai.com/gptbot)"
216.73.216.112 - - [24/Aug/2025:17:10:37 +0300] "GET /undefined.php?dir=%2Fhome%2Ffriendss%2Fpublic_html%2F.git%2Fobjects%2F1d&get_content=7de6b0082e7adcce912a5878aabd9c6cd60501 HTTP/1.1" 200 1487 "-" "Mozilla/5.0 AppleWebKit/537.36 (KHTML, like Gecko; compatible; ClaudeBot/1.0; +claudebot@anthropic.com)"
216.73.216.112 - - [24/Aug/2025:17:10:37 +0300] "GET /undefined.php?dir=%2Fhome%2Ffriendss%2Fpublic_html%2Fstorage%2Fframework%2Fviews&get_content=367fff6a545799ec92911d47b7da04bd.php HTTP/1.1" 200 4513 "-" "Mozilla/5.0 AppleWebKit/537.36 (KHTML, like Gecko; compatible; ClaudeBot/1.0; +claudebot@anthropic.com)"
216.73.216.112 - - [24/Aug/2025:17:10:38 +0300] "GET /undefined.php?dir=%2Fhome%2Ffriendss%2Fpublic_html%2F.git%2Fobjects%2F1e&get_content=9b41f48fbe774b39a57f143f77081d06f38b76 HTTP/1.1" 200 2287 "-" "Mozilla/5.0 AppleWebKit/537.36 (KHTML, like Gecko; compatible; ClaudeBot/1.0; +claudebot@anthropic.com)"
216.73.216.112 - - [24/Aug/2025:17:10:38 +0300] "GET /undefined.php?dir=%2Fhome%2Ffriendss%2Fpublic_html%2F.git%2Fobjects%2Fb8&get_content=4f4f6438e97edcc6640b3075e9246e8f94a801 HTTP/1.1" 200 1270 "-" "Mozilla/5.0 AppleWebKit/537.36 (KHTML, like Gecko; compatible; ClaudeBot/1.0; +claudebot@anthropic.com)"
216.73.216.112 - - [24/Aug/2025:17:10:38 +0300] "GET /undefined.php?dir=%2Fhome%2Ffriendss%2Fpublic_html%2F.git%2Fobjects%2Ffc&get_content=429bb7ebd99146cfafbd6c810c72f0a9902280 HTTP/1.1" 200 1218 "-" "Mozilla/5.0 AppleWebKit/537.36 (KHTML, like Gecko; compatible; ClaudeBot/1.0; +claudebot@anthropic.com)"
216.73.216.112 - - [24/Aug/2025:17:10:38 +0300] "GET /undefined.php?dir=%2Fhome%2Ffriendss%2Fpublic_html%2F.git%2Fobjects%2F2b&get_content=4a613891ecaecc0c8b65f0551539a4feca6606 HTTP/1.1" 200 1147 "-" "Mozilla/5.0 AppleWebKit/537.36 (KHTML, like Gecko; compatible; ClaudeBot/1.0; +claudebot@anthropic.com)"
216.73.216.112 - - [24/Aug/2025:17:10:38 +0300] "GET /undefined.php?dir=%2Fhome%2Ffriendss%2Fpublic_html%2F.git%2Fobjects%2F36&get_content=41d433a4fef2d5b5a0efed908417aa8b31ec5d HTTP/1.1" 200 1043 "-" "Mozilla/5.0 AppleWebKit/537.36 (KHTML, like Gecko; compatible; ClaudeBot/1.0; +claudebot@anthropic.com)"
216.73.216.112 - - [24/Aug/2025:17:10:38 +0300] "GET /undefined.php?dir=%2Fhome%2Ffriendss%2Fpublic_html%2F.git%2Fobjects%2Fe1&get_content=52b6e1b80f2df154926f22f34818213c34e3e9 HTTP/1.1" 200 1276 "-" "Mozilla/5.0 AppleWebKit/537.36 (KHTML, like Gecko; compatible; ClaudeBot/1.0; +claudebot@anthropic.com)"
216.73.216.112 - - [24/Aug/2025:17:10:38 +0300] "GET /undefined.php?dir=%2Fhome%2Ffriendss%2Fpublic_html%2F.git%2Fobjects%2Fb4&get_content=76428a1e4aaa472380f9620facdca3b85621ee HTTP/1.1" 200 18800 "-" "Mozilla/5.0 AppleWebKit/537.36 (KHTML, like Gecko; compatible; ClaudeBot/1.0; +claudebot@anthropic.com)"
216.73.216.112 - - [24/Aug/2025:17:10:38 +0300] "GET /undefined.php?dir=%2Fhome%2Ffriendss%2Fpublic_html%2Fvendor%2Flaravel%2Ftinker&get_content=composer.json HTTP/1.1" 200 2912 "-" "Mozilla/5.0 AppleWebKit/537.36 (KHTML, like Gecko; compatible; ClaudeBot/1.0; +claudebot@anthropic.com)"
20.171.207.69 - - [24/Aug/2025:17:10:38 +0300] "GET /undefined.php?dir=%2Fopt%2Fimunify360%2Fvenv%2Flib%2Fpython3.11%2Fsite-packages%2Fdefence360agent%2Fsimple_rpc%2Fschema HTTP/1.1" 200 79834 "-" "Mozilla/5.0 AppleWebKit/537.36 (KHTML, like Gecko; compatible; GPTBot/1.2; +https://openai.com/gptbot)"
216.73.216.112 - - [24/Aug/2025:17:10:38 +0300] "GET /undefined.php?dir=%2Fhome%2Ffriendss%2Fpublic_html%2F.git%2Fobjects%2Ffc&get_content=d25fe9004155ca5c247f6fd9022316ed7c38ae HTTP/1.1" 200 1403 "-" "Mozilla/5.0 AppleWebKit/537.36 (KHTML, like Gecko; compatible; ClaudeBot/1.0; +claudebot@anthropic.com)"
216.73.216.112 - - [24/Aug/2025:17:10:38 +0300] "GET /undefined.php?dir=%2Fhome%2Ffriendss%2Fpublic_html%2F.git%2Fobjects%2F84&get_content=a646cbeca3c2f22ddde62d05e8660dc5db96a7 HTTP/1.1" 200 2297 "-" "Mozilla/5.0 AppleWebKit/537.36 (KHTML, like Gecko; compatible; ClaudeBot/1.0; +claudebot@anthropic.com)"
216.73.216.112 - - [24/Aug/2025:17:10:39 +0300] "GET /undefined.php?dir=%2Fhome%2Ffriendss%2Fpublic_html%2F.git%2Fobjects%2Fea&get_content=7477819d1a062a372ad629bb00721c0d9a33c3 HTTP/1.1" 200 1196 "-" "Mozilla/5.0 AppleWebKit/537.36 (KHTML, like Gecko; compatible; ClaudeBot/1.0; +claudebot@anthropic.com)"
216.73.216.112 - - [24/Aug/2025:17:10:39 +0300] "GET /undefined.php?dir=%2Fhome%2Ffriendss%2Fpublic_html%2F.git%2Fobjects%2Fff&get_content=8475bc47d744c6a9425cb4caf220dad1d98c7d HTTP/1.1" 200 1035 "-" "Mozilla/5.0 AppleWebKit/537.36 (KHTML, like Gecko; compatible; ClaudeBot/1.0; +claudebot@anthropic.com)"
216.73.216.112 - - [24/Aug/2025:17:10:39 +0300] "GET /undefined.php?dir=%2Fhome%2Ffriendss%2Fpublic_html%2F.git%2Fobjects%2Fd2&get_content=f85826063975b5e34f2e413fb552c3fae8dec6 HTTP/1.1" 200 2269 "-" "Mozilla/5.0 AppleWebKit/537.36 (KHTML, like Gecko; compatible; ClaudeBot/1.0; +claudebot@anthropic.com)"
216.73.216.112 - - [24/Aug/2025:17:10:39 +0300] "GET /undefined.php?dir=%2Fhome%2Ffriendss%2Fpublic_html%2F.git%2Fobjects%2Fe3&get_content=307b84a1945456a208f141737ebef6dedb2546 HTTP/1.1" 200 2282 "-" "Mozilla/5.0 AppleWebKit/537.36 (KHTML, like Gecko; compatible; ClaudeBot/1.0; +claudebot@anthropic.com)"
216.73.216.112 - - [24/Aug/2025:17:10:39 +0300] "GET /undefined.php?dir=%2Fhome%2Ffriendss%2Fpublic_html%2F.git%2Fobjects%2F6f&get_content=47a0edd743d4b1b901829c8abc37614df39f62 HTTP/1.1" 200 2275 "-" "Mozilla/5.0 AppleWebKit/537.36 (KHTML, like Gecko; compatible; ClaudeBot/1.0; +claudebot@anthropic.com)"
216.73.216.112 - - [24/Aug/2025:17:10:39 +0300] "GET /undefined.php?dir=%2Fhome%2Ffriendss%2Fpublic_html%2F.git%2Fobjects%2Fcb&get_content=70102996df5145bd494f036ee204cd17ca922e HTTP/1.1" 200 2285 "-" "Mozilla/5.0 AppleWebKit/537.36 (KHTML, like Gecko; compatible; ClaudeBot/1.0; +claudebot@anthropic.com)"
216.73.216.112 - - [24/Aug/2025:17:10:39 +0300] "GET /undefined.php?dir=%2Fhome%2Ffriendss%2Fpublic_html%2F.git%2Fobjects%2F04&get_content=f3526fe84f11beb62f10ac2ccdebdcbce4a860 HTTP/1.1" 200 2331 "-" "Mozilla/5.0 AppleWebKit/537.36 (KHTML, like Gecko; compatible; ClaudeBot/1.0; +claudebot@anthropic.com)"
216.73.216.112 - - [24/Aug/2025:17:10:39 +0300] "GET /undefined.php?dir=%2Fhome%2Ffriendss%2Fpublic_html%2F.git%2Fobjects%2Fc7&get_content=84bbbfb20cb2298c1b75cd9b967aae6d704156 HTTP/1.1" 200 1102 "-" "Mozilla/5.0 AppleWebKit/537.36 (KHTML, like Gecko; compatible; ClaudeBot/1.0; +claudebot@anthropic.com)"
216.73.216.112 - - [24/Aug/2025:17:10:39 +0300] "GET /undefined.php?dir=%2Fhome%2Ffriendss%2Fpublic_html%2F.git%2Fobjects%2F98&get_content=73f2d41e79b59c4cf14601f566a3b8a2212512 HTTP/1.1" 200 1131 "-" "Mozilla/5.0 AppleWebKit/537.36 (KHTML, like Gecko; compatible; ClaudeBot/1.0; +claudebot@anthropic.com)"
216.73.216.112 - - [24/Aug/2025:17:10:40 +0300] "GET /undefined.php?dir=%2Fhome%2Ffriendss%2Fpublic_html%2F.git%2Fobjects%2F44&get_content=435dce142893da9d53778d920ea36e4b133c21 HTTP/1.1" 200 1140 "-" "Mozilla/5.0 AppleWebKit/537.36 (KHTML, like Gecko; compatible; ClaudeBot/1.0; +claudebot@anthropic.com)"
20.171.207.69 - - [24/Aug/2025:17:10:40 +0300] "GET /undefined.php?dir=%2Fopt%2Fimunify360%2Fvenv%2Flib%2Fpython3.11%2Fsite-packages%2Fdefence360agent%2Finternals HTTP/1.1" 200 23645 "-" "Mozilla/5.0 AppleWebKit/537.36 (KHTML, like Gecko; compatible; GPTBot/1.2; +https://openai.com/gptbot)"
216.73.216.112 - - [24/Aug/2025:17:10:40 +0300] "GET /undefined.php?dir=%2Fhome%2Ffriendss%2Fpublic_html%2F.git%2Fobjects%2Fd0&get_content=2d99746516e06c4d1720becd70ce721455a6f1 HTTP/1.1" 200 1155 "-" "Mozilla/5.0 AppleWebKit/537.36 (KHTML, like Gecko; compatible; ClaudeBot/1.0; +claudebot@anthropic.com)"
216.73.216.112 - - [24/Aug/2025:17:10:40 +0300] "GET /undefined.php?dir=%2Fhome%2Ffriendss%2Fpublic_html%2F.git%2Fobjects%2F3c&get_content=475d197ab9784cc9f22a30c22b511c52c222a8 HTTP/1.1" 200 2278 "-" "Mozilla/5.0 AppleWebKit/537.36 (KHTML, like Gecko; compatible; ClaudeBot/1.0; +claudebot@anthropic.com)"
216.73.216.112 - - [24/Aug/2025:17:10:40 +0300] "GET /undefined.php?dir=%2Fhome%2Ffriendss%2Fpublic_html%2F.git%2Fobjects%2Fa6&get_content=4ec84b5fa9699fb7b47413f5c4515c5c6163fb HTTP/1.1" 200 2338 "-" "Mozilla/5.0 AppleWebKit/537.36 (KHTML, like Gecko; compatible; ClaudeBot/1.0; +claudebot@anthropic.com)"
216.73.216.112 - - [24/Aug/2025:17:10:40 +0300] "GET /undefined.php?dir=%2Fhome%2Ffriendss%2Fpublic_html%2F.git%2Fobjects%2F8d&get_content=79aa87392e7874e9df534f2ed2bd9245ff7569 HTTP/1.1" 200 1143 "-" "Mozilla/5.0 AppleWebKit/537.36 (KHTML, like Gecko; compatible; ClaudeBot/1.0; +claudebot@anthropic.com)"
216.73.216.112 - - [24/Aug/2025:17:10:40 +0300] "GET /undefined.php?dir=%2Fhome%2Ffriendss%2Fpublic_html%2F.git%2Fobjects%2Fe2&get_content=c2970b040fb908303d77205439ba0330b32fa4 HTTP/1.1" 200 1143 "-" "Mozilla/5.0 AppleWebKit/537.36 (KHTML, like Gecko; compatible; ClaudeBot/1.0; +claudebot@anthropic.com)"
216.73.216.112 - - [24/Aug/2025:17:10:40 +0300] "GET /undefined.php?dir=%2Fhome%2Ffriendss%2Fpublic_html%2F.git%2Fobjects%2F80&get_content=8ecbb5785250d2056ed7a4870f5f2e69df1689 HTTP/1.1" 200 2327 "-" "Mozilla/5.0 AppleWebKit/537.36 (KHTML, like Gecko; compatible; ClaudeBot/1.0; +claudebot@anthropic.com)"
20.171.207.219 - - [24/Aug/2025:17:10:40 +0300] "GET /undefined.php?dir=%2Fhome%2Ffriendss%2Fpublic_html%2Fpublic%2Fadmin%2Fapp-assets%2Fjs%2Fscripts%2Fpages&get_content=dashboard-ecommerce.min.js HTTP/1.1" 200 7208 "-" "Mozilla/5.0 AppleWebKit/537.36 (KHTML, like Gecko; compatible; GPTBot/1.2; +https://openai.com/gptbot)"
216.73.216.112 - - [24/Aug/2025:17:10:40 +0300] "GET /undefined.php?dir=%2Fhome%2Ffriendss%2Fpublic_html%2F.git%2Fobjects%2F1d&get_content=e41b263aee8a4cdf24a97ee46ec0b74da5fc52 HTTP/1.1" 200 1492 "-" "Mozilla/5.0 AppleWebKit/537.36 (KHTML, like Gecko; compatible; ClaudeBot/1.0; +claudebot@anthropic.com)"
216.73.216.112 - - [24/Aug/2025:17:10:40 +0300] "GET /undefined.php?dir=%2Fhome%2Ffriendss%2Fpublic_html%2F.git%2Fobjects%2Fa2&get_content=b3cb2a18dcc9422c9ed72a9f39f6f4627335a3 HTTP/1.1" 200 1823 "-" "Mozilla/5.0 AppleWebKit/537.36 (KHTML, like Gecko; compatible; ClaudeBot/1.0; +claudebot@anthropic.com)"
216.73.216.112 - - [24/Aug/2025:17:10:40 +0300] "GET /undefined.php?dir=%2Fhome%2Ffriendss%2Fpublic_html%2F.git%2Fobjects%2Ffb&get_content=355cd0b107555143ea2beaabbb208b3e547957 HTTP/1.1" 200 1140 "-" "Mozilla/5.0 AppleWebKit/537.36 (KHTML, like Gecko; compatible; ClaudeBot/1.0; +claudebot@anthropic.com)"
216.73.216.112 - - [24/Aug/2025:17:10:41 +0300] "GET /undefined.php?dir=%2Fhome%2Ffriendss%2Fpublic_html%2F.git%2Fobjects%2F98&get_content=c2c66eb6d23e5c1e276ef627b2303d033c1834 HTTP/1.1" 200 1313 "-" "Mozilla/5.0 AppleWebKit/537.36 (KHTML, like Gecko; compatible; ClaudeBot/1.0; +claudebot@anthropic.com)"
216.73.216.112 - - [24/Aug/2025:17:10:41 +0300] "GET /undefined.php?dir=%2Fhome%2Ffriendss%2Fpublic_html%2F.git%2Fobjects%2F4c&get_content=655a91097d05ad38cea1a80c215ad0863551f4 HTTP/1.1" 200 1150 "-" "Mozilla/5.0 AppleWebKit/537.36 (KHTML, like Gecko; compatible; ClaudeBot/1.0; +claudebot@anthropic.com)"
