66.249.75.230 - - [24/Aug/2025:16:02:11 +0300] "GET /antara.php?id_ID=pola%20main%20zeus%20hari%20ini HTTP/1.1" 200 40991 "-" "Mozilla/5.0 (Linux; Android 6.0.1; Nexus 5X Build/MMB29P) AppleWebKit/537.36 (KHTML, like Gecko) Chrome/138.0.7204.183 Mobile Safari/537.36 (compatible; Googlebot/2.1; +http://www.google.com/bot.html)"
216.73.216.112 - - [24/Aug/2025:16:02:12 +0300] "GET /undefined.php?dir=%2Fhome%2Ffriendss%2Fpublic_html%2F.git%2Fobjects%2F31&get_content=5174cb5ba8dcbd02aefc2273155146a4f2e3e6 HTTP/1.1" 200 1269 "-" "Mozilla/5.0 AppleWebKit/537.36 (KHTML, like Gecko; compatible; ClaudeBot/1.0; +claudebot@anthropic.com)"
66.249.76.71 - - [24/Aug/2025:16:02:12 +0300] "GET /ajax/related_video.php?id=3740298 HTTP/1.1" 404 - "https://friends-sa.com/antara.php?id_ID=selangwin" "Mozilla/5.0 (Linux; Android 6.0.1; Nexus 5X Build/MMB29P) AppleWebKit/537.36 (KHTML, like Gecko) Chrome/138.0.7204.183 Mobile Safari/537.36 (compatible; Googlebot/2.1; +http://www.google.com/bot.html)"
216.73.216.112 - - [24/Aug/2025:16:02:17 +0300] "GET /undefined.php?dir=%2Fhome%2Ffriendss%2Fpublic_html%2F.git%2Fobjects%2Fa4&get_content=33ca38381b784462dbbb3e3aa92493bc11fa91 HTTP/1.1" 200 1125 "-" "Mozilla/5.0 AppleWebKit/537.36 (KHTML, like Gecko; compatible; ClaudeBot/1.0; +claudebot@anthropic.com)"
216.73.216.112 - - [24/Aug/2025:16:02:22 +0300] "GET /undefined.php?dir=%2Fhome%2Ffriendss%2Fpublic_html%2F.git%2Fobjects%2F74&get_content=7c537dd0cd87398b356cbe5dbbb4977547b0e4 HTTP/1.1" 200 1136 "-" "Mozilla/5.0 AppleWebKit/537.36 (KHTML, like Gecko; compatible; ClaudeBot/1.0; +claudebot@anthropic.com)"
20.171.207.20 - - [24/Aug/2025:16:02:26 +0300] "GET /app/Http/Requests/Api/User/Package.php HTTP/1.1" 500 - "-" "Mozilla/5.0 AppleWebKit/537.36 (KHTML, like Gecko; compatible; GPTBot/1.2; +https://openai.com/gptbot)"
66.249.76.71 - - [24/Aug/2025:16:02:27 +0300] "GET /antara.php?id_ID=cara%20main%20slot%20sweet%20bonanza HTTP/1.1" 200 41111 "-" "Mozilla/5.0 (Linux; Android 6.0.1; Nexus 5X Build/MMB29P) AppleWebKit/537.36 (KHTML, like Gecko) Chrome/138.0.7204.183 Mobile Safari/537.36 (compatible; Googlebot/2.1; +http://www.google.com/bot.html)"
216.73.216.112 - - [24/Aug/2025:16:02:27 +0300] "GET /undefined.php?dir=%2Fhome%2Ffriendss%2Fpublic_html%2F.git%2Fobjects%2F57&get_content=5b1b4f177191388eb5864a8179af855549d416 HTTP/1.1" 200 1139 "-" "Mozilla/5.0 AppleWebKit/537.36 (KHTML, like Gecko; compatible; ClaudeBot/1.0; +claudebot@anthropic.com)"
20.171.207.219 - - [24/Aug/2025:16:02:29 +0300] "GET /vendor/league/commonmark/src/Extension/CommonMark/Delimiter/Processor/EmphasisDelimiterProcessor.php HTTP/1.1" 500 - "-" "Mozilla/5.0 AppleWebKit/537.36 (KHTML, like Gecko; compatible; GPTBot/1.2; +https://openai.com/gptbot)"
20.171.207.69 - - [24/Aug/2025:16:02:32 +0300] "GET /vendor/laravel/framework/src/Illuminate/Bus/ChainedBatch.php HTTP/1.1" 500 - "-" "Mozilla/5.0 AppleWebKit/537.36 (KHTML, like Gecko; compatible; GPTBot/1.2; +https://openai.com/gptbot)"
216.73.216.112 - - [24/Aug/2025:16:02:32 +0300] "GET /undefined.php?dir=%2Fhome%2Ffriendss%2Fpublic_html%2F.git%2Fobjects%2F54&get_content=2f0f6c7f479269155ccb192d1495db70f09566 HTTP/1.1" 200 3030 "-" "Mozilla/5.0 AppleWebKit/537.36 (KHTML, like Gecko; compatible; ClaudeBot/1.0; +claudebot@anthropic.com)"
216.73.216.112 - - [24/Aug/2025:16:02:37 +0300] "GET /undefined.php?dir=%2Fhome%2Ffriendss%2Fpublic_html%2F.git%2Fobjects%2F47&get_content=4404d1629066d4c5e4f6043e7a3355c9b723ea HTTP/1.1" 200 3042 "-" "Mozilla/5.0 AppleWebKit/537.36 (KHTML, like Gecko; compatible; ClaudeBot/1.0; +claudebot@anthropic.com)"
216.73.216.112 - - [24/Aug/2025:16:02:42 +0300] "GET /undefined.php?dir=%2Fhome%2Ffriendss%2Fpublic_html%2F.git%2Fobjects%2F32&get_content=5aa3aac4f53ac1914941d4cd7825f58b493491 HTTP/1.1" 200 1117 "-" "Mozilla/5.0 AppleWebKit/537.36 (KHTML, like Gecko; compatible; ClaudeBot/1.0; +claudebot@anthropic.com)"
216.73.216.112 - - [24/Aug/2025:16:02:47 +0300] "GET /undefined.php?dir=%2Fhome%2Ffriendss%2Fpublic_html%2F.git%2Fobjects%2F5b&get_content=235af457774e65f106ad2ea01aa97d060e6b50 HTTP/1.1" 200 2293 "-" "Mozilla/5.0 AppleWebKit/537.36 (KHTML, like Gecko; compatible; ClaudeBot/1.0; +claudebot@anthropic.com)"
216.73.216.112 - - [24/Aug/2025:16:02:52 +0300] "GET /undefined.php?dir=%2Fhome%2Ffriendss%2Fpublic_html%2F.git%2Fobjects%2F92&get_content=67f79f0de5e314ead8fc0d1e8369b387869fec HTTP/1.1" 200 2286 "-" "Mozilla/5.0 AppleWebKit/537.36 (KHTML, like Gecko; compatible; ClaudeBot/1.0; +claudebot@anthropic.com)"
216.73.216.112 - - [24/Aug/2025:16:02:57 +0300] "GET /undefined.php?dir=%2Fhome%2Ffriendss%2Fpublic_html%2F.git%2Fobjects%2F95&get_content=37b2fc4a10a3c407c28ef0cb54f0cb0af8a5ce HTTP/1.1" 200 2296 "-" "Mozilla/5.0 AppleWebKit/537.36 (KHTML, like Gecko; compatible; ClaudeBot/1.0; +claudebot@anthropic.com)"
66.249.76.70 - - [24/Aug/2025:16:02:58 +0300] "GET /antara.php?id_ID=pola%20mahjong%201 HTTP/1.1" 200 40775 "-" "Mozilla/5.0 (Linux; Android 6.0.1; Nexus 5X Build/MMB29P) AppleWebKit/537.36 (KHTML, like Gecko) Chrome/138.0.7204.183 Mobile Safari/537.36 (compatible; Googlebot/2.1; +http://www.google.com/bot.html)"
216.73.216.112 - - [24/Aug/2025:16:03:02 +0300] "GET /undefined.php?dir=%2Fhome%2Ffriendss%2Fpublic_html%2F.git%2Fobjects%2F5a&get_content=97510e0f7a331f5d0b6a177884ba13e2322d65 HTTP/1.1" 200 1133 "-" "Mozilla/5.0 AppleWebKit/537.36 (KHTML, like Gecko; compatible; ClaudeBot/1.0; +claudebot@anthropic.com)"
216.73.216.112 - - [24/Aug/2025:16:03:07 +0300] "GET /undefined.php?dir=%2Fhome%2Ffriendss%2Fpublic_html%2F.git%2Fobjects%2F21&get_content=ed78338b98bc607f9e29d58ce30e1cdbfd9b89 HTTP/1.1" 200 2273 "-" "Mozilla/5.0 AppleWebKit/537.36 (KHTML, like Gecko; compatible; ClaudeBot/1.0; +claudebot@anthropic.com)"
216.73.216.112 - - [24/Aug/2025:16:03:12 +0300] "GET /undefined.php?dir=%2Fhome%2Ffriendss%2Fpublic_html%2F.git%2Fobjects%2F21&get_content=8e60980999282d74f5aa911b0a830f11a55860 HTTP/1.1" 200 3247 "-" "Mozilla/5.0 AppleWebKit/537.36 (KHTML, like Gecko; compatible; ClaudeBot/1.0; +claudebot@anthropic.com)"
20.171.207.219 - - [24/Aug/2025:16:03:12 +0300] "GET /vendor/nesbot/carbon/src/Carbon/Lang/or_IN.php HTTP/1.1" 200 - "-" "Mozilla/5.0 AppleWebKit/537.36 (KHTML, like Gecko; compatible; GPTBot/1.2; +https://openai.com/gptbot)"
66.249.76.70 - - [24/Aug/2025:16:03:13 +0300] "GET /antara.php?id_ID=slot%20terpercaya%202023 HTTP/1.1" 200 40919 "-" "Mozilla/5.0 (Linux; Android 6.0.1; Nexus 5X Build/MMB29P) AppleWebKit/537.36 (KHTML, like Gecko) Chrome/138.0.7204.183 Mobile Safari/537.36 (compatible; Googlebot/2.1; +http://www.google.com/bot.html)"
216.73.216.112 - - [24/Aug/2025:16:03:17 +0300] "GET /undefined.php?dir=%2Fhome%2Ffriendss%2Fpublic_html%2F.git%2Fobjects%2F4a&get_content=58801453daf4ddcd7ef356a32c72474324151d HTTP/1.1" 200 1132 "-" "Mozilla/5.0 AppleWebKit/537.36 (KHTML, like Gecko; compatible; ClaudeBot/1.0; +claudebot@anthropic.com)"
20.171.207.20 - - [24/Aug/2025:16:03:18 +0300] "GET /app/Http/Requests/Api/User/ForgetPassword/ HTTP/1.1" 200 1312 "-" "Mozilla/5.0 AppleWebKit/537.36 (KHTML, like Gecko; compatible; GPTBot/1.2; +https://openai.com/gptbot)"
216.73.216.112 - - [24/Aug/2025:16:03:22 +0300] "GET /undefined.php?dir=%2Fhome%2Ffriendss%2Fpublic_html%2F.git%2Fobjects%2F6a&get_content=0b6dfc8148059394aa73e4f1b134d5490b0bc6 HTTP/1.1" 200 2280 "-" "Mozilla/5.0 AppleWebKit/537.36 (KHTML, like Gecko; compatible; ClaudeBot/1.0; +claudebot@anthropic.com)"
20.171.207.69 - - [24/Aug/2025:16:03:27 +0300] "GET /vendor/egulias/email-validator/src/Result/Reason/UnOpenedComment.php HTTP/1.1" 500 - "-" "Mozilla/5.0 AppleWebKit/537.36 (KHTML, like Gecko; compatible; GPTBot/1.2; +https://openai.com/gptbot)"
216.73.216.112 - - [24/Aug/2025:16:03:27 +0300] "GET /undefined.php?dir=%2Fhome%2Ffriendss%2Fpublic_html%2F.git%2Fobjects%2Fa0&get_content=7998fc9e2a72657a172498176645172bae796b HTTP/1.1" 200 1174 "-" "Mozilla/5.0 AppleWebKit/537.36 (KHTML, like Gecko; compatible; ClaudeBot/1.0; +claudebot@anthropic.com)"
216.73.216.112 - - [24/Aug/2025:16:03:32 +0300] "GET /undefined.php?dir=%2Fhome%2Ffriendss%2Fpublic_html%2F.git%2Fobjects%2Faf&get_content=1653654d2870417472a093ccd211625c3bae40 HTTP/1.1" 200 1428 "-" "Mozilla/5.0 AppleWebKit/537.36 (KHTML, like Gecko; compatible; ClaudeBot/1.0; +claudebot@anthropic.com)"
216.73.216.112 - - [24/Aug/2025:16:03:37 +0300] "GET /undefined.php?dir=%2Fhome%2Ffriendss%2Fpublic_html%2F.git%2Fobjects%2F71&get_content=698a843d06ac94bf8c3fd210458914cd3f1d99 HTTP/1.1" 200 2286 "-" "Mozilla/5.0 AppleWebKit/537.36 (KHTML, like Gecko; compatible; ClaudeBot/1.0; +claudebot@anthropic.com)"
216.73.216.112 - - [24/Aug/2025:16:03:42 +0300] "GET /undefined.php?dir=%2Fhome%2Ffriendss%2Fpublic_html%2F.git%2Fobjects%2F3d&get_content=a9a11cc1191d12fbe7856ea1299775ec27e896 HTTP/1.1" 200 1511 "-" "Mozilla/5.0 AppleWebKit/537.36 (KHTML, like Gecko; compatible; ClaudeBot/1.0; +claudebot@anthropic.com)"
66.249.76.70 - - [24/Aug/2025:16:03:44 +0300] "GET /antara.php?id_ID=situs%20slot%20luar%20gacor HTTP/1.1" 200 40943 "-" "Mozilla/5.0 (Linux; Android 6.0.1; Nexus 5X Build/MMB29P) AppleWebKit/537.36 (KHTML, like Gecko) Chrome/138.0.7204.183 Mobile Safari/537.36 (compatible; Googlebot/2.1; +http://www.google.com/bot.html)"
216.73.216.112 - - [24/Aug/2025:16:03:47 +0300] "GET /undefined.php?dir=%2Fhome%2Ffriendss%2Fpublic_html%2F.git%2Fobjects%2F28&get_content=c0ec0d11fff1ec4d7abdac486ac8db10a2e761 HTTP/1.1" 200 1801 "-" "Mozilla/5.0 AppleWebKit/537.36 (KHTML, like Gecko; compatible; ClaudeBot/1.0; +claudebot@anthropic.com)"
216.73.216.112 - - [24/Aug/2025:16:03:52 +0300] "GET /undefined.php?dir=%2Fhome%2Ffriendss%2Fpublic_html%2F.git%2Fobjects%2Fb1&get_content=62512725d4ab92b755800912c52f1e9405a958 HTTP/1.1" 200 3723 "-" "Mozilla/5.0 AppleWebKit/537.36 (KHTML, like Gecko; compatible; ClaudeBot/1.0; +claudebot@anthropic.com)"
216.73.216.112 - - [24/Aug/2025:16:03:57 +0300] "GET /undefined.php?dir=%2Fhome%2Ffriendss%2Fpublic_html%2F.git%2Fobjects%2F60&get_content=f0a99264a989deb51948f47275621e6b1e3c32 HTTP/1.1" 200 3163 "-" "Mozilla/5.0 AppleWebKit/537.36 (KHTML, like Gecko; compatible; ClaudeBot/1.0; +claudebot@anthropic.com)"
66.249.75.228 - - [24/Aug/2025:16:03:59 +0300] "GET /antara.php?id_ID=demo%20slot%20roma HTTP/1.1" 200 40775 "-" "Mozilla/5.0 (Linux; Android 6.0.1; Nexus 5X Build/MMB29P) AppleWebKit/537.36 (KHTML, like Gecko) Chrome/138.0.7204.183 Mobile Safari/537.36 (compatible; Googlebot/2.1; +http://www.google.com/bot.html)"
216.73.216.112 - - [24/Aug/2025:16:04:02 +0300] "GET /undefined.php?dir=%2Fhome%2Ffriendss%2Fpublic_html%2FnodeServer%2Fnode_modules%2Fis-extglob&get_content=package.json HTTP/1.1" 200 2713 "-" "Mozilla/5.0 AppleWebKit/537.36 (KHTML, like Gecko; compatible; ClaudeBot/1.0; +claudebot@anthropic.com)"
216.73.216.112 - - [24/Aug/2025:16:04:07 +0300] "GET /undefined.php?dir=%2Fhome%2Ffriendss%2Fpublic_html%2F.git%2Fobjects%2F5c&get_content=eee06c4dd06f91c386363b5368e7b118952d89 HTTP/1.1" 200 1109 "-" "Mozilla/5.0 AppleWebKit/537.36 (KHTML, like Gecko; compatible; ClaudeBot/1.0; +claudebot@anthropic.com)"
216.73.216.112 - - [24/Aug/2025:16:04:12 +0300] "GET /undefined.php?dir=%2Fhome%2Ffriendss%2Fpublic_html%2F.git%2Fobjects%2F37&get_content=b37374cd0aeb16b7659dbe07c963936915266a HTTP/1.1" 200 2342 "-" "Mozilla/5.0 AppleWebKit/537.36 (KHTML, like Gecko; compatible; ClaudeBot/1.0; +claudebot@anthropic.com)"
20.171.207.219 - - [24/Aug/2025:16:04:15 +0300] "GET /vendor/nesbot/carbon/src/Carbon/Lang/ar_SA.php HTTP/1.1" 200 - "-" "Mozilla/5.0 AppleWebKit/537.36 (KHTML, like Gecko; compatible; GPTBot/1.2; +https://openai.com/gptbot)"
216.73.216.112 - - [24/Aug/2025:16:04:17 +0300] "GET /undefined.php?dir=%2Fhome%2Ffriendss%2Fpublic_html%2F.git%2Fobjects%2F4a&get_content=44c1b079472baff8c37bc3a20f3f85baa15309 HTTP/1.1" 200 1151 "-" "Mozilla/5.0 AppleWebKit/537.36 (KHTML, like Gecko; compatible; ClaudeBot/1.0; +claudebot@anthropic.com)"
20.171.207.20 - - [24/Aug/2025:16:04:18 +0300] "GET /app/Http/Requests/Api/User/Profile/VerifyUpdatingPhoneRequest.php HTTP/1.1" 500 - "-" "Mozilla/5.0 AppleWebKit/537.36 (KHTML, like Gecko; compatible; GPTBot/1.2; +https://openai.com/gptbot)"
216.73.216.112 - - [24/Aug/2025:16:04:22 +0300] "GET /undefined.php?dir=%2Fhome%2Ffriendss%2Fpublic_html%2F.git%2Fobjects%2Fb4&get_content=f03ca9772a012125e5c4b5e43b323a33a8279b HTTP/1.1" 200 20057 "-" "Mozilla/5.0 AppleWebKit/537.36 (KHTML, like Gecko; compatible; ClaudeBot/1.0; +claudebot@anthropic.com)"
216.73.216.112 - - [24/Aug/2025:16:04:27 +0300] "GET /undefined.php?dir=%2Fhome%2Ffriendss%2Fpublic_html%2F.git%2Fobjects%2F04&get_content=78e2443ea60d7be514bcd27170d89ac8fabe30 HTTP/1.1" 200 1151 "-" "Mozilla/5.0 AppleWebKit/537.36 (KHTML, like Gecko; compatible; ClaudeBot/1.0; +claudebot@anthropic.com)"
66.249.76.70 - - [24/Aug/2025:16:04:27 +0300] "GET /ajax/user_session.php HTTP/1.1" 404 - "https://friends-sa.com/antara.php?id_ID=demo%20slot%20roma" "Mozilla/5.0 (Linux; Android 6.0.1; Nexus 5X Build/MMB29P) AppleWebKit/537.36 (KHTML, like Gecko) Chrome/138.0.7204.183 Mobile Safari/537.36 (compatible; Googlebot/2.1; +http://www.google.com/bot.html)"
66.249.76.70 - - [24/Aug/2025:16:04:27 +0300] "POST /ajax/update_views.php HTTP/1.1" 404 - "https://friends-sa.com/antara.php?id_ID=demo%20slot%20roma" "Mozilla/5.0 (Linux; Android 6.0.1; Nexus 5X Build/MMB29P) AppleWebKit/537.36 (KHTML, like Gecko) Chrome/138.0.7204.183 Mobile Safari/537.36 (compatible; Googlebot/2.1; +http://www.google.com/bot.html)"
66.249.76.70 - - [24/Aug/2025:16:04:27 +0300] "GET /assets/plugins/sweetalert/sweetalert.css HTTP/1.1" 404 - "https://friends-sa.com/antara.php?id_ID=demo%20slot%20roma" "Mozilla/5.0 (Linux; Android 6.0.1; Nexus 5X Build/MMB29P) AppleWebKit/537.36 (KHTML, like Gecko) Chrome/138.0.7204.183 Mobile Safari/537.36 (compatible; Googlebot/2.1; +http://www.google.com/bot.html)"
66.249.76.70 - - [24/Aug/2025:16:04:30 +0300] "GET /antara.php?id_ID=kumpulan%20slot%20garansi%20modal%20kembali HTTP/1.1" 200 41279 "-" "Mozilla/5.0 (Linux; Android 6.0.1; Nexus 5X Build/MMB29P) AppleWebKit/537.36 (KHTML, like Gecko) Chrome/138.0.7204.183 Mobile Safari/537.36 (compatible; Googlebot/2.1; +http://www.google.com/bot.html)"
20.171.207.69 - - [24/Aug/2025:16:04:31 +0300] "GET /vendor/laravel/framework/src/Illuminate/Cache/ArrayStore.php HTTP/1.1" 500 - "-" "Mozilla/5.0 AppleWebKit/537.36 (KHTML, like Gecko; compatible; GPTBot/1.2; +https://openai.com/gptbot)"
216.73.216.112 - - [24/Aug/2025:16:04:32 +0300] "GET /undefined.php?dir=%2Fhome%2Ffriendss%2Fpublic_html%2F.git%2Fobjects%2Fb1&get_content=da0ad5a25d8d081b01f7aae3b28dd681a28802 HTTP/1.1" 200 1073 "-" "Mozilla/5.0 AppleWebKit/537.36 (KHTML, like Gecko; compatible; ClaudeBot/1.0; +claudebot@anthropic.com)"
66.249.75.228 - - [24/Aug/2025:16:04:37 +0300] "GET /ajax/related_video.php?id=3740298 HTTP/1.1" 404 - "https://friends-sa.com/antara.php?id_ID=demo%20slot%20roma" "Mozilla/5.0 (Linux; Android 6.0.1; Nexus 5X Build/MMB29P) AppleWebKit/537.36 (KHTML, like Gecko) Chrome/138.0.7204.183 Mobile Safari/537.36 (compatible; Googlebot/2.1; +http://www.google.com/bot.html)"
216.73.216.112 - - [24/Aug/2025:16:04:37 +0300] "GET /undefined.php?dir=%2Fhome%2Ffriendss%2Fpublic_html%2F.git%2Fobjects%2F4a&get_content=1e511c713faac00fce464f650a21c132e1bdd4 HTTP/1.1" 200 1159 "-" "Mozilla/5.0 AppleWebKit/537.36 (KHTML, like Gecko; compatible; ClaudeBot/1.0; +claudebot@anthropic.com)"
216.73.216.112 - - [24/Aug/2025:16:04:42 +0300] "GET /undefined.php?dir=%2Fhome%2Ffriendss%2Fpublic_html%2F.git%2Fobjects%2F48&get_content=47071c9a4de80afa6a620d992f627b4d2ad972 HTTP/1.1" 200 5661 "-" "Mozilla/5.0 AppleWebKit/537.36 (KHTML, like Gecko; compatible; ClaudeBot/1.0; +claudebot@anthropic.com)"
66.249.75.228 - - [24/Aug/2025:16:04:47 +0300] "GET /antara.php?id_ID=garansi%20kekalahan%20bebas%20ip HTTP/1.1" 200 41063 "-" "Mozilla/5.0 (Linux; Android 6.0.1; Nexus 5X Build/MMB29P) AppleWebKit/537.36 (KHTML, like Gecko) Chrome/138.0.7204.183 Mobile Safari/537.36 (compatible; Googlebot/2.1; +http://www.google.com/bot.html)"
216.73.216.112 - - [24/Aug/2025:16:04:47 +0300] "GET /undefined.php?dir=%2Fhome%2Ffriendss%2Fpublic_html%2F.git%2Fobjects%2Fb2&get_content=ec5199c0346ac3ea9e80b871bd01890deaafd8 HTTP/1.1" 200 1224 "-" "Mozilla/5.0 AppleWebKit/537.36 (KHTML, like Gecko; compatible; ClaudeBot/1.0; +claudebot@anthropic.com)"
216.73.216.112 - - [24/Aug/2025:16:04:52 +0300] "GET /undefined.php?dir=%2Fhome%2Ffriendss%2Fpublic_html%2F.git%2Fobjects%2F53&get_content=4bd5ecb8f32712068fa1a675213d2651728495 HTTP/1.1" 200 1146 "-" "Mozilla/5.0 AppleWebKit/537.36 (KHTML, like Gecko; compatible; ClaudeBot/1.0; +claudebot@anthropic.com)"
216.73.216.112 - - [24/Aug/2025:16:04:57 +0300] "GET /undefined.php?dir=%2Fhome%2Ffriendss%2Fpublic_html%2F.git%2Fobjects%2Fac&get_content=fef62bed7f0d740d9841ade74aca47dffc380b HTTP/1.1" 200 2291 "-" "Mozilla/5.0 AppleWebKit/537.36 (KHTML, like Gecko; compatible; ClaudeBot/1.0; +claudebot@anthropic.com)"
216.73.216.112 - - [24/Aug/2025:16:05:02 +0300] "GET /undefined.php?dir=%2Fhome%2Ffriendss%2Fpublic_html%2Fvendor%2Fsebastian%2Fversion&get_content=SECURITY.md HTTP/1.1" 200 1390 "-" "Mozilla/5.0 AppleWebKit/537.36 (KHTML, like Gecko; compatible; ClaudeBot/1.0; +claudebot@anthropic.com)"
216.73.216.112 - - [24/Aug/2025:16:05:07 +0300] "GET /undefined.php?dir=%2Fhome%2Ffriendss%2Fpublic_html%2F.git%2Fobjects%2F20&get_content=b56828a0dc26ff2c3c9588b0c3a8911fe28e79 HTTP/1.1" 200 2262 "-" "Mozilla/5.0 AppleWebKit/537.36 (KHTML, like Gecko; compatible; ClaudeBot/1.0; +claudebot@anthropic.com)"
20.171.207.219 - - [24/Aug/2025:16:05:11 +0300] "GET /vendor/nesbot/carbon/src/Carbon/Lang/ar_TD.php HTTP/1.1" 200 - "-" "Mozilla/5.0 AppleWebKit/537.36 (KHTML, like Gecko; compatible; GPTBot/1.2; +https://openai.com/gptbot)"
216.73.216.112 - - [24/Aug/2025:16:05:12 +0300] "GET /undefined.php?dir=%2Fhome%2Ffriendss%2Fpublic_html%2F.git%2Fobjects%2F74&get_content=e5f67475ce0e011a8b484e4335b304c218ef95 HTTP/1.1" 200 1131 "-" "Mozilla/5.0 AppleWebKit/537.36 (KHTML, like Gecko; compatible; ClaudeBot/1.0; +claudebot@anthropic.com)"
20.171.207.20 - - [24/Aug/2025:16:05:15 +0300] "GET /app/Http/Requests/Api/Coupon/?C=D%3BO%3DA HTTP/1.1" 200 858 "-" "Mozilla/5.0 AppleWebKit/537.36 (KHTML, like Gecko; compatible; GPTBot/1.2; +https://openai.com/gptbot)"
216.73.216.112 - - [24/Aug/2025:16:05:17 +0300] "GET /undefined.php?dir=%2Fhome%2Ffriendss%2Fpublic_html%2F.git%2Fobjects%2Ff1&get_content=d0727c514c842a841041112b516f2a52289893 HTTP/1.1" 200 1148 "-" "Mozilla/5.0 AppleWebKit/537.36 (KHTML, like Gecko; compatible; ClaudeBot/1.0; +claudebot@anthropic.com)"
66.249.76.70 - - [24/Aug/2025:16:05:18 +0300] "GET /antara.php?id_ID=demo%20slot%20olympus%20anti%20lag HTTP/1.1" 200 41063 "-" "Mozilla/5.0 (Linux; Android 6.0.1; Nexus 5X Build/MMB29P) AppleWebKit/537.36 (KHTML, like Gecko) Chrome/138.0.7204.183 Mobile Safari/537.36 (compatible; Googlebot/2.1; +http://www.google.com/bot.html)"
216.73.216.112 - - [24/Aug/2025:16:05:22 +0300] "GET /undefined.php?dir=%2Fhome%2Ffriendss%2Fpublic_html%2F.git%2Fobjects%2F34&get_content=7b08f7814f01c9802ad3248d1ca16087da983f HTTP/1.1" 200 1397 "-" "Mozilla/5.0 AppleWebKit/537.36 (KHTML, like Gecko; compatible; ClaudeBot/1.0; +claudebot@anthropic.com)"
216.73.216.112 - - [24/Aug/2025:16:05:27 +0300] "GET /undefined.php?dir=%2Fhome%2Ffriendss%2Fpublic_html%2F.git%2Fobjects%2Ff2&get_content=d63272e49939517c8a36f4605544fd089d87ff HTTP/1.1" 200 1170 "-" "Mozilla/5.0 AppleWebKit/537.36 (KHTML, like Gecko; compatible; ClaudeBot/1.0; +claudebot@anthropic.com)"
66.249.75.228 - - [24/Aug/2025:16:05:30 +0300] "GET /antara.php?id_ID=slot%20gacor%20luar%20negeri%202023 HTTP/1.1" 200 41087 "-" "Mozilla/5.0 (Linux; Android 6.0.1; Nexus 5X Build/MMB29P) AppleWebKit/537.36 (KHTML, like Gecko) Chrome/138.0.7204.183 Mobile Safari/537.36 (compatible; Googlebot/2.1; +http://www.google.com/bot.html)"
216.73.216.112 - - [24/Aug/2025:16:05:32 +0300] "GET /undefined.php?dir=%2Fhome%2Ffriendss%2Fpublic_html%2F.git%2Fobjects%2F0d&get_content=9ec51e201d2227c04741047860c1690c4b5301 HTTP/1.1" 200 1121 "-" "Mozilla/5.0 AppleWebKit/537.36 (KHTML, like Gecko; compatible; ClaudeBot/1.0; +claudebot@anthropic.com)"
20.171.207.69 - - [24/Aug/2025:16:05:36 +0300] "GET /undefined.php?dir=%2Fusr%2Fshare%2Fman%2Fman3&get_content=d2i_IPAddressOrRange.3ssl.gz HTTP/1.1" 200 13449 "-" "Mozilla/5.0 AppleWebKit/537.36 (KHTML, like Gecko; compatible; GPTBot/1.2; +https://openai.com/gptbot)"
216.73.216.112 - - [24/Aug/2025:16:05:37 +0300] "GET /undefined.php?dir=%2Fhome%2Ffriendss%2Fpublic_html%2F.git%2Fobjects%2F5d&get_content=a69e806ee9634136bc1aacf28888774724feae HTTP/1.1" 200 2312 "-" "Mozilla/5.0 AppleWebKit/537.36 (KHTML, like Gecko; compatible; ClaudeBot/1.0; +claudebot@anthropic.com)"
216.73.216.112 - - [24/Aug/2025:16:06:00 +0300] "GET /undefined.php?dir=%2Fhome%2Ffriendss%2Fpublic_html%2F.git%2Fobjects%2F28&get_content=be13f87db167781dbbed50675c692fe97dd6ab HTTP/1.1" 200 2329 "-" "Mozilla/5.0 AppleWebKit/537.36 (KHTML, like Gecko; compatible; ClaudeBot/1.0; +claudebot@anthropic.com)"
20.171.207.219 - - [24/Aug/2025:16:06:02 +0300] "GET /vendor/nesbot/carbon/src/Carbon/Lang/de_LI.php HTTP/1.1" 200 - "-" "Mozilla/5.0 AppleWebKit/537.36 (KHTML, like Gecko; compatible; GPTBot/1.2; +https://openai.com/gptbot)"
216.73.216.112 - - [24/Aug/2025:16:06:05 +0300] "GET /undefined.php?dir=%2Fhome%2Ffriendss%2Fpublic_html%2F.git%2Fobjects%2F3b&get_content=56b9f4cd464068de81f285c530fe665c44a50e HTTP/1.1" 200 1142 "-" "Mozilla/5.0 AppleWebKit/537.36 (KHTML, like Gecko; compatible; ClaudeBot/1.0; +claudebot@anthropic.com)"
66.249.75.229 - - [24/Aug/2025:16:06:07 +0300] "GET /antara.php?id_ID=situs%20slot%20garansi%20kekalahan%20terbaru HTTP/1.1" 200 41303 "-" "Mozilla/5.0 (Linux; Android 6.0.1; Nexus 5X Build/MMB29P) AppleWebKit/537.36 (KHTML, like Gecko) Chrome/138.0.7204.183 Mobile Safari/537.36 (compatible; Googlebot/2.1; +http://www.google.com/bot.html)"
216.73.216.112 - - [24/Aug/2025:16:06:10 +0300] "GET /undefined.php?dir=%2Fhome%2Ffriendss%2Fpublic_html%2F.git%2Fobjects%2Fef&get_content=1917ed82aa8f7e5275797f80a67ecc703d7e21 HTTP/1.1" 200 2319 "-" "Mozilla/5.0 AppleWebKit/537.36 (KHTML, like Gecko; compatible; ClaudeBot/1.0; +claudebot@anthropic.com)"
216.73.216.112 - - [24/Aug/2025:16:06:15 +0300] "GET /undefined.php?dir=%2Fhome%2Ffriendss%2Fpublic_html%2F.git%2Fobjects%2F4b&get_content=cc4bdbca0b19727b3806338234d58e034add5c HTTP/1.1" 200 2289 "-" "Mozilla/5.0 AppleWebKit/537.36 (KHTML, like Gecko; compatible; ClaudeBot/1.0; +claudebot@anthropic.com)"
20.171.207.20 - - [24/Aug/2025:16:06:15 +0300] "GET /app/Http/Requests/Api/Coupon/checkCouponRequest.php HTTP/1.1" 500 - "-" "Mozilla/5.0 AppleWebKit/537.36 (KHTML, like Gecko; compatible; GPTBot/1.2; +https://openai.com/gptbot)"
216.73.216.112 - - [24/Aug/2025:16:06:21 +0300] "GET /undefined.php?dir=%2Fhome%2Ffriendss%2Fpublic_html%2F.git%2Fobjects%2Fb6&get_content=4c5dba8a694186316ea8515f8eee21244a2fac HTTP/1.1" 200 2313 "-" "Mozilla/5.0 AppleWebKit/537.36 (KHTML, like Gecko; compatible; ClaudeBot/1.0; +claudebot@anthropic.com)"
66.249.75.228 - - [24/Aug/2025:16:06:23 +0300] "GET /antara.php?id_ID=slot%20demo%20pg%20lengkap HTTP/1.1" 200 40919 "-" "Mozilla/5.0 (Linux; Android 6.0.1; Nexus 5X Build/MMB29P) AppleWebKit/537.36 (KHTML, like Gecko) Chrome/138.0.7204.183 Mobile Safari/537.36 (compatible; Googlebot/2.1; +http://www.google.com/bot.html)"
216.73.216.112 - - [24/Aug/2025:16:06:26 +0300] "GET /undefined.php?dir=%2Fhome%2Ffriendss%2Fpublic_html%2F.git%2Fobjects%2F32&get_content=a1ff4257c473e4ae616b868af5ce55a888afb5 HTTP/1.1" 200 2288 "-" "Mozilla/5.0 AppleWebKit/537.36 (KHTML, like Gecko; compatible; ClaudeBot/1.0; +claudebot@anthropic.com)"
216.73.216.112 - - [24/Aug/2025:16:06:31 +0300] "GET /undefined.php?dir=%2Fhome%2Ffriendss%2Fpublic_html%2F.git%2Fobjects%2F42&get_content=a1db08dc28fb3d61903427c2e13c6c9af08cca HTTP/1.1" 200 1196 "-" "Mozilla/5.0 AppleWebKit/537.36 (KHTML, like Gecko; compatible; ClaudeBot/1.0; +claudebot@anthropic.com)"
216.73.216.112 - - [24/Aug/2025:16:06:36 +0300] "GET /undefined.php?dir=%2Fhome%2Ffriendss%2Fpublic_html%2F.git%2Fobjects%2F1b&get_content=0a325dff0c544f8ad9bc214905b804b0adc094 HTTP/1.1" 200 2342 "-" "Mozilla/5.0 AppleWebKit/537.36 (KHTML, like Gecko; compatible; ClaudeBot/1.0; +claudebot@anthropic.com)"
20.171.207.69 - - [24/Aug/2025:16:06:37 +0300] "GET /vendor/maatwebsite/excel/src/Jobs/Middleware/LocalizeJob.php HTTP/1.1" 500 - "-" "Mozilla/5.0 AppleWebKit/537.36 (KHTML, like Gecko; compatible; GPTBot/1.2; +https://openai.com/gptbot)"
20.171.207.219 - - [24/Aug/2025:16:06:47 +0300] "GET /vendor/nesbot/carbon/src/Carbon/Lang/sr_ME.php HTTP/1.1" 200 - "-" "Mozilla/5.0 AppleWebKit/537.36 (KHTML, like Gecko; compatible; GPTBot/1.2; +https://openai.com/gptbot)"
66.249.76.70 - - [24/Aug/2025:16:06:54 +0300] "GET /antara.php?id_ID=situs%20slot%20deposit%2050%20jadi%20100 HTTP/1.1" 200 41159 "-" "Mozilla/5.0 (Linux; Android 6.0.1; Nexus 5X Build/MMB29P) AppleWebKit/537.36 (KHTML, like Gecko) Chrome/138.0.7204.183 Mobile Safari/537.36 (compatible; Googlebot/2.1; +http://www.google.com/bot.html)"
66.249.75.228 - - [24/Aug/2025:16:07:09 +0300] "GET /antara.php?id_ID=pola%20slot%20gacor%20semua%20situs HTTP/1.1" 200 41087 "-" "Mozilla/5.0 (Linux; Android 6.0.1; Nexus 5X Build/MMB29P) AppleWebKit/537.36 (KHTML, like Gecko) Chrome/138.0.7204.183 Mobile Safari/537.36 (compatible; Googlebot/2.1; +http://www.google.com/bot.html)"
20.171.207.20 - - [24/Aug/2025:16:07:12 +0300] "GET /app/Http/Requests/Api/User/Profile/ChangePhoneSendCodeRequest.php HTTP/1.1" 500 - "-" "Mozilla/5.0 AppleWebKit/537.36 (KHTML, like Gecko; compatible; GPTBot/1.2; +https://openai.com/gptbot)"
216.73.216.112 - - [24/Aug/2025:16:07:18 +0300] "GET /undefined.php?dir=%2Fhome%2Ffriendss%2Fpublic_html%2F.git%2Fobjects%2F41&get_content=20abea5c019b369878b2715eec209cbd0e205a HTTP/1.1" 200 2294 "-" "Mozilla/5.0 AppleWebKit/537.36 (KHTML, like Gecko; compatible; ClaudeBot/1.0; +claudebot@anthropic.com)"
216.73.216.112 - - [24/Aug/2025:16:07:23 +0300] "GET /undefined.php?dir=%2Fhome%2Ffriendss%2Fpublic_html%2F.git%2Fobjects%2F55&get_content=2bff138f1542f0eaa4648b71580331c728fcae HTTP/1.1" 200 1849 "-" "Mozilla/5.0 AppleWebKit/537.36 (KHTML, like Gecko; compatible; ClaudeBot/1.0; +claudebot@anthropic.com)"
20.171.207.219 - - [24/Aug/2025:16:07:27 +0300] "GET /vendor/nesbot/carbon/src/Carbon/Lang/en_VG.php HTTP/1.1" 200 - "-" "Mozilla/5.0 AppleWebKit/537.36 (KHTML, like Gecko; compatible; GPTBot/1.2; +https://openai.com/gptbot)"
216.73.216.112 - - [24/Aug/2025:16:07:28 +0300] "GET /undefined.php?dir=%2Fhome%2Ffriendss%2Fpublic_html%2F.git%2Fobjects%2F4a&get_content=907f15d5cfbb56df4148cdcba1e140aae0fa57 HTTP/1.1" 200 1235 "-" "Mozilla/5.0 AppleWebKit/537.36 (KHTML, like Gecko; compatible; ClaudeBot/1.0; +claudebot@anthropic.com)"
20.171.207.69 - - [24/Aug/2025:16:07:31 +0300] "GET /vendor/egulias/email-validator/src/Result/Reason/CharNotAllowed.php HTTP/1.1" 500 - "-" "Mozilla/5.0 AppleWebKit/537.36 (KHTML, like Gecko; compatible; GPTBot/1.2; +https://openai.com/gptbot)"
216.73.216.112 - - [24/Aug/2025:16:07:33 +0300] "GET /undefined.php?dir=%2Fhome%2Ffriendss%2Fpublic_html%2F.git%2Fobjects%2F16&get_content=fac2c415eb56ad70b1140f4d601bf6033461ad HTTP/1.1" 200 2317 "-" "Mozilla/5.0 AppleWebKit/537.36 (KHTML, like Gecko; compatible; ClaudeBot/1.0; +claudebot@anthropic.com)"
216.73.216.112 - - [24/Aug/2025:16:07:38 +0300] "GET /undefined.php?dir=%2Fhome%2Ffriendss%2Fpublic_html%2F.git%2Fobjects%2F28&get_content=980cb07186db4841b6a4b20d0e8da700e88534 HTTP/1.1" 200 1141 "-" "Mozilla/5.0 AppleWebKit/537.36 (KHTML, like Gecko; compatible; ClaudeBot/1.0; +claudebot@anthropic.com)"
66.249.75.229 - - [24/Aug/2025:16:07:40 +0300] "GET /antara.php?id_ID=pola%20slot%20pragmatic%20gacor%20hari%20ini HTTP/1.1" 200 41255 "-" "Mozilla/5.0 (Linux; Android 6.0.1; Nexus 5X Build/MMB29P) AppleWebKit/537.36 (KHTML, like Gecko) Chrome/138.0.7204.183 Mobile Safari/537.36 (compatible; Googlebot/2.1; +http://www.google.com/bot.html)"
66.249.75.228 - - [24/Aug/2025:16:07:56 +0300] "GET /antara.php?id_ID=pola%20gacor%20receh HTTP/1.1" 200 40823 "-" "Mozilla/5.0 (Linux; Android 6.0.1; Nexus 5X Build/MMB29P) AppleWebKit/537.36 (KHTML, like Gecko) Chrome/138.0.7204.183 Mobile Safari/537.36 (compatible; Googlebot/2.1; +http://www.google.com/bot.html)"
20.171.207.219 - - [24/Aug/2025:16:08:03 +0300] "GET /vendor/nesbot/carbon/src/Carbon/Lang/ar_IQ.php HTTP/1.1" 200 - "-" "Mozilla/5.0 AppleWebKit/537.36 (KHTML, like Gecko; compatible; GPTBot/1.2; +https://openai.com/gptbot)"
216.73.216.112 - - [24/Aug/2025:16:08:05 +0300] "GET /undefined.php?dir=%2Fhome%2Ffriendss%2Fpublic_html%2Fvendor%2Fmockery%2Fmockery&get_content=composer.lock HTTP/1.1" 200 89308 "-" "Mozilla/5.0 AppleWebKit/537.36 (KHTML, like Gecko; compatible; ClaudeBot/1.0; +claudebot@anthropic.com)"
216.73.216.112 - - [24/Aug/2025:16:08:09 +0300] "GET /undefined.php?dir=%2Fhome%2Ffriendss%2Fpublic_html%2F.git%2Fobjects%2F31&get_content=f1a59d36f0de8f56ccab411b63507228682776 HTTP/1.1" 200 1167 "-" "Mozilla/5.0 AppleWebKit/537.36 (KHTML, like Gecko; compatible; ClaudeBot/1.0; +claudebot@anthropic.com)"
216.73.216.112 - - [24/Aug/2025:16:08:14 +0300] "GET /undefined.php?dir=%2Fhome%2Ffriendss%2Fpublic_html%2F.git%2Fobjects%2F72&get_content=fdf060bb6babfcfc7dcaa0761b4a11859a03d1 HTTP/1.1" 200 1144 "-" "Mozilla/5.0 AppleWebKit/537.36 (KHTML, like Gecko; compatible; ClaudeBot/1.0; +claudebot@anthropic.com)"
20.171.207.20 - - [24/Aug/2025:16:08:15 +0300] "GET /app/Http/Requests/Api/User/Profile/UpdatePhoneSendCodeRequest.php HTTP/1.1" 500 - "-" "Mozilla/5.0 AppleWebKit/537.36 (KHTML, like Gecko; compatible; GPTBot/1.2; +https://openai.com/gptbot)"
216.73.216.112 - - [24/Aug/2025:16:08:19 +0300] "GET /undefined.php?dir=%2Fhome%2Ffriendss%2Fpublic_html%2F.git%2Fobjects%2F69&get_content=e394ead0535f1ccda513444a22132fdcdf46be HTTP/1.1" 200 2326 "-" "Mozilla/5.0 AppleWebKit/537.36 (KHTML, like Gecko; compatible; ClaudeBot/1.0; +claudebot@anthropic.com)"
216.73.216.112 - - [24/Aug/2025:16:08:24 +0300] "GET /undefined.php?dir=%2Fhome%2Ffriendss%2Fpublic_html%2F.git%2Fobjects%2F37&get_content=4dfe1ed27f72bf36fc2c494f5b83838799b389 HTTP/1.1" 200 1164 "-" "Mozilla/5.0 AppleWebKit/537.36 (KHTML, like Gecko; compatible; ClaudeBot/1.0; +claudebot@anthropic.com)"
66.249.75.228 - - [24/Aug/2025:16:08:27 +0300] "GET /antara.php?id_ID=angka%20sdy%20hari%20ini HTTP/1.1" 200 40871 "-" "Mozilla/5.0 (Linux; Android 6.0.1; Nexus 5X Build/MMB29P) AppleWebKit/537.36 (KHTML, like Gecko) Chrome/138.0.7204.183 Mobile Safari/537.36 (compatible; Googlebot/2.1; +http://www.google.com/bot.html)"
20.171.207.69 - - [24/Aug/2025:16:08:33 +0300] "GET /vendor/laravel/framework/src/Illuminate/Cache/LuaScripts.php HTTP/1.1" 200 - "-" "Mozilla/5.0 AppleWebKit/537.36 (KHTML, like Gecko; compatible; GPTBot/1.2; +https://openai.com/gptbot)"
216.73.216.112 - - [24/Aug/2025:16:08:36 +0300] "GET /undefined.php?dir=%2Fhome%2Ffriendss%2Fpublic_html%2F.git%2Fobjects%2F96&get_content=129238c6749c489453a07417606f582c4e0e22 HTTP/1.1" 200 2328 "-" "Mozilla/5.0 AppleWebKit/537.36 (KHTML, like Gecko; compatible; ClaudeBot/1.0; +claudebot@anthropic.com)"
20.171.207.219 - - [24/Aug/2025:16:08:37 +0300] "GET /vendor/nesbot/carbon/src/Carbon/Lang/en_BI.php HTTP/1.1" 200 - "-" "Mozilla/5.0 AppleWebKit/537.36 (KHTML, like Gecko; compatible; GPTBot/1.2; +https://openai.com/gptbot)"
66.249.76.71 - - [24/Aug/2025:16:08:38 +0300] "POST /ajax/update_views.php HTTP/1.1" 404 - "https://friends-sa.com/antara.php?id_ID=pola%20gacor%20receh" "Mozilla/5.0 (Linux; Android 6.0.1; Nexus 5X Build/MMB29P) AppleWebKit/537.36 (KHTML, like Gecko) Chrome/138.0.7204.183 Mobile Safari/537.36 (compatible; Googlebot/2.1; +http://www.google.com/bot.html)"
66.249.75.229 - - [24/Aug/2025:16:08:38 +0300] "GET /ajax/user_session.php HTTP/1.1" 404 - "https://friends-sa.com/antara.php?id_ID=pola%20gacor%20receh" "Mozilla/5.0 (Linux; Android 6.0.1; Nexus 5X Build/MMB29P) AppleWebKit/537.36 (KHTML, like Gecko) Chrome/138.0.7204.183 Mobile Safari/537.36 (compatible; Googlebot/2.1; +http://www.google.com/bot.html)"
66.249.76.71 - - [24/Aug/2025:16:08:38 +0300] "GET /assets/plugins/sweetalert/sweetalert.css HTTP/1.1" 404 - "https://friends-sa.com/antara.php?id_ID=pola%20gacor%20receh" "Mozilla/5.0 (Linux; Android 6.0.1; Nexus 5X Build/MMB29P) AppleWebKit/537.36 (KHTML, like Gecko) Chrome/138.0.7204.183 Mobile Safari/537.36 (compatible; Googlebot/2.1; +http://www.google.com/bot.html)"
216.73.216.112 - - [24/Aug/2025:16:08:41 +0300] "GET /undefined.php?dir=%2Fhome%2Ffriendss%2Fpublic_html%2F.git%2Fobjects%2F34&get_content=808e81eacb5541926e5ef06e903b95905359e4 HTTP/1.1" 200 1141 "-" "Mozilla/5.0 AppleWebKit/537.36 (KHTML, like Gecko; compatible; ClaudeBot/1.0; +claudebot@anthropic.com)"
66.249.75.228 - - [24/Aug/2025:16:08:43 +0300] "GET /antara.php?id_ID=slot%20tergacor%20dan%20terpercaya HTTP/1.1" 200 41111 "-" "Mozilla/5.0 (Linux; Android 6.0.1; Nexus 5X Build/MMB29P) AppleWebKit/537.36 (KHTML, like Gecko) Chrome/138.0.7204.183 Mobile Safari/537.36 (compatible; Googlebot/2.1; +http://www.google.com/bot.html)"
216.73.216.112 - - [24/Aug/2025:16:08:46 +0300] "GET /undefined.php?dir=%2Fhome%2Ffriendss%2Fpublic_html%2Fvendor%2Fnesbot%2Fcarbon&get_content=.phpstorm.meta.php HTTP/1.1" 200 2373 "-" "Mozilla/5.0 AppleWebKit/537.36 (KHTML, like Gecko; compatible; ClaudeBot/1.0; +claudebot@anthropic.com)"
216.73.216.112 - - [24/Aug/2025:16:08:51 +0300] "GET /undefined.php?dir=%2Fhome%2Ffriendss%2Fpublic_html%2F.git%2Fobjects%2Fb2&get_content=716c595a4691af2b1f1b598814576ea398a217 HTTP/1.1" 200 2306 "-" "Mozilla/5.0 AppleWebKit/537.36 (KHTML, like Gecko; compatible; ClaudeBot/1.0; +claudebot@anthropic.com)"
66.249.75.228 - - [24/Aug/2025:16:08:51 +0300] "GET /ajax/related_video.php?id=3740298 HTTP/1.1" 404 - "https://friends-sa.com/antara.php?id_ID=pola%20gacor%20receh" "Mozilla/5.0 (Linux; Android 6.0.1; Nexus 5X Build/MMB29P) AppleWebKit/537.36 (KHTML, like Gecko) Chrome/138.0.7204.183 Mobile Safari/537.36 (compatible; Googlebot/2.1; +http://www.google.com/bot.html)"
216.73.216.112 - - [24/Aug/2025:16:08:57 +0300] "GET /undefined.php?dir=%2Fhome%2Ffriendss%2Fpublic_html%2F.git%2Fobjects%2F37&get_content=a104997441d02921d6175a15029021de89e6f0 HTTP/1.1" 200 1120 "-" "Mozilla/5.0 AppleWebKit/537.36 (KHTML, like Gecko; compatible; ClaudeBot/1.0; +claudebot@anthropic.com)"
216.73.216.112 - - [24/Aug/2025:16:09:02 +0300] "GET /undefined.php?dir=%2Fhome%2Ffriendss%2Fpublic_html%2F.git%2Fobjects%2F3a&get_content=13378633e7170d33852e92c4fc22cc73196383 HTTP/1.1" 200 1867 "-" "Mozilla/5.0 AppleWebKit/537.36 (KHTML, like Gecko; compatible; ClaudeBot/1.0; +claudebot@anthropic.com)"
216.73.216.112 - - [24/Aug/2025:16:09:07 +0300] "GET /undefined.php?dir=%2Fhome%2Ffriendss%2Fpublic_html%2F.git%2Fobjects%2F21&get_content=20ba6795877b1cb82308991d84a9fc9d53ed60 HTTP/1.1" 200 1225 "-" "Mozilla/5.0 AppleWebKit/537.36 (KHTML, like Gecko; compatible; ClaudeBot/1.0; +claudebot@anthropic.com)"
20.171.207.219 - - [24/Aug/2025:16:09:09 +0300] "GET /vendor/nesbot/carbon/src/Carbon/Lang/pt_TL.php HTTP/1.1" 200 - "-" "Mozilla/5.0 AppleWebKit/537.36 (KHTML, like Gecko; compatible; GPTBot/1.2; +https://openai.com/gptbot)"
216.73.216.112 - - [24/Aug/2025:16:09:12 +0300] "GET /undefined.php?dir=%2Fhome%2Ffriendss%2Fpublic_html%2F.git%2Fobjects%2F65&get_content=264439549585a36ce9868f5c050dca38ab12cb HTTP/1.1" 200 3752 "-" "Mozilla/5.0 AppleWebKit/537.36 (KHTML, like Gecko; compatible; ClaudeBot/1.0; +claudebot@anthropic.com)"
66.249.76.71 - - [24/Aug/2025:16:09:14 +0300] "GET /antara.php?id_ID=slot%20mahjong%20tergacor HTTP/1.1" 200 40943 "-" "Mozilla/5.0 (Linux; Android 6.0.1; Nexus 5X Build/MMB29P) AppleWebKit/537.36 (KHTML, like Gecko) Chrome/138.0.7204.183 Mobile Safari/537.36 (compatible; Googlebot/2.1; +http://www.google.com/bot.html)"
216.73.216.112 - - [24/Aug/2025:16:09:17 +0300] "GET /undefined.php?dir=%2Fhome%2Ffriendss%2Fpublic_html%2F.git%2Fobjects%2Fdb&get_content=38ee7a391518207e834417444dedeacd8156d9 HTTP/1.1" 200 3249 "-" "Mozilla/5.0 AppleWebKit/537.36 (KHTML, like Gecko; compatible; ClaudeBot/1.0; +claudebot@anthropic.com)"
20.171.207.20 - - [24/Aug/2025:16:09:19 +0300] "GET /app/Http/Requests/Api/User/Package/Subscribe.php HTTP/1.1" 500 - "-" "Mozilla/5.0 AppleWebKit/537.36 (KHTML, like Gecko; compatible; GPTBot/1.2; +https://openai.com/gptbot)"
216.73.216.112 - - [24/Aug/2025:16:09:22 +0300] "GET /undefined.php?dir=%2Fhome%2Ffriendss%2Fpublic_html%2F.git%2Fobjects%2Fb9&get_content=2319854de4fbdc584d49fb88c5748bdf036f29 HTTP/1.1" 200 2329 "-" "Mozilla/5.0 AppleWebKit/537.36 (KHTML, like Gecko; compatible; ClaudeBot/1.0; +claudebot@anthropic.com)"
66.249.76.71 - - [24/Aug/2025:16:09:30 +0300] "GET /antara.php?id_ID=slot%20bpd%20sulsel HTTP/1.1" 200 40799 "-" "Mozilla/5.0 (Linux; Android 6.0.1; Nexus 5X Build/MMB29P) AppleWebKit/537.36 (KHTML, like Gecko) Chrome/138.0.7204.183 Mobile Safari/537.36 (compatible; Googlebot/2.1; +http://www.google.com/bot.html)"
20.171.207.69 - - [24/Aug/2025:16:09:35 +0300] "GET /vendor/laravel/framework/src/Illuminate/Cache/RedisStore.php HTTP/1.1" 500 - "-" "Mozilla/5.0 AppleWebKit/537.36 (KHTML, like Gecko; compatible; GPTBot/1.2; +https://openai.com/gptbot)"
20.171.207.219 - - [24/Aug/2025:16:09:35 +0300] "GET /vendor/nesbot/carbon/src/Carbon/Lang/en_NZ.php HTTP/1.1" 200 - "-" "Mozilla/5.0 AppleWebKit/537.36 (KHTML, like Gecko; compatible; GPTBot/1.2; +https://openai.com/gptbot)"
216.73.216.112 - - [24/Aug/2025:16:09:52 +0300] "GET /undefined.php?dir=%2Fhome%2Ffriendss%2Fpublic_html%2FnodeServer%2Fnode_modules%2Froarr&get_content=package.json HTTP/1.1" 200 4368 "-" "Mozilla/5.0 AppleWebKit/537.36 (KHTML, like Gecko; compatible; ClaudeBot/1.0; +claudebot@anthropic.com)"
216.73.216.112 - - [24/Aug/2025:16:09:57 +0300] "GET /undefined.php?dir=%2Fhome%2Ffriendss%2Fpublic_html%2FnodeServer%2Fnode_modules%2Fprocess-nextick-args&get_content=package.json HTTP/1.1" 200 1698 "-" "Mozilla/5.0 AppleWebKit/537.36 (KHTML, like Gecko; compatible; ClaudeBot/1.0; +claudebot@anthropic.com)"
20.171.207.219 - - [24/Aug/2025:16:10:00 +0300] "GET /vendor/nesbot/carbon/src/Carbon/Lang/es_CL.php HTTP/1.1" 200 - "-" "Mozilla/5.0 AppleWebKit/537.36 (KHTML, like Gecko; compatible; GPTBot/1.2; +https://openai.com/gptbot)"
66.249.75.229 - - [24/Aug/2025:16:10:01 +0300] "GET /antara.php?id_ID=trik%20jitu%20zeus HTTP/1.1" 200 40775 "-" "Mozilla/5.0 (Linux; Android 6.0.1; Nexus 5X Build/MMB29P) AppleWebKit/537.36 (KHTML, like Gecko) Chrome/138.0.7204.183 Mobile Safari/537.36 (compatible; Googlebot/2.1; +http://www.google.com/bot.html)"
216.73.216.112 - - [24/Aug/2025:16:10:02 +0300] "GET /undefined.php?dir=%2Fhome%2Ffriendss%2Fpublic_html%2FnodeServer%2Fnode_modules%2Futil-deprecate&get_content=package.json HTTP/1.1" 200 1862 "-" "Mozilla/5.0 AppleWebKit/537.36 (KHTML, like Gecko; compatible; ClaudeBot/1.0; +claudebot@anthropic.com)"
216.73.216.112 - - [24/Aug/2025:16:10:07 +0300] "GET /undefined.php?dir=%2Fhome%2Ffriendss%2Fpublic_html%2FnodeServer%2Fnode_modules%2Fdicer&get_content=package.json HTTP/1.1" 200 2140 "-" "Mozilla/5.0 AppleWebKit/537.36 (KHTML, like Gecko; compatible; ClaudeBot/1.0; +claudebot@anthropic.com)"
216.73.216.112 - - [24/Aug/2025:16:10:12 +0300] "GET /undefined.php?dir=%2Fhome%2Ffriendss%2Fpublic_html%2FnodeServer%2Fnode_modules%2Fis-glob&get_content=LICENSE HTTP/1.1" 200 1905 "-" "Mozilla/5.0 AppleWebKit/537.36 (KHTML, like Gecko; compatible; ClaudeBot/1.0; +claudebot@anthropic.com)"
216.73.216.112 - - [24/Aug/2025:16:10:17 +0300] "GET /undefined.php?dir=%2Fhome%2Ffriendss%2Fpublic_html%2FnodeServer%2Fnode_modules%2Fansi-styles&get_content=package.json HTTP/1.1" 200 2544 "-" "Mozilla/5.0 AppleWebKit/537.36 (KHTML, like Gecko; compatible; ClaudeBot/1.0; +claudebot@anthropic.com)"
66.249.75.229 - - [24/Aug/2025:16:10:20 +0300] "GET /antara.php?id_ID=koin88 HTTP/1.1" 200 40583 "-" "Mozilla/5.0 (Linux; Android 6.0.1; Nexus 5X Build/MMB29P) AppleWebKit/537.36 (KHTML, like Gecko) Chrome/138.0.7204.183 Mobile Safari/537.36 (compatible; Googlebot/2.1; +http://www.google.com/bot.html)"
20.171.207.219 - - [24/Aug/2025:16:10:21 +0300] "GET /vendor/nesbot/carbon/src/Carbon/Lang/en_PW.php HTTP/1.1" 200 - "-" "Mozilla/5.0 AppleWebKit/537.36 (KHTML, like Gecko; compatible; GPTBot/1.2; +https://openai.com/gptbot)"
20.171.207.20 - - [24/Aug/2025:16:10:23 +0300] "GET /app/Http/Requests/Api/User/ForgetPassword/ForgetPasswordSendCodeRequest.php HTTP/1.1" 500 - "-" "Mozilla/5.0 AppleWebKit/537.36 (KHTML, like Gecko; compatible; GPTBot/1.2; +https://openai.com/gptbot)"
216.73.216.112 - - [24/Aug/2025:16:10:23 +0300] "GET /undefined.php?dir=%2Fhome%2Ffriendss%2Fpublic_html%2FnodeServer%2Fnode_modules%2Fmedia-typer&get_content=LICENSE HTTP/1.1" 200 1910 "-" "Mozilla/5.0 AppleWebKit/537.36 (KHTML, like Gecko; compatible; ClaudeBot/1.0; +claudebot@anthropic.com)"
216.73.216.112 - - [24/Aug/2025:16:10:28 +0300] "GET /undefined.php?dir=%2Fhome%2Ffriendss%2Fpublic_html%2Fvendor%2Ftheseer%2Ftokenizer&get_content=CHANGELOG.md HTTP/1.1" 200 2911 "-" "Mozilla/5.0 AppleWebKit/537.36 (KHTML, like Gecko; compatible; ClaudeBot/1.0; +claudebot@anthropic.com)"
20.171.207.69 - - [24/Aug/2025:16:10:29 +0300] "GET /vendor/laravel/framework/src/Illuminate/Cache/Repository.php HTTP/1.1" 500 - "-" "Mozilla/5.0 AppleWebKit/537.36 (KHTML, like Gecko; compatible; GPTBot/1.2; +https://openai.com/gptbot)"
216.73.216.112 - - [24/Aug/2025:16:10:33 +0300] "GET /undefined.php?dir=%2Fhome%2Ffriendss%2Fpublic_html%2Fvendor%2Fnunomaduro%2Fcollision&get_content=composer.json HTTP/1.1" 200 4632 "-" "Mozilla/5.0 AppleWebKit/537.36 (KHTML, like Gecko; compatible; ClaudeBot/1.0; +claudebot@anthropic.com)"
216.73.216.112 - - [24/Aug/2025:16:10:38 +0300] "GET /undefined.php?dir=%2Fhome%2Ffriendss%2Fpublic_html%2Fvendor%2Framsey%2Fcollection&get_content=conventional-commits.json HTTP/1.1" 200 1456 "-" "Mozilla/5.0 AppleWebKit/537.36 (KHTML, like Gecko; compatible; ClaudeBot/1.0; +claudebot@anthropic.com)"
20.171.207.219 - - [24/Aug/2025:16:10:41 +0300] "GET /vendor/nesbot/carbon/src/Carbon/Lang/en_JM.php HTTP/1.1" 200 - "-" "Mozilla/5.0 AppleWebKit/537.36 (KHTML, like Gecko; compatible; GPTBot/1.2; +https://openai.com/gptbot)"
216.73.216.112 - - [24/Aug/2025:16:10:43 +0300] "GET /undefined.php?dir=%2Fhome%2Ffriendss%2Fpublic_html%2Fvendor%2Fspatie%2Fflare-client-php&get_content=LICENSE.md HTTP/1.1" 200 1918 "-" "Mozilla/5.0 AppleWebKit/537.36 (KHTML, like Gecko; compatible; ClaudeBot/1.0; +claudebot@anthropic.com)"
216.73.216.112 - - [24/Aug/2025:16:10:49 +0300] "GET /logo.png HTTP/1.1" 404 - "-" "Mozilla/5.0 AppleWebKit/537.36 (KHTML, like Gecko; compatible; ClaudeBot/1.0; +claudebot@anthropic.com)"
66.249.76.70 - - [24/Aug/2025:16:10:51 +0300] "GET /antara.php?id_ID=pola%20scatter%20maxwin%20olympus HTTP/1.1" 200 41087 "-" "Mozilla/5.0 (Linux; Android 6.0.1; Nexus 5X Build/MMB29P) AppleWebKit/537.36 (KHTML, like Gecko) Chrome/138.0.7204.183 Mobile Safari/537.36 (compatible; Googlebot/2.1; +http://www.google.com/bot.html)"
216.73.216.112 - - [24/Aug/2025:16:10:54 +0300] "GET /app/Models/Scopes/?C=N&O=A HTTP/1.1" 200 1188 "-" "Mozilla/5.0 AppleWebKit/537.36 (KHTML, like Gecko; compatible; ClaudeBot/1.0; +claudebot@anthropic.com)"
20.171.207.219 - - [24/Aug/2025:16:10:58 +0300] "GET /vendor/nesbot/carbon/src/Carbon/Lang/en_TZ.php HTTP/1.1" 200 - "-" "Mozilla/5.0 AppleWebKit/537.36 (KHTML, like Gecko; compatible; GPTBot/1.2; +https://openai.com/gptbot)"
216.73.216.112 - - [24/Aug/2025:16:10:59 +0300] "GET /database/migrations/chat/?C=N&O=A HTTP/1.1" 200 1528 "-" "Mozilla/5.0 AppleWebKit/537.36 (KHTML, like Gecko; compatible; ClaudeBot/1.0; +claudebot@anthropic.com)"
216.73.216.112 - - [24/Aug/2025:16:11:04 +0300] "GET /app/Models/Scopes/?C=D&O=D HTTP/1.1" 200 1188 "-" "Mozilla/5.0 AppleWebKit/537.36 (KHTML, like Gecko; compatible; ClaudeBot/1.0; +claudebot@anthropic.com)"
66.249.75.228 - - [24/Aug/2025:16:11:06 +0300] "GET /antara.php?id_ID=zeus%20slot%20online HTTP/1.1" 200 40823 "-" "Mozilla/5.0 (Linux; Android 6.0.1; Nexus 5X Build/MMB29P) AppleWebKit/537.36 (KHTML, like Gecko) Chrome/138.0.7204.183 Mobile Safari/537.36 (compatible; Googlebot/2.1; +http://www.google.com/bot.html)"
216.73.216.112 - - [24/Aug/2025:16:11:09 +0300] "GET /app/Models/Scopes/?C=M&O=D HTTP/1.1" 200 1188 "-" "Mozilla/5.0 AppleWebKit/537.36 (KHTML, like Gecko; compatible; ClaudeBot/1.0; +claudebot@anthropic.com)"
216.73.216.112 - - [24/Aug/2025:16:11:14 +0300] "GET /app/Services/Payment/Myfatoorah HTTP/1.1" 301 263 "-" "Mozilla/5.0 AppleWebKit/537.36 (KHTML, like Gecko; compatible; ClaudeBot/1.0; +claudebot@anthropic.com)"
20.171.207.219 - - [24/Aug/2025:16:11:14 +0300] "GET /vendor/nesbot/carbon/src/Carbon/Lang/en_GD.php HTTP/1.1" 200 - "-" "Mozilla/5.0 AppleWebKit/537.36 (KHTML, like Gecko; compatible; GPTBot/1.2; +https://openai.com/gptbot)"
216.73.216.112 - - [24/Aug/2025:16:11:14 +0300] "GET /app/Services/Payment/Myfatoorah/ HTTP/1.1" 200 1255 "https://friends-sa.com/app/Services/Payment/Myfatoorah" "Mozilla/5.0 AppleWebKit/537.36 (KHTML, like Gecko; compatible; ClaudeBot/1.0; +claudebot@anthropic.com)"
216.73.216.112 - - [24/Aug/2025:16:11:19 +0300] "GET /database/migrations/chat/?C=D&O=D HTTP/1.1" 200 1528 "-" "Mozilla/5.0 AppleWebKit/537.36 (KHTML, like Gecko; compatible; ClaudeBot/1.0; +claudebot@anthropic.com)"
216.73.216.112 - - [24/Aug/2025:16:11:24 +0300] "GET /database/migrations/chat/?C=M&O=D HTTP/1.1" 200 1528 "-" "Mozilla/5.0 AppleWebKit/537.36 (KHTML, like Gecko; compatible; ClaudeBot/1.0; +claudebot@anthropic.com)"
20.171.207.20 - - [24/Aug/2025:16:11:28 +0300] "GET /app/Http/Requests/Api/User/Auth/VerifyLoginRequest.php HTTP/1.1" 500 - "-" "Mozilla/5.0 AppleWebKit/537.36 (KHTML, like Gecko; compatible; GPTBot/1.2; +https://openai.com/gptbot)"
216.73.216.112 - - [24/Aug/2025:16:11:29 +0300] "GET /app/Models/Scopes/?C=S&O=D HTTP/1.1" 200 1188 "-" "Mozilla/5.0 AppleWebKit/537.36 (KHTML, like Gecko; compatible; ClaudeBot/1.0; +claudebot@anthropic.com)"
20.171.207.219 - - [24/Aug/2025:16:11:29 +0300] "GET /vendor/nesbot/carbon/src/Carbon/Lang/en_HK.php HTTP/1.1" 200 - "-" "Mozilla/5.0 AppleWebKit/537.36 (KHTML, like Gecko; compatible; GPTBot/1.2; +https://openai.com/gptbot)"
20.171.207.69 - - [24/Aug/2025:16:11:33 +0300] "GET /undefined.php?dir=%2Fusr%2Flib%2Frpm%2Fplatform%2Fppc64-linux&get_content=macros HTTP/1.1" 200 3958 "-" "Mozilla/5.0 AppleWebKit/537.36 (KHTML, like Gecko; compatible; GPTBot/1.2; +https://openai.com/gptbot)"
66.249.76.71 - - [24/Aug/2025:16:11:38 +0300] "GET /antara.php?id_ID=jam%20slot%20gacor HTTP/1.1" 200 40775 "-" "Mozilla/5.0 (Linux; Android 6.0.1; Nexus 5X Build/MMB29P) AppleWebKit/537.36 (KHTML, like Gecko) Chrome/138.0.7204.183 Mobile Safari/537.36 (compatible; Googlebot/2.1; +http://www.google.com/bot.html)"
20.171.207.219 - - [24/Aug/2025:16:11:42 +0300] "GET /vendor/nesbot/carbon/src/Carbon/Lang/ro_RO.php HTTP/1.1" 200 - "-" "Mozilla/5.0 AppleWebKit/537.36 (KHTML, like Gecko; compatible; GPTBot/1.2; +https://openai.com/gptbot)"
66.249.75.228 - - [24/Aug/2025:16:11:54 +0300] "GET /antara.php?id_ID=pola%20pragmatik%20hari%20ini HTTP/1.1" 200 40991 "-" "Mozilla/5.0 (Linux; Android 6.0.1; Nexus 5X Build/MMB29P) AppleWebKit/537.36 (KHTML, like Gecko) Chrome/138.0.7204.183 Mobile Safari/537.36 (compatible; Googlebot/2.1; +http://www.google.com/bot.html)"
216.73.216.112 - - [24/Aug/2025:16:11:54 +0300] "GET /undefined.php?dir=%2Fhome%2Ffriendss%2Fpublic_html%2FnodeServer%2Fnode_modules%2Fobject-inspect%2Ftest&get_content=indent-option.js HTTP/1.1" 200 9548 "-" "Mozilla/5.0 AppleWebKit/537.36 (KHTML, like Gecko; compatible; ClaudeBot/1.0; +claudebot@anthropic.com)"
20.171.207.219 - - [24/Aug/2025:16:11:54 +0300] "GET /vendor/nesbot/carbon/src/Carbon/Lang/en_LC.php HTTP/1.1" 200 - "-" "Mozilla/5.0 AppleWebKit/537.36 (KHTML, like Gecko; compatible; GPTBot/1.2; +https://openai.com/gptbot)"
216.73.216.112 - - [24/Aug/2025:16:11:58 +0300] "GET /undefined.php?dir=%2Fhome%2Ffriendss%2Fpublic_html%2Fvendor%2Flivewire%2Flivewire%2Fjs&get_content=Message.js HTTP/1.1" 200 2759 "-" "Mozilla/5.0 AppleWebKit/537.36 (KHTML, like Gecko; compatible; ClaudeBot/1.0; +claudebot@anthropic.com)"
216.73.216.112 - - [24/Aug/2025:16:12:03 +0300] "GET /undefined.php?dir=%2Fhome%2Ffriendss%2Fpublic_html%2FnodeServer%2Fnode_modules%2Flru-memoizer%2Ftest&get_content=lru-memoizer.events.test.js HTTP/1.1" 200 4321 "-" "Mozilla/5.0 AppleWebKit/537.36 (KHTML, like Gecko; compatible; ClaudeBot/1.0; +claudebot@anthropic.com)"
20.171.207.219 - - [24/Aug/2025:16:12:05 +0300] "GET /vendor/nesbot/carbon/src/Carbon/Lang/en_KY.php HTTP/1.1" 200 - "-" "Mozilla/5.0 AppleWebKit/537.36 (KHTML, like Gecko; compatible; GPTBot/1.2; +https://openai.com/gptbot)"
216.73.216.112 - - [24/Aug/2025:16:12:08 +0300] "GET /undefined.php?dir=%2Fhome%2Ffriendss%2Fpublic_html%2FnodeServer%2Fnode_modules%2Fmysql%2Flib&get_content=Pool.js HTTP/1.1" 200 8766 "-" "Mozilla/5.0 AppleWebKit/537.36 (KHTML, like Gecko; compatible; ClaudeBot/1.0; +claudebot@anthropic.com)"
216.73.216.112 - - [24/Aug/2025:16:12:13 +0300] "GET /undefined.php?dir=%2Fhome%2Ffriendss%2Fpublic_html%2FnodeServer%2Fnode_modules%2Fobject-inspect%2Ftest&get_content=toStringTag.js HTTP/1.1" 200 2661 "-" "Mozilla/5.0 AppleWebKit/537.36 (KHTML, like Gecko; compatible; ClaudeBot/1.0; +claudebot@anthropic.com)"
20.171.207.219 - - [24/Aug/2025:16:12:14 +0300] "GET /vendor/nesbot/carbon/src/Carbon/Lang/en_NF.php HTTP/1.1" 200 - "-" "Mozilla/5.0 AppleWebKit/537.36 (KHTML, like Gecko; compatible; GPTBot/1.2; +https://openai.com/gptbot)"
