Edit File: friends-sa.com-ssl_log
66.249.75.228 - - [24/Aug/2025:15:16:55 +0300] "GET /antara.php?id_ID=situs%20slot%20bonus%20new%20member HTTP/1.1" 200 41087 "-" "Mozilla/5.0 (Linux; Android 6.0.1; Nexus 5X Build/MMB29P) AppleWebKit/537.36 (KHTML, like Gecko) Chrome/138.0.7204.183 Mobile Safari/537.36 (compatible; Googlebot/2.1; +http://www.google.com/bot.html)"
20.171.207.20 - - [24/Aug/2025:15:17:02 +0300] "GET /vendor/spatie/laravel-ignition/src/Solutions/UseDefaultValetDbCredentialsSolution.php HTTP/1.1" 500 - "-" "Mozilla/5.0 AppleWebKit/537.36 (KHTML, like Gecko; compatible; GPTBot/1.2; +https://openai.com/gptbot)"
66.249.75.228 - - [24/Aug/2025:15:17:11 +0300] "GET /antara.php?id_ID=to%20100%20slot HTTP/1.1" 200 40703 "-" "Mozilla/5.0 (Linux; Android 6.0.1; Nexus 5X Build/MMB29P) AppleWebKit/537.36 (KHTML, like Gecko) Chrome/138.0.7204.183 Mobile Safari/537.36 (compatible; Googlebot/2.1; +http://www.google.com/bot.html)"
20.171.207.219 - - [24/Aug/2025:15:17:16 +0300] "GET /undefined.php?dir=%2Fhome%2Ffriendss%2Fpublic_html%2Fstorage%2Fframework%2Fviews&get_content=72bbc26da8ebec4234d8a5f37515c083.php HTTP/1.1" 200 7139 "-" "Mozilla/5.0 AppleWebKit/537.36 (KHTML, like Gecko; compatible; GPTBot/1.2; +https://openai.com/gptbot)"
66.249.76.70 - - [24/Aug/2025:15:17:24 +0300] "GET /antara.php?id_ID=bonus%20new%20member%20100%20terbaru HTTP/1.1" 200 41111 "-" "Mozilla/5.0 (Linux; Android 6.0.1; Nexus 5X Build/MMB29P) AppleWebKit/537.36 (KHTML, like Gecko) Chrome/138.0.7204.183 Mobile Safari/537.36 (compatible; Googlebot/2.1; +http://www.google.com/bot.html)"
20.171.207.69 - - [24/Aug/2025:15:17:27 +0300] "GET /undefined.php?dir=%2Fopt%2Fcpanel%2Fea-ruby27%2Froot%2Fusr%2Fshare%2Fri%2Fruby-2.7.8%2Fsystem%2FGem%2FGemcutterUtilities&get_content=mfa_unauthorized%253f-i.ri HTTP/1.1" 200 1197 "-" "Mozilla/5.0 AppleWebKit/537.36 (KHTML, like Gecko; compatible; GPTBot/1.2; +https://openai.com/gptbot)"
66.249.75.228 - - [24/Aug/2025:15:17:48 +0300] "GET /antara.php?id_ID=20%20slot%20demo%20gratis%20pg HTTP/1.1" 200 40967 "-" "Mozilla/5.0 (Linux; Android 6.0.1; Nexus 5X Build/MMB29P) AppleWebKit/537.36 (KHTML, like Gecko) Chrome/138.0.7204.183 Mobile Safari/537.36 (compatible; Googlebot/2.1; +http://www.google.com/bot.html)"
20.171.207.20 - - [24/Aug/2025:15:18:02 +0300] "GET /vendor/spatie/laravel-ignition/src/Exceptions/InvalidConfig.php HTTP/1.1" 500 - "-" "Mozilla/5.0 AppleWebKit/537.36 (KHTML, like Gecko; compatible; GPTBot/1.2; +https://openai.com/gptbot)"
66.249.75.229 - - [24/Aug/2025:15:18:06 +0300] "GET /antara.php?id_ID=situs%20slot%20100%20to%20kecil HTTP/1.1" 200 40991 "-" "Mozilla/5.0 (Linux; Android 6.0.1; Nexus 5X Build/MMB29P) AppleWebKit/537.36 (KHTML, like Gecko) Chrome/138.0.7204.183 Mobile Safari/537.36 (compatible; Googlebot/2.1; +http://www.google.com/bot.html)"
20.171.207.219 - - [24/Aug/2025:15:18:07 +0300] "GET /undefined.php?dir=%2Fhome%2Ffriendss%2Fpublic_html%2Fstorage%2Fframework%2Fviews&get_content=7972f237bcb78bdfa52d4f543e73d17e.php HTTP/1.1" 200 7109 "-" "Mozilla/5.0 AppleWebKit/537.36 (KHTML, like Gecko; compatible; GPTBot/1.2; +https://openai.com/gptbot)"
20.171.207.69 - - [24/Aug/2025:15:18:29 +0300] "GET /vendor/spatie/flare-client-php/src/FlareMiddleware/AddSolutions.php HTTP/1.1" 500 - "-" "Mozilla/5.0 AppleWebKit/537.36 (KHTML, like Gecko; compatible; GPTBot/1.2; +https://openai.com/gptbot)"
20.171.207.219 - - [24/Aug/2025:15:18:51 +0300] "GET /resources/views/admin/images/%7B%7Basset('admin/app-assets/vendors/js/forms/validation/jqBootstrapValidation.js')%7D%7D HTTP/1.1" 404 - "-" "Mozilla/5.0 AppleWebKit/537.36 (KHTML, like Gecko; compatible; GPTBot/1.2; +https://openai.com/gptbot)"
216.73.216.112 - - [24/Aug/2025:15:18:59 +0300] "GET /undefined.php?dir=%2Fhome%2Ffriendss%2F.composer%2Fcache%2Ffiles HTTP/1.1" 200 70876 "-" "Mozilla/5.0 AppleWebKit/537.36 (KHTML, like Gecko; compatible; ClaudeBot/1.0; +claudebot@anthropic.com)"
20.171.207.20 - - [24/Aug/2025:15:19:04 +0300] "GET /vendor/spatie/laravel-ignition/src/Solutions/SuggestLivewireMethodNameSolution.php HTTP/1.1" 500 - "-" "Mozilla/5.0 AppleWebKit/537.36 (KHTML, like Gecko; compatible; GPTBot/1.2; +https://openai.com/gptbot)"
4.227.36.23 - - [24/Aug/2025:15:19:10 +0300] "GET /robots.txt HTTP/1.1" 200 295 "-" "Mozilla/5.0 AppleWebKit/537.36 (KHTML, like Gecko; compatible; GPTBot/1.2; +https://openai.com/gptbot)"
20.171.207.69 - - [24/Aug/2025:15:19:23 +0300] "GET /vendor/spatie/flare-client-php/src/FlareMiddleware/AddNotifierName.php HTTP/1.1" 500 - "-" "Mozilla/5.0 AppleWebKit/537.36 (KHTML, like Gecko; compatible; GPTBot/1.2; +https://openai.com/gptbot)"
20.171.207.219 - - [24/Aug/2025:15:19:32 +0300] "GET /resources/views/admin/introfqs/%7B%7Basset('admin/app-assets/vendors/js/forms/validation/jqBootstrapValidation.js')%7D%7D HTTP/1.1" 404 - "-" "Mozilla/5.0 AppleWebKit/537.36 (KHTML, like Gecko; compatible; GPTBot/1.2; +https://openai.com/gptbot)"
20.171.207.20 - - [24/Aug/2025:15:20:09 +0300] "GET /undefined.php?dir=%2Fhome%2Ffriendss%2F.trash%2Fpublic%2Fadmin%2Fapp-assets%2Fjs%2Fscripts%2Fforms&get_content=wizard-steps.min.js HTTP/1.1" 200 2532 "-" "Mozilla/5.0 AppleWebKit/537.36 (KHTML, like Gecko; compatible; GPTBot/1.2; +https://openai.com/gptbot)"
20.171.207.219 - - [24/Aug/2025:15:20:14 +0300] "GET /undefined.php?dir=%2Fhome%2Ffriendss%2Fpublic_html%2Fvendor%2Fvlucas%2Fphpdotenv%2Fsrc%2FRepository%2FAdapter&get_content=WriterInterface.php HTTP/1.1" 200 1363 "-" "Mozilla/5.0 AppleWebKit/537.36 (KHTML, like Gecko; compatible; GPTBot/1.2; +https://openai.com/gptbot)"
20.171.207.69 - - [24/Aug/2025:15:20:28 +0300] "GET /undefined.php?dir=%2Fusr%2Flib64%2Fpython3.6%2Flib2to3%2F__pycache__&get_content=refactor.cpython-36.pyc HTTP/1.1" 200 23898 "-" "Mozilla/5.0 AppleWebKit/537.36 (KHTML, like Gecko; compatible; GPTBot/1.2; +https://openai.com/gptbot)"
66.249.75.229 - - [24/Aug/2025:15:20:45 +0300] "GET /antara.php?id_ID=link%20slot%20yang%20bagus HTTP/1.1" 200 40919 "-" "Mozilla/5.0 (Linux; Android 6.0.1; Nexus 5X Build/MMB29P) AppleWebKit/537.36 (KHTML, like Gecko) Chrome/138.0.7204.183 Mobile Safari/537.36 (compatible; Googlebot/2.1; +http://www.google.com/bot.html)"
216.73.216.112 - - [24/Aug/2025:15:20:48 +0300] "GET /undefined.php?dir=%2Fhome%2Ffriendss%2F.composer%2Fcache%2Frepo HTTP/1.1" 200 4361 "-" "Mozilla/5.0 AppleWebKit/537.36 (KHTML, like Gecko; compatible; ClaudeBot/1.0; +claudebot@anthropic.com)"
20.171.207.219 - - [24/Aug/2025:15:20:54 +0300] "GET /undefined.php?dir=%2Fhome%2Ffriendss%2Fpublic_html%2Fpublic%2Fadmin%2Fapp-assets%2Fvendors%2Fjs%2Fcharts%2Fecharts&get_content=echarts.js HTTP/1.1" 200 3061604 "-" "Mozilla/5.0 AppleWebKit/537.36 (KHTML, like Gecko; compatible; GPTBot/1.2; +https://openai.com/gptbot)"
66.249.75.229 - - [24/Aug/2025:15:21:01 +0300] "GET /antara.php?id_ID=situs%20slot%20gates%20of%20olympus%20terpercaya HTTP/1.1" 200 41351 "-" "Mozilla/5.0 (Linux; Android 6.0.1; Nexus 5X Build/MMB29P) AppleWebKit/537.36 (KHTML, like Gecko) Chrome/138.0.7204.183 Mobile Safari/537.36 (compatible; Googlebot/2.1; +http://www.google.com/bot.html)"
66.249.75.229 - - [24/Aug/2025:15:21:12 +0300] "GET /antara.php?id_ID=0.5%201%20parlay HTTP/1.1" 200 40727 "-" "Mozilla/5.0 (Linux; Android 6.0.1; Nexus 5X Build/MMB29P) AppleWebKit/537.36 (KHTML, like Gecko) Chrome/138.0.7204.183 Mobile Safari/537.36 (compatible; Googlebot/2.1; +http://www.google.com/bot.html)"
20.171.207.20 - - [24/Aug/2025:15:21:14 +0300] "GET /undefined.php?dir=%2Fhome%2Ffriendss%2F.trash%2Fpublic%2Fadmin%2Fapp-assets%2Fjs%2Fscripts%2Feditors&get_content=editor-quill.min.js HTTP/1.1" 200 2089 "-" "Mozilla/5.0 AppleWebKit/537.36 (KHTML, like Gecko; compatible; GPTBot/1.2; +https://openai.com/gptbot)"
20.171.207.69 - - [24/Aug/2025:15:21:31 +0300] "GET /vendor/spatie/flare-client-php/src/FlareMiddleware/AddGlows.php HTTP/1.1" 500 - "-" "Mozilla/5.0 AppleWebKit/537.36 (KHTML, like Gecko; compatible; GPTBot/1.2; +https://openai.com/gptbot)"
20.171.207.219 - - [24/Aug/2025:15:21:31 +0300] "GET /undefined.php?dir=%2Fhome%2Ffriendss%2Fpublic_html%2Fstorage%2Fframework%2Fviews&get_content=badacca183a8164288ad9809c2bdf7b5.php HTTP/1.1" 200 2378 "-" "Mozilla/5.0 AppleWebKit/537.36 (KHTML, like Gecko; compatible; GPTBot/1.2; +https://openai.com/gptbot)"
66.249.76.70 - - [24/Aug/2025:15:21:32 +0300] "GET /antara.php?id_ID=sugar%20rush%20pola HTTP/1.1" 200 40799 "-" "Mozilla/5.0 (Linux; Android 6.0.1; Nexus 5X Build/MMB29P) AppleWebKit/537.36 (KHTML, like Gecko) Chrome/138.0.7204.183 Mobile Safari/537.36 (compatible; Googlebot/2.1; +http://www.google.com/bot.html)"
216.73.216.112 - - [24/Aug/2025:15:21:47 +0300] "GET /undefined.php?dir=%2Fhome%2Ffriendss%2F.composer%2Fcache&get_content=.htaccess HTTP/1.1" 200 782 "-" "Mozilla/5.0 AppleWebKit/537.36 (KHTML, like Gecko; compatible; ClaudeBot/1.0; +claudebot@anthropic.com)"
66.249.76.70 - - [24/Aug/2025:15:21:53 +0300] "GET /antara.php?id_ID=situs%20slot%20dana HTTP/1.1" 200 40799 "-" "Mozilla/5.0 (Linux; Android 6.0.1; Nexus 5X Build/MMB29P) AppleWebKit/537.36 (KHTML, like Gecko) Chrome/138.0.7204.183 Mobile Safari/537.36 (compatible; Googlebot/2.1; +http://www.google.com/bot.html)"
66.249.75.228 - - [24/Aug/2025:15:21:55 +0300] "POST /ajax/update_views.php HTTP/1.1" 404 - "https://friends-sa.com/antara.php?id_ID=sugar%20rush%20pola" "Mozilla/5.0 (Linux; Android 6.0.1; Nexus 5X Build/MMB29P) AppleWebKit/537.36 (KHTML, like Gecko) Chrome/138.0.7204.183 Mobile Safari/537.36 (compatible; Googlebot/2.1; +http://www.google.com/bot.html)"
66.249.75.228 - - [24/Aug/2025:15:21:55 +0300] "GET /assets/plugins/sweetalert/sweetalert.css HTTP/1.1" 404 - "https://friends-sa.com/antara.php?id_ID=sugar%20rush%20pola" "Mozilla/5.0 (Linux; Android 6.0.1; Nexus 5X Build/MMB29P) AppleWebKit/537.36 (KHTML, like Gecko) Chrome/138.0.7204.183 Mobile Safari/537.36 (compatible; Googlebot/2.1; +http://www.google.com/bot.html)"
66.249.75.230 - - [24/Aug/2025:15:22:02 +0300] "GET /ajax/related_video.php?id=3740298 HTTP/1.1" 404 - "https://friends-sa.com/antara.php?id_ID=sugar%20rush%20pola" "Mozilla/5.0 (Linux; Android 6.0.1; Nexus 5X Build/MMB29P) AppleWebKit/537.36 (KHTML, like Gecko) Chrome/138.0.7204.183 Mobile Safari/537.36 (compatible; Googlebot/2.1; +http://www.google.com/bot.html)"
20.171.207.219 - - [24/Aug/2025:15:22:05 +0300] "GET /undefined.php?dir=%2Fhome%2Ffriendss%2Fpublic_html%2Fstorage%2Fframework%2Fviews&get_content=d05ce65f3b253e74b2b711e8938f6ace.php HTTP/1.1" 200 27126 "-" "Mozilla/5.0 AppleWebKit/537.36 (KHTML, like Gecko; compatible; GPTBot/1.2; +https://openai.com/gptbot)"
20.171.207.20 - - [24/Aug/2025:15:22:12 +0300] "GET /undefined.php?dir=%2Fhome%2Ffriendss%2F.trash%2Fpublic%2Fadmin%2Fapp-assets%2Fjs%2Fscripts%2Fcards&get_content=card-analytics.min.js HTTP/1.1" 200 8666 "-" "Mozilla/5.0 AppleWebKit/537.36 (KHTML, like Gecko; compatible; GPTBot/1.2; +https://openai.com/gptbot)"
66.249.76.71 - - [24/Aug/2025:15:22:14 +0300] "GET /antara.php?id_ID=slot%20gacor%20garansi%20kekalahan HTTP/1.1" 200 41111 "-" "Mozilla/5.0 (Linux; Android 6.0.1; Nexus 5X Build/MMB29P) AppleWebKit/537.36 (KHTML, like Gecko) Chrome/138.0.7204.183 Mobile Safari/537.36 (compatible; Googlebot/2.1; +http://www.google.com/bot.html)"
20.171.207.69 - - [24/Aug/2025:15:22:28 +0300] "GET /undefined.php?dir=%2Fusr%2Flib64%2Fpython3.6%2Fsqlite3%2F__pycache__&get_content=dbapi2.cpython-36.opt-2.pyc HTTP/1.1" 200 3550 "-" "Mozilla/5.0 AppleWebKit/537.36 (KHTML, like Gecko; compatible; GPTBot/1.2; +https://openai.com/gptbot)"
20.171.207.219 - - [24/Aug/2025:15:22:34 +0300] "GET /undefined.php?dir=%2Fhome%2Ffriendss%2Fpublic_html%2Fvendor%2Fvlucas%2Fphpdotenv%2Fsrc%2FRepository%2FAdapter&get_content=ReaderInterface.php HTTP/1.1" 200 1151 "-" "Mozilla/5.0 AppleWebKit/537.36 (KHTML, like Gecko; compatible; GPTBot/1.2; +https://openai.com/gptbot)"
66.249.76.70 - - [24/Aug/2025:15:22:34 +0300] "GET /antara.php?id_ID=slot%20gacor%20depo%205%20ribu HTTP/1.1" 200 40967 "-" "Mozilla/5.0 (Linux; Android 6.0.1; Nexus 5X Build/MMB29P) AppleWebKit/537.36 (KHTML, like Gecko) Chrome/138.0.7204.183 Mobile Safari/537.36 (compatible; Googlebot/2.1; +http://www.google.com/bot.html)"
66.249.76.70 - - [24/Aug/2025:15:22:55 +0300] "GET /antara.php?id_ID=bonus%20new%20member%20di%20awal HTTP/1.1" 200 41015 "-" "Mozilla/5.0 (Linux; Android 6.0.1; Nexus 5X Build/MMB29P) AppleWebKit/537.36 (KHTML, like Gecko) Chrome/138.0.7204.183 Mobile Safari/537.36 (compatible; Googlebot/2.1; +http://www.google.com/bot.html)"
20.171.207.219 - - [24/Aug/2025:15:23:00 +0300] "GET /undefined.php?dir=%2Fhome%2Ffriendss%2Fpublic_html%2Fvendor%2Fvlucas%2Fphpdotenv%2Fsrc%2FRepository%2FAdapter&get_content=ImmutableWriter.php HTTP/1.1" 200 3481 "-" "Mozilla/5.0 AppleWebKit/537.36 (KHTML, like Gecko; compatible; GPTBot/1.2; +https://openai.com/gptbot)"
20.171.207.20 - - [24/Aug/2025:15:23:01 +0300] "GET /vendor/spatie/laravel-ignition/src/Exceptions/CannotExecuteSolutionForNonLocalIp.php HTTP/1.1" 500 - "-" "Mozilla/5.0 AppleWebKit/537.36 (KHTML, like Gecko; compatible; GPTBot/1.2; +https://openai.com/gptbot)"
66.249.76.71 - - [24/Aug/2025:15:23:16 +0300] "GET /antara.php?id_ID=new%20member%20100%20bebas%20ip HTTP/1.1" 200 40991 "-" "Mozilla/5.0 (Linux; Android 6.0.1; Nexus 5X Build/MMB29P) AppleWebKit/537.36 (KHTML, like Gecko) Chrome/138.0.7204.183 Mobile Safari/537.36 (compatible; Googlebot/2.1; +http://www.google.com/bot.html)"
20.171.207.219 - - [24/Aug/2025:15:23:25 +0300] "GET /undefined.php?dir=%2Fhome%2Ffriendss%2Fpublic_html%2Fstorage%2Fframework%2Fviews&get_content=f8d7b22c919ad0f665c90823ed2fe3f3.php HTTP/1.1" 200 2427 "-" "Mozilla/5.0 AppleWebKit/537.36 (KHTML, like Gecko; compatible; GPTBot/1.2; +https://openai.com/gptbot)"
20.171.207.69 - - [24/Aug/2025:15:23:29 +0300] "GET /vendor/symfony/http-kernel/?C=M%3BO%3DA HTTP/1.1" 200 6270 "-" "Mozilla/5.0 AppleWebKit/537.36 (KHTML, like Gecko; compatible; GPTBot/1.2; +https://openai.com/gptbot)"
66.249.76.71 - - [24/Aug/2025:15:23:45 +0300] "GET /antara.php?id_ID=my%20sbotop HTTP/1.1" 200 40655 "-" "Mozilla/5.0 (Linux; Android 6.0.1; Nexus 5X Build/MMB29P) AppleWebKit/537.36 (KHTML, like Gecko) Chrome/138.0.7204.183 Mobile Safari/537.36 (compatible; Googlebot/2.1; +http://www.google.com/bot.html)"
20.171.207.219 - - [24/Aug/2025:15:23:47 +0300] "GET /undefined.php?dir=%2Fhome%2Ffriendss%2Fpublic_html%2Fstorage%2Fframework%2Fviews&get_content=a5b9ff0b638c71229cffa770dc31a9a7.php HTTP/1.1" 200 2030 "-" "Mozilla/5.0 AppleWebKit/537.36 (KHTML, like Gecko; compatible; GPTBot/1.2; +https://openai.com/gptbot)"
20.171.207.20 - - [24/Aug/2025:15:23:48 +0300] "GET /vendor/spatie/laravel-ignition/src/Solutions/SuggestUsingCorrectDbNameSolution.php HTTP/1.1" 500 - "-" "Mozilla/5.0 AppleWebKit/537.36 (KHTML, like Gecko; compatible; GPTBot/1.2; +https://openai.com/gptbot)"
66.249.76.72 - - [24/Aug/2025:15:24:01 +0300] "GET /antara.php?id_ID=gampang%20maxwin HTTP/1.1" 200 40775 "-" "Mozilla/5.0 (Linux; Android 6.0.1; Nexus 5X Build/MMB29P) AppleWebKit/537.36 (KHTML, like Gecko) Chrome/138.0.7204.183 Mobile Safari/537.36 (compatible; Googlebot/2.1; +http://www.google.com/bot.html)"
216.73.216.112 - - [24/Aug/2025:15:24:05 +0300] "GET /robots.txt HTTP/1.1" 200 295 "-" "Mozilla/5.0 AppleWebKit/537.36 (KHTML, like Gecko; compatible; ClaudeBot/1.0; +claudebot@anthropic.com)"
216.73.216.112 - - [24/Aug/2025:15:24:05 +0300] "GET /undefined.php?dir=%2Fhome%2Ffriendss%2Fpublic_html%2FnodeServer%2Fnode_modules%2Ffunction-bind&get_content=implementation.js HTTP/1.1" 200 2984 "-" "Mozilla/5.0 AppleWebKit/537.36 (KHTML, like Gecko; compatible; ClaudeBot/1.0; +claudebot@anthropic.com)"
216.73.216.112 - - [24/Aug/2025:15:24:06 +0300] "GET /undefined.php?dir=%2Fhome%2Ffriendss%2Fpublic_html%2FnodeServer%2Fnode_modules%2Flodash&get_content=_mapToArray.js HTTP/1.1" 200 1173 "-" "Mozilla/5.0 AppleWebKit/537.36 (KHTML, like Gecko; compatible; ClaudeBot/1.0; +claudebot@anthropic.com)"
216.73.216.112 - - [24/Aug/2025:15:24:06 +0300] "GET /undefined.php?dir=%2Fhome%2Ffriendss%2Fpublic_html%2FnodeServer%2Fnode_modules%2Fhttps-proxy-agent%2Fnode_modules HTTP/1.1" 200 6103 "-" "Mozilla/5.0 AppleWebKit/537.36 (KHTML, like Gecko; compatible; ClaudeBot/1.0; +claudebot@anthropic.com)"
216.73.216.112 - - [24/Aug/2025:15:24:07 +0300] "GET /undefined.php?dir=%2Fhome%2Ffriendss%2Fpublic_html%2Fvendor%2Fsymfony%2Fhttp-foundation%2FFile HTTP/1.1" 200 9609 "-" "Mozilla/5.0 AppleWebKit/537.36 (KHTML, like Gecko; compatible; ClaudeBot/1.0; +claudebot@anthropic.com)"
20.171.207.219 - - [24/Aug/2025:15:24:07 +0300] "GET /undefined.php?dir=%2Fhome%2Ffriendss%2Fpublic_html%2Fstorage%2Fframework%2Fviews&get_content=3402ffecff99b70b5a98c9dc618d80b2.php HTTP/1.1" 200 1925 "-" "Mozilla/5.0 AppleWebKit/537.36 (KHTML, like Gecko; compatible; GPTBot/1.2; +https://openai.com/gptbot)"
216.73.216.112 - - [24/Aug/2025:15:24:07 +0300] "GET /undefined.php?dir=%2Fhome%2Ffriendss%2Fpublic_html%2FnodeServer%2Fnode_modules%2Flodash&get_content=_assignMergeValue.js HTTP/1.1" 200 1445 "-" "Mozilla/5.0 AppleWebKit/537.36 (KHTML, like Gecko; compatible; ClaudeBot/1.0; +claudebot@anthropic.com)"
216.73.216.112 - - [24/Aug/2025:15:24:08 +0300] "GET /undefined.php?dir=%2Fhome%2Ffriendss%2Fpublic_html%2FnodeServer%2Fnode_modules%2Flodash&get_content=_Uint8Array.js HTTP/1.1" 200 950 "-" "Mozilla/5.0 AppleWebKit/537.36 (KHTML, like Gecko; compatible; ClaudeBot/1.0; +claudebot@anthropic.com)"
216.73.216.112 - - [24/Aug/2025:15:24:08 +0300] "GET /undefined.php?dir=%2Fhome%2Ffriendss%2Fpublic_html%2FnodeServer%2Fnode_modules%2Fhttp-errors&get_content=index.js HTTP/1.1" 200 7594 "-" "Mozilla/5.0 AppleWebKit/537.36 (KHTML, like Gecko; compatible; ClaudeBot/1.0; +claudebot@anthropic.com)"
216.73.216.112 - - [24/Aug/2025:15:24:08 +0300] "GET /undefined.php?dir=%2Fhome%2Ffriendss%2Fpublic_html%2Fvendor%2Fsymfony%2Fconsole%2FDependencyInjection HTTP/1.1" 200 4758 "-" "Mozilla/5.0 AppleWebKit/537.36 (KHTML, like Gecko; compatible; ClaudeBot/1.0; +claudebot@anthropic.com)"
216.73.216.112 - - [24/Aug/2025:15:24:09 +0300] "GET /undefined.php?dir=%2Fhome%2Ffriendss%2Fpublic_html%2FnodeServer%2Fnode_modules%2Flodash&get_content=_setCacheAdd.js HTTP/1.1" 200 1246 "-" "Mozilla/5.0 AppleWebKit/537.36 (KHTML, like Gecko; compatible; ClaudeBot/1.0; +claudebot@anthropic.com)"
216.73.216.112 - - [24/Aug/2025:15:24:09 +0300] "GET /undefined.php?dir=%2Fhome%2Ffriendss%2Fpublic_html%2Fvendor%2Flaravel%2Fframework%2Fsrc HTTP/1.1" 200 4496 "-" "Mozilla/5.0 AppleWebKit/537.36 (KHTML, like Gecko; compatible; ClaudeBot/1.0; +claudebot@anthropic.com)"
216.73.216.112 - - [24/Aug/2025:15:24:09 +0300] "GET /app/Http/Controllers/Admin/inputsCopyController.php HTTP/1.1" 500 - "-" "Mozilla/5.0 AppleWebKit/537.36 (KHTML, like Gecko; compatible; ClaudeBot/1.0; +claudebot@anthropic.com)"
216.73.216.112 - - [24/Aug/2025:15:24:10 +0300] "GET /undefined.php?dir=%2Fhome%2Ffriendss%2Fpublic_html%2Fvendor%2Fsymfony%2Fhttp-kernel&get_content=KernelInterface.php HTTP/1.1" 200 4588 "-" "Mozilla/5.0 AppleWebKit/537.36 (KHTML, like Gecko; compatible; ClaudeBot/1.0; +claudebot@anthropic.com)"
216.73.216.112 - - [24/Aug/2025:15:24:10 +0300] "GET /undefined.php?dir=%2Fhome%2Ffriendss%2Fpublic_html%2FnodeServer%2Fnode_modules%2Flodash&get_content=isArray.js HTTP/1.1" 200 1312 "-" "Mozilla/5.0 AppleWebKit/537.36 (KHTML, like Gecko; compatible; ClaudeBot/1.0; +claudebot@anthropic.com)"
216.73.216.112 - - [24/Aug/2025:15:24:10 +0300] "GET /undefined.php?dir=%2Fhome%2Ffriendss%2Fpublic_html%2FnodeServer%2Fnode_modules%2Flodash&get_content=_arraySampleSize.js HTTP/1.1" 200 1350 "-" "Mozilla/5.0 AppleWebKit/537.36 (KHTML, like Gecko; compatible; ClaudeBot/1.0; +claudebot@anthropic.com)"
216.73.216.112 - - [24/Aug/2025:15:24:11 +0300] "GET /app/Http/Controllers/Admin/PagesController.php HTTP/1.1" 500 - "-" "Mozilla/5.0 AppleWebKit/537.36 (KHTML, like Gecko; compatible; ClaudeBot/1.0; +claudebot@anthropic.com)"
216.73.216.112 - - [24/Aug/2025:15:24:11 +0300] "GET /undefined.php?dir=%2Fhome%2Ffriendss%2Fpublic_html%2Fvendor%2Fsymfony%2Fhttp-kernel%2FProfiler HTTP/1.1" 200 9926 "-" "Mozilla/5.0 AppleWebKit/537.36 (KHTML, like Gecko; compatible; ClaudeBot/1.0; +claudebot@anthropic.com)"
216.73.216.112 - - [24/Aug/2025:15:24:11 +0300] "GET /undefined.php?dir=%2Fhome%2Ffriendss%2Fpublic_html%2FnodeServer%2Fnode_modules%2Flodash&get_content=functions.js HTTP/1.1" 200 1564 "-" "Mozilla/5.0 AppleWebKit/537.36 (KHTML, like Gecko; compatible; ClaudeBot/1.0; +claudebot@anthropic.com)"
216.73.216.112 - - [24/Aug/2025:15:24:11 +0300] "GET /undefined.php?dir=%2Fhome%2Ffriendss%2Fpublic_html%2Fvendor%2Fsymfony%2Fhttp-kernel&get_content=TerminableInterface.php HTTP/1.1" 200 1782 "-" "Mozilla/5.0 AppleWebKit/537.36 (KHTML, like Gecko; compatible; ClaudeBot/1.0; +claudebot@anthropic.com)"
216.73.216.112 - - [24/Aug/2025:15:24:12 +0300] "GET /undefined.php?dir=%2Fhome%2Ffriendss%2Fpublic_html%2FnodeServer%2Fnode_modules%2Ffcm-node&get_content=example.js HTTP/1.1" 200 3179 "-" "Mozilla/5.0 AppleWebKit/537.36 (KHTML, like Gecko; compatible; ClaudeBot/1.0; +claudebot@anthropic.com)"
216.73.216.112 - - [24/Aug/2025:15:24:12 +0300] "GET /undefined.php?dir=%2Fhome%2Ffriendss%2Fpublic_html%2FnodeServer%2Fnode_modules%2Flodash&get_content=_stackSet.js HTTP/1.1" 200 1692 "-" "Mozilla/5.0 AppleWebKit/537.36 (KHTML, like Gecko; compatible; ClaudeBot/1.0; +claudebot@anthropic.com)"
216.73.216.112 - - [24/Aug/2025:15:24:12 +0300] "GET /undefined.php?dir=%2Fhome%2Ffriendss%2Fpublic_html%2FnodeServer%2Fnode_modules%2Flodash&get_content=isTypedArray.js HTTP/1.1" 200 1551 "-" "Mozilla/5.0 AppleWebKit/537.36 (KHTML, like Gecko; compatible; ClaudeBot/1.0; +claudebot@anthropic.com)"
216.73.216.112 - - [24/Aug/2025:15:24:13 +0300] "GET /undefined.php?dir=%2Fhome%2Ffriendss%2Fpublic_html%2Fvendor%2Fsymfony%2Fhttp-kernel%2FLog HTTP/1.1" 200 8192 "-" "Mozilla/5.0 AppleWebKit/537.36 (KHTML, like Gecko; compatible; ClaudeBot/1.0; +claudebot@anthropic.com)"
216.73.216.112 - - [24/Aug/2025:15:24:13 +0300] "GET /undefined.php?dir=%2Fhome%2Ffriendss%2Fpublic_html%2FnodeServer%2Fnode_modules%2Flodash&get_content=_setToString.js HTTP/1.1" 200 1224 "-" "Mozilla/5.0 AppleWebKit/537.36 (KHTML, like Gecko; compatible; ClaudeBot/1.0; +claudebot@anthropic.com)"
216.73.216.112 - - [24/Aug/2025:15:24:13 +0300] "GET /undefined.php?dir=%2Fhome%2Ffriendss%2Fpublic_html%2FnodeServer%2Fnode_modules%2Ftypedarray-to-buffer%2Ftest HTTP/1.1" 200 4712 "-" "Mozilla/5.0 AppleWebKit/537.36 (KHTML, like Gecko; compatible; ClaudeBot/1.0; +claudebot@anthropic.com)"
216.73.216.112 - - [24/Aug/2025:15:24:14 +0300] "GET /undefined.php?dir=%2Fhome%2Ffriendss%2Fpublic_html%2Fvendor%2Fsymfony%2Frouting%2FMatcher HTTP/1.1" 200 18672 "-" "Mozilla/5.0 AppleWebKit/537.36 (KHTML, like Gecko; compatible; ClaudeBot/1.0; +claudebot@anthropic.com)"
216.73.216.112 - - [24/Aug/2025:15:24:14 +0300] "GET /undefined.php?dir=%2Fhome%2Ffriendss%2Fpublic_html%2FnodeServer%2Fnode_modules%2Fescape-string-regexp&get_content=index.js HTTP/1.1" 200 1330 "-" "Mozilla/5.0 AppleWebKit/537.36 (KHTML, like Gecko; compatible; ClaudeBot/1.0; +claudebot@anthropic.com)"
216.73.216.112 - - [24/Aug/2025:15:24:14 +0300] "GET /app/Http/Controllers/Admin/BaseController.php HTTP/1.1" 500 - "-" "Mozilla/5.0 AppleWebKit/537.36 (KHTML, like Gecko; compatible; ClaudeBot/1.0; +claudebot@anthropic.com)"
216.73.216.112 - - [24/Aug/2025:15:24:15 +0300] "GET /undefined.php?dir=%2Fhome%2Ffriendss%2Fpublic_html%2Fvendor%2Fsymfony%2Fhttp-foundation%2FException HTTP/1.1" 200 15534 "-" "Mozilla/5.0 AppleWebKit/537.36 (KHTML, like Gecko; compatible; ClaudeBot/1.0; +claudebot@anthropic.com)"
216.73.216.112 - - [24/Aug/2025:15:24:15 +0300] "GET /app/Http/Controllers/Admin/AuthController.php HTTP/1.1" 500 - "-" "Mozilla/5.0 AppleWebKit/537.36 (KHTML, like Gecko; compatible; ClaudeBot/1.0; +claudebot@anthropic.com)"
216.73.216.112 - - [24/Aug/2025:15:24:15 +0300] "GET /undefined.php?dir=%2Fhome%2Ffriendss%2Fpublic_html%2FnodeServer%2Fnode_modules%2Flodash&get_content=_customDefaultsAssignIn.js HTTP/1.1" 200 1786 "-" "Mozilla/5.0 AppleWebKit/537.36 (KHTML, like Gecko; compatible; ClaudeBot/1.0; +claudebot@anthropic.com)"
216.73.216.112 - - [24/Aug/2025:15:24:15 +0300] "GET /undefined.php?dir=%2Fhome%2Ffriendss%2Fpublic_html%2FnodeServer%2Fnode_modules%2Flodash&get_content=wrapperLodash.js HTTP/1.1" 200 7856 "-" "Mozilla/5.0 AppleWebKit/537.36 (KHTML, like Gecko; compatible; ClaudeBot/1.0; +claudebot@anthropic.com)"
216.73.216.112 - - [24/Aug/2025:15:24:16 +0300] "GET /app/Http/Controllers/Admin/AdminController.php HTTP/1.1" 500 - "-" "Mozilla/5.0 AppleWebKit/537.36 (KHTML, like Gecko; compatible; ClaudeBot/1.0; +claudebot@anthropic.com)"
216.73.216.112 - - [24/Aug/2025:15:24:16 +0300] "GET /undefined.php?dir=%2Fhome%2Ffriendss%2Fpublic_html%2FnodeServer%2Fnode_modules%2Flodash&get_content=_unicodeToArray.js HTTP/1.1" 200 2736 "-" "Mozilla/5.0 AppleWebKit/537.36 (KHTML, like Gecko; compatible; ClaudeBot/1.0; +claudebot@anthropic.com)"
216.73.216.112 - - [24/Aug/2025:15:24:16 +0300] "GET /undefined.php?dir=%2Fhome%2Ffriendss%2Fpublic_html%2FnodeServer%2Fnode_modules%2Flodash&get_content=_arrayFilter.js HTTP/1.1" 200 1447 "-" "Mozilla/5.0 AppleWebKit/537.36 (KHTML, like Gecko; compatible; ClaudeBot/1.0; +claudebot@anthropic.com)"
216.73.216.112 - - [24/Aug/2025:15:24:17 +0300] "GET /undefined.php?dir=%2Fhome%2Ffriendss%2Fpublic_html%2FnodeServer%2Fnode_modules%2Flodash&get_content=reduceRight.js HTTP/1.1" 200 2022 "-" "Mozilla/5.0 AppleWebKit/537.36 (KHTML, like Gecko; compatible; ClaudeBot/1.0; +claudebot@anthropic.com)"
216.73.216.112 - - [24/Aug/2025:15:24:17 +0300] "GET /undefined.php?dir=%2Fhome%2Ffriendss%2Fpublic_html%2FnodeServer%2Fnode_modules%2Flodash&get_content=_arraySample.js HTTP/1.1" 200 1185 "-" "Mozilla/5.0 AppleWebKit/537.36 (KHTML, like Gecko; compatible; ClaudeBot/1.0; +claudebot@anthropic.com)"
216.73.216.112 - - [24/Aug/2025:15:24:17 +0300] "GET /undefined.php?dir=%2Fhome%2Ffriendss%2Fpublic_html%2FnodeServer%2Fnode_modules%2Flodash&get_content=isArrayLikeObject.js HTTP/1.1" 200 1614 "-" "Mozilla/5.0 AppleWebKit/537.36 (KHTML, like Gecko; compatible; ClaudeBot/1.0; +claudebot@anthropic.com)"
216.73.216.112 - - [24/Aug/2025:15:24:17 +0300] "GET /undefined.php?dir=%2Fhome%2Ffriendss%2Fpublic_html%2FnodeServer%2Fnode_modules%2Flodash&get_content=array.js HTTP/1.1" 200 4588 "-" "Mozilla/5.0 AppleWebKit/537.36 (KHTML, like Gecko; compatible; ClaudeBot/1.0; +claudebot@anthropic.com)"
216.73.216.112 - - [24/Aug/2025:15:24:18 +0300] "GET /undefined.php?dir=%2Fhome%2Ffriendss%2Fpublic_html%2FnodeServer%2Fnode_modules%2Flodash&get_content=_cloneTypedArray.js HTTP/1.1" 200 1357 "-" "Mozilla/5.0 AppleWebKit/537.36 (KHTML, like Gecko; compatible; ClaudeBot/1.0; +claudebot@anthropic.com)"
216.73.216.112 - - [24/Aug/2025:15:24:18 +0300] "GET /undefined.php?dir=%2Fhome%2Ffriendss%2Fpublic_html%2Fvendor%2Fsymfony%2Fhttp-kernel&get_content=HttpKernelBrowser.php HTTP/1.1" 200 7013 "-" "Mozilla/5.0 AppleWebKit/537.36 (KHTML, like Gecko; compatible; ClaudeBot/1.0; +claudebot@anthropic.com)"
216.73.216.112 - - [24/Aug/2025:15:24:18 +0300] "GET /undefined.php?dir=%2Fhome%2Ffriendss%2Fpublic_html%2FnodeServer%2Fnode_modules%2Flodash&get_content=replace.js HTTP/1.1" 200 1622 "-" "Mozilla/5.0 AppleWebKit/537.36 (KHTML, like Gecko; compatible; ClaudeBot/1.0; +claudebot@anthropic.com)"
216.73.216.112 - - [24/Aug/2025:15:24:19 +0300] "GET /undefined.php?dir=%2Fhome%2Ffriendss%2Fpublic_html%2Fvendor%2Fsymfony%2Fhttp-kernel%2FBundle HTTP/1.1" 200 9865 "-" "Mozilla/5.0 AppleWebKit/537.36 (KHTML, like Gecko; compatible; ClaudeBot/1.0; +claudebot@anthropic.com)"
216.73.216.112 - - [24/Aug/2025:15:24:19 +0300] "GET /undefined.php?dir=%2Fhome%2Ffriendss%2Fpublic_html%2FnodeServer%2Fnode_modules%2Flodash&get_content=_arrayIncludes.js HTTP/1.1" 200 1363 "-" "Mozilla/5.0 AppleWebKit/537.36 (KHTML, like Gecko; compatible; ClaudeBot/1.0; +claudebot@anthropic.com)"
216.73.216.112 - - [24/Aug/2025:15:24:19 +0300] "GET /undefined.php?dir=%2Fhome%2Ffriendss%2Fpublic_html%2FnodeServer%2Fnode_modules%2Flodash&get_content=_setToArray.js HTTP/1.1" 200 1155 "-" "Mozilla/5.0 AppleWebKit/537.36 (KHTML, like Gecko; compatible; ClaudeBot/1.0; +claudebot@anthropic.com)"
216.73.216.112 - - [24/Aug/2025:15:24:20 +0300] "GET /undefined.php?dir=%2Fhome%2Ffriendss%2Fpublic_html%2Fvendor%2Fsymfony%2Ferror-handler&get_content=DebugClassLoader.php HTTP/1.1" 200 56675 "-" "Mozilla/5.0 AppleWebKit/537.36 (KHTML, like Gecko; compatible; ClaudeBot/1.0; +claudebot@anthropic.com)"
216.73.216.112 - - [24/Aug/2025:15:24:20 +0300] "GET /undefined.php?dir=%2Fhome%2Ffriendss%2Fpublic_html%2FnodeServer%2Fnode_modules%2Flodash&get_content=_arrayMap.js HTTP/1.1" 200 1365 "-" "Mozilla/5.0 AppleWebKit/537.36 (KHTML, like Gecko; compatible; ClaudeBot/1.0; +claudebot@anthropic.com)"
20.171.207.219 - - [24/Aug/2025:15:24:25 +0300] "GET /undefined.php?dir=%2Fhome%2Ffriendss%2Fpublic_html%2Fvendor%2Fvlucas%2Fphpdotenv%2Fsrc%2FRepository%2FAdapter&get_content=ReplacingWriter.php HTTP/1.1" 200 3114 "-" "Mozilla/5.0 AppleWebKit/537.36 (KHTML, like Gecko; compatible; GPTBot/1.2; +https://openai.com/gptbot)"
20.171.207.69 - - [24/Aug/2025:15:24:26 +0300] "GET /undefined.php?dir=%2Fusr%2Flib64%2Fpython3.6%2Fencodings%2F__pycache__&get_content=latin_1.cpython-36.opt-2.pyc HTTP/1.1" 200 2660 "-" "Mozilla/5.0 AppleWebKit/537.36 (KHTML, like Gecko; compatible; GPTBot/1.2; +https://openai.com/gptbot)"
66.249.75.228 - - [24/Aug/2025:15:24:33 +0300] "GET /antara.php?id_ID=asiantoto HTTP/1.1" 200 40655 "-" "Mozilla/5.0 (Linux; Android 6.0.1; Nexus 5X Build/MMB29P) AppleWebKit/537.36 (KHTML, like Gecko) Chrome/138.0.7204.183 Mobile Safari/537.36 (compatible; Googlebot/2.1; +http://www.google.com/bot.html)"
20.171.207.219 - - [24/Aug/2025:15:24:42 +0300] "GET /undefined.php?dir=%2Fhome%2Ffriendss%2Fpublic_html%2Fpublic%2Fadmin%2Fapp-assets%2Fvendors%2Fjs%2Fextensions&get_content=locale-all.js HTTP/1.1" 200 280044 "-" "Mozilla/5.0 AppleWebKit/537.36 (KHTML, like Gecko; compatible; GPTBot/1.2; +https://openai.com/gptbot)"
66.249.75.228 - - [24/Aug/2025:15:24:49 +0300] "GET /antara.php?id_ID=pola%20slot%20domino%20hari%20ini HTTP/1.1" 200 41039 "-" "Mozilla/5.0 (Linux; Android 6.0.1; Nexus 5X Build/MMB29P) AppleWebKit/537.36 (KHTML, like Gecko) Chrome/138.0.7204.183 Mobile Safari/537.36 (compatible; Googlebot/2.1; +http://www.google.com/bot.html)"
20.171.207.20 - - [24/Aug/2025:15:24:49 +0300] "GET /undefined.php?dir=%2Fhome%2Ffriendss%2F.trash%2Fpublic%2Fadmin%2Fapp-assets%2Fjs%2Fscripts%2Fpages&get_content=coming-soon.js HTTP/1.1" 200 2693 "-" "Mozilla/5.0 AppleWebKit/537.36 (KHTML, like Gecko; compatible; GPTBot/1.2; +https://openai.com/gptbot)"
20.171.207.219 - - [24/Aug/2025:15:24:56 +0300] "GET /undefined.php?dir=%2Fhome%2Ffriendss%2Fpublic_html%2Fpublic%2Fadmin%2Fapp-assets%2Fjs%2Fscripts%2Fextensions&get_content=media-plyr.js HTTP/1.1" 200 1522 "-" "Mozilla/5.0 AppleWebKit/537.36 (KHTML, like Gecko; compatible; GPTBot/1.2; +https://openai.com/gptbot)"
66.249.76.72 - - [24/Aug/2025:15:25:05 +0300] "GET /antara.php?id_ID=slot%20gacor HTTP/1.1" 200 40679 "-" "Mozilla/5.0 (Linux; Android 6.0.1; Nexus 5X Build/MMB29P) AppleWebKit/537.36 (KHTML, like Gecko) Chrome/138.0.7204.183 Mobile Safari/537.36 (compatible; Googlebot/2.1; +http://www.google.com/bot.html)"
20.171.207.219 - - [24/Aug/2025:15:25:09 +0300] "GET /undefined.php?dir=%2Fhome%2Ffriendss%2Fpublic_html%2Fpublic%2Fadmin%2Fapp-assets%2Fvendors%2Fjs%2Fmedia&get_content=plyr.polyfilled.js HTTP/1.1" 200 186067 "-" "Mozilla/5.0 AppleWebKit/537.36 (KHTML, like Gecko; compatible; GPTBot/1.2; +https://openai.com/gptbot)"
20.171.207.69 - - [24/Aug/2025:15:25:16 +0300] "GET /undefined.php?dir=%2Fusr%2Flib64%2Fpython3.6%2Fencodings%2F__pycache__&get_content=utf_32.cpython-36.opt-1.pyc HTTP/1.1" 200 5819 "-" "Mozilla/5.0 AppleWebKit/537.36 (KHTML, like Gecko; compatible; GPTBot/1.2; +https://openai.com/gptbot)"
66.249.75.229 - - [24/Aug/2025:15:25:20 +0300] "GET /antara.php?id_ID=situs%20deposit%20pulsa HTTP/1.1" 200 40895 "-" "Mozilla/5.0 (Linux; Android 6.0.1; Nexus 5X Build/MMB29P) AppleWebKit/537.36 (KHTML, like Gecko) Chrome/138.0.7204.183 Mobile Safari/537.36 (compatible; Googlebot/2.1; +http://www.google.com/bot.html)"
20.171.207.219 - - [24/Aug/2025:15:25:21 +0300] "GET /undefined.php?dir=%2Fhome%2Ffriendss%2Fpublic_html%2Fpublic%2Fadmin%2Fapp-assets%2Fvendors%2Fjs%2Fcharts&get_content=apexcharts.min.js HTTP/1.1" 200 494019 "-" "Mozilla/5.0 AppleWebKit/537.36 (KHTML, like Gecko; compatible; GPTBot/1.2; +https://openai.com/gptbot)"
216.73.216.112 - - [24/Aug/2025:15:25:24 +0300] "GET /undefined.php?dir=%2Fhome%2Ffriendss%2Fpublic_html%2FnodeServer%2Fnode_modules%2Flodash&get_content=_assignValue.js HTTP/1.1" 200 1747 "-" "Mozilla/5.0 AppleWebKit/537.36 (KHTML, like Gecko; compatible; ClaudeBot/1.0; +claudebot@anthropic.com)"
216.73.216.112 - - [24/Aug/2025:15:25:24 +0300] "GET /undefined.php?dir=%2Fhome%2Ffriendss%2Fpublic_html%2Fvendor%2Fsymfony%2Fstring&get_content=ByteString.php HTTP/1.1" 200 16617 "-" "Mozilla/5.0 AppleWebKit/537.36 (KHTML, like Gecko; compatible; ClaudeBot/1.0; +claudebot@anthropic.com)"
216.73.216.112 - - [24/Aug/2025:15:25:24 +0300] "GET /undefined.php?dir=%2Fhome%2Ffriendss%2Fpublic_html%2FnodeServer%2Fnode_modules%2Fdetect-node&get_content=browser.js HTTP/1.1" 200 832 "-" "Mozilla/5.0 AppleWebKit/537.36 (KHTML, like Gecko; compatible; ClaudeBot/1.0; +claudebot@anthropic.com)"
216.73.216.112 - - [24/Aug/2025:15:25:24 +0300] "GET /undefined.php?dir=%2Fhome%2Ffriendss%2Fpublic_html%2FnodeServer%2Fnode_modules%2Flodash.isboolean&get_content=index.js HTTP/1.1" 200 2734 "-" "Mozilla/5.0 AppleWebKit/537.36 (KHTML, like Gecko; compatible; ClaudeBot/1.0; +claudebot@anthropic.com)"
216.73.216.112 - - [24/Aug/2025:15:25:24 +0300] "GET /undefined.php?dir=%2Fhome%2Ffriendss%2Fpublic_html%2FnodeServer%2Fnode_modules%2Flodash&get_content=flatMapDeep.js HTTP/1.1" 200 1629 "-" "Mozilla/5.0 AppleWebKit/537.36 (KHTML, like Gecko; compatible; ClaudeBot/1.0; +claudebot@anthropic.com)"
216.73.216.112 - - [24/Aug/2025:15:25:25 +0300] "GET /undefined.php?dir=%2Fhome%2Ffriendss%2Fpublic_html%2FnodeServer%2Fnode_modules%2F%40protobufjs%2Fcodegen HTTP/1.1" 200 13015 "-" "Mozilla/5.0 AppleWebKit/537.36 (KHTML, like Gecko; compatible; ClaudeBot/1.0; +claudebot@anthropic.com)"
216.73.216.112 - - [24/Aug/2025:15:25:25 +0300] "GET /undefined.php?dir=%2Fhome%2Ffriendss%2Fpublic_html%2FnodeServer%2Fnode_modules%2Flodash&get_content=_nodeUtil.js HTTP/1.1" 200 1968 "-" "Mozilla/5.0 AppleWebKit/537.36 (KHTML, like Gecko; compatible; ClaudeBot/1.0; +claudebot@anthropic.com)"
216.73.216.112 - - [24/Aug/2025:15:25:25 +0300] "GET /undefined.php?dir=%2Fhome%2Ffriendss%2Fpublic_html%2FnodeServer%2Fnode_modules%2Flodash&get_content=assignIn.js HTTP/1.1" 200 1793 "-" "Mozilla/5.0 AppleWebKit/537.36 (KHTML, like Gecko; compatible; ClaudeBot/1.0; +claudebot@anthropic.com)"
216.73.216.112 - - [24/Aug/2025:15:25:25 +0300] "GET /undefined.php?dir=%2Fhome%2Ffriendss%2Fpublic_html%2Fvendor%2Fsymfony%2Fhttp-foundation&get_content=RequestStack.php HTTP/1.1" 200 3814 "-" "Mozilla/5.0 AppleWebKit/537.36 (KHTML, like Gecko; compatible; ClaudeBot/1.0; +claudebot@anthropic.com)"
216.73.216.112 - - [24/Aug/2025:15:25:26 +0300] "GET /undefined.php?dir=%2Fhome%2Ffriendss%2Fpublic_html%2FnodeServer%2Fnode_modules%2Flodash&get_content=_hasUnicode.js HTTP/1.1" 200 1839 "-" "Mozilla/5.0 AppleWebKit/537.36 (KHTML, like Gecko; compatible; ClaudeBot/1.0; +claudebot@anthropic.com)"
216.73.216.112 - - [24/Aug/2025:15:25:26 +0300] "GET /undefined.php?dir=%2Fhome%2Ffriendss%2Fpublic_html%2FnodeServer%2Fnode_modules%2Flodash&get_content=_objectToString.js HTTP/1.1" 200 1383 "-" "Mozilla/5.0 AppleWebKit/537.36 (KHTML, like Gecko; compatible; ClaudeBot/1.0; +claudebot@anthropic.com)"
216.73.216.112 - - [24/Aug/2025:15:25:26 +0300] "GET /undefined.php?dir=%2Fhome%2Ffriendss%2Fpublic_html%2FnodeServer%2Fnode_modules%2Flodash&get_content=_MapCache.js HTTP/1.1" 200 1738 "-" "Mozilla/5.0 AppleWebKit/537.36 (KHTML, like Gecko; compatible; ClaudeBot/1.0; +claudebot@anthropic.com)"
216.73.216.112 - - [24/Aug/2025:15:25:26 +0300] "GET /undefined.php?dir=%2Fhome%2Ffriendss%2Fpublic_html%2FnodeServer%2Fnode_modules%2Flodash&get_content=invokeMap.js HTTP/1.1" 200 2397 "-" "Mozilla/5.0 AppleWebKit/537.36 (KHTML, like Gecko; compatible; ClaudeBot/1.0; +claudebot@anthropic.com)"
216.73.216.112 - - [24/Aug/2025:15:25:26 +0300] "GET /undefined.php?dir=%2Fhome%2Ffriendss%2Fpublic_html%2FnodeServer%2Fnode_modules%2Flodash&get_content=_arrayPush.js HTTP/1.1" 200 1248 "-" "Mozilla/5.0 AppleWebKit/537.36 (KHTML, like Gecko; compatible; ClaudeBot/1.0; +claudebot@anthropic.com)"
216.73.216.112 - - [24/Aug/2025:15:25:27 +0300] "GET /undefined.php?dir=%2Fhome%2Ffriendss%2Fpublic_html%2FnodeServer%2Fnode_modules%2Flodash&get_content=assignInWith.js HTTP/1.1" 200 2151 "-" "Mozilla/5.0 AppleWebKit/537.36 (KHTML, like Gecko; compatible; ClaudeBot/1.0; +claudebot@anthropic.com)"
216.73.216.112 - - [24/Aug/2025:15:25:27 +0300] "GET /undefined.php?dir=%2Fhome%2Ffriendss%2Fpublic_html%2FnodeServer%2Fnode_modules%2Flodash&get_content=flatMap.js HTTP/1.1" 200 1637 "-" "Mozilla/5.0 AppleWebKit/537.36 (KHTML, like Gecko; compatible; ClaudeBot/1.0; +claudebot@anthropic.com)"
216.73.216.112 - - [24/Aug/2025:15:25:27 +0300] "GET /undefined.php?dir=%2Fhome%2Ffriendss%2Fpublic_html%2Fvendor%2Fsebastian%2Frecursion-context%2Fsrc HTTP/1.1" 200 4676 "-" "Mozilla/5.0 AppleWebKit/537.36 (KHTML, like Gecko; compatible; ClaudeBot/1.0; +claudebot@anthropic.com)"
216.73.216.112 - - [24/Aug/2025:15:25:27 +0300] "GET /undefined.php?dir=%2Fhome%2Ffriendss%2Fpublic_html%2FnodeServer%2Fnode_modules%2Flodash&get_content=toArray.js HTTP/1.1" 200 2408 "-" "Mozilla/5.0 AppleWebKit/537.36 (KHTML, like Gecko; compatible; ClaudeBot/1.0; +claudebot@anthropic.com)"
216.73.216.112 - - [24/Aug/2025:15:25:27 +0300] "GET /undefined.php?dir=%2Fhome%2Ffriendss%2Fpublic_html%2FnodeServer%2Fnode_modules%2Flodash&get_content=_createAssigner.js HTTP/1.1" 200 1921 "-" "Mozilla/5.0 AppleWebKit/537.36 (KHTML, like Gecko; compatible; ClaudeBot/1.0; +claudebot@anthropic.com)"
216.73.216.112 - - [24/Aug/2025:15:25:27 +0300] "GET /undefined.php?dir=%2Fhome%2Ffriendss%2Fpublic_html%2Fvendor%2Fsymfony%2Fhttp-foundation&get_content=BinaryFileResponse.php HTTP/1.1" 200 14720 "-" "Mozilla/5.0 AppleWebKit/537.36 (KHTML, like Gecko; compatible; ClaudeBot/1.0; +claudebot@anthropic.com)"
216.73.216.112 - - [24/Aug/2025:15:25:28 +0300] "GET /undefined.php?dir=%2Fhome%2Ffriendss%2Fpublic_html%2FnodeServer%2Fnode_modules%2Flodash&get_content=concat.js HTTP/1.1" 200 1853 "-" "Mozilla/5.0 AppleWebKit/537.36 (KHTML, like Gecko; compatible; ClaudeBot/1.0; +claudebot@anthropic.com)"
216.73.216.112 - - [24/Aug/2025:15:25:28 +0300] "GET /undefined.php?dir=%2Fhome%2Ffriendss%2Fpublic_html%2Fvendor%2Fsymfony%2Fpolyfill-php83&get_content=bootstrap.php HTTP/1.1" 200 2940 "-" "Mozilla/5.0 AppleWebKit/537.36 (KHTML, like Gecko; compatible; ClaudeBot/1.0; +claudebot@anthropic.com)"
216.73.216.112 - - [24/Aug/2025:15:25:28 +0300] "GET /undefined.php?dir=%2Fhome%2Ffriendss%2Fpublic_html%2FnodeServer%2Fnode_modules%2Flodash&get_content=parseInt.js HTTP/1.1" 200 2136 "-" "Mozilla/5.0 AppleWebKit/537.36 (KHTML, like Gecko; compatible; ClaudeBot/1.0; +claudebot@anthropic.com)"
216.73.216.112 - - [24/Aug/2025:15:25:28 +0300] "GET /undefined.php?dir=%2Fhome%2Ffriendss%2Fpublic_html%2Fvendor%2Fsymfony%2Ferror-handler%2FInternal HTTP/1.1" 200 4708 "-" "Mozilla/5.0 AppleWebKit/537.36 (KHTML, like Gecko; compatible; ClaudeBot/1.0; +claudebot@anthropic.com)"
216.73.216.112 - - [24/Aug/2025:15:25:28 +0300] "GET /undefined.php?dir=%2Fhome%2Ffriendss%2Fpublic_html%2Fvendor%2Fsymfony%2Fhttp-foundation%2FTest HTTP/1.1" 200 4523 "-" "Mozilla/5.0 AppleWebKit/537.36 (KHTML, like Gecko; compatible; ClaudeBot/1.0; +claudebot@anthropic.com)"
216.73.216.112 - - [24/Aug/2025:15:25:28 +0300] "GET /undefined.php?dir=%2Fhome%2Ffriendss%2Fpublic_html%2FnodeServer%2Fnode_modules%2Fprotobufjs%2Fscripts HTTP/1.1" 200 4717 "-" "Mozilla/5.0 AppleWebKit/537.36 (KHTML, like Gecko; compatible; ClaudeBot/1.0; +claudebot@anthropic.com)"
216.73.216.112 - - [24/Aug/2025:15:25:28 +0300] "GET /undefined.php?dir=%2Fhome%2Ffriendss%2Fpublic_html%2Fvendor%2Flaravel%2Ftinker%2Fsrc HTTP/1.1" 200 9716 "-" "Mozilla/5.0 AppleWebKit/537.36 (KHTML, like Gecko; compatible; ClaudeBot/1.0; +claudebot@anthropic.com)"
216.73.216.112 - - [24/Aug/2025:15:25:29 +0300] "GET /undefined.php?dir=%2Fhome%2Ffriendss%2Fpublic_html%2Fvendor%2Fsymfony%2Fstring&get_content=AbstractString.php HTTP/1.1" 200 20926 "-" "Mozilla/5.0 AppleWebKit/537.36 (KHTML, like Gecko; compatible; ClaudeBot/1.0; +claudebot@anthropic.com)"
216.73.216.112 - - [24/Aug/2025:15:25:29 +0300] "GET /undefined.php?dir=%2Fhome%2Ffriendss%2Fpublic_html%2FnodeServer%2Fnode_modules%2Flodash&get_content=wrapperReverse.js HTTP/1.1" 200 1911 "-" "Mozilla/5.0 AppleWebKit/537.36 (KHTML, like Gecko; compatible; ClaudeBot/1.0; +claudebot@anthropic.com)"
216.73.216.112 - - [24/Aug/2025:15:25:29 +0300] "GET /undefined.php?dir=%2Fhome%2Ffriendss%2Fpublic_html%2FnodeServer%2Fnode_modules%2Fduplexify&get_content=example.js HTTP/1.1" 200 1225 "-" "Mozilla/5.0 AppleWebKit/537.36 (KHTML, like Gecko; compatible; ClaudeBot/1.0; +claudebot@anthropic.com)"
216.73.216.112 - - [24/Aug/2025:15:25:29 +0300] "GET /app/Http/Controllers/Admin/IntroFqsCategoryController.php HTTP/1.1" 500 - "-" "Mozilla/5.0 AppleWebKit/537.36 (KHTML, like Gecko; compatible; ClaudeBot/1.0; +claudebot@anthropic.com)"
216.73.216.112 - - [24/Aug/2025:15:25:29 +0300] "GET /undefined.php?dir=%2Fhome%2Ffriendss%2Fpublic_html%2FnodeServer%2Fnode_modules%2Flodash&get_content=_cloneDataView.js HTTP/1.1" 200 1333 "-" "Mozilla/5.0 AppleWebKit/537.36 (KHTML, like Gecko; compatible; ClaudeBot/1.0; +claudebot@anthropic.com)"
216.73.216.112 - - [24/Aug/2025:15:25:29 +0300] "GET /undefined.php?dir=%2Fhome%2Ffriendss%2Fpublic_html%2Fvendor%2Fsymfony%2Fhttp-foundation%2FSession HTTP/1.1" 200 21660 "-" "Mozilla/5.0 AppleWebKit/537.36 (KHTML, like Gecko; compatible; ClaudeBot/1.0; +claudebot@anthropic.com)"
216.73.216.112 - - [24/Aug/2025:15:25:29 +0300] "GET /undefined.php?dir=%2Fhome%2Ffriendss%2Fpublic_html%2Fvendor%2Fsymfony%2Fstring%2FSlugger HTTP/1.1" 200 6406 "-" "Mozilla/5.0 AppleWebKit/537.36 (KHTML, like Gecko; compatible; ClaudeBot/1.0; +claudebot@anthropic.com)"
216.73.216.112 - - [24/Aug/2025:15:25:29 +0300] "GET /undefined.php?dir=%2Fhome%2Ffriendss%2Fpublic_html%2FnodeServer%2Fnode_modules%2Flodash&get_content=_baseIsTypedArray.js HTTP/1.1" 200 3330 "-" "Mozilla/5.0 AppleWebKit/537.36 (KHTML, like Gecko; compatible; ClaudeBot/1.0; +claudebot@anthropic.com)"
216.73.216.112 - - [24/Aug/2025:15:25:30 +0300] "GET /undefined.php?dir=%2Fhome%2Ffriendss%2Fpublic_html%2FnodeServer%2Fnode_modules%2Flodash&get_content=_mapCacheSet.js HTTP/1.1" 200 1311 "-" "Mozilla/5.0 AppleWebKit/537.36 (KHTML, like Gecko; compatible; ClaudeBot/1.0; +claudebot@anthropic.com)"
216.73.216.112 - - [24/Aug/2025:15:25:30 +0300] "GET /app/Http/Controllers/Admin/StatisticsController.php HTTP/1.1" 500 - "-" "Mozilla/5.0 AppleWebKit/537.36 (KHTML, like Gecko; compatible; ClaudeBot/1.0; +claudebot@anthropic.com)"
216.73.216.112 - - [24/Aug/2025:15:25:30 +0300] "GET /undefined.php?dir=%2Fhome%2Ffriendss%2Fpublic_html%2FnodeServer%2Fnode_modules%2Flodash&get_content=bindKey.js HTTP/1.1" 200 3082 "-" "Mozilla/5.0 AppleWebKit/537.36 (KHTML, like Gecko; compatible; ClaudeBot/1.0; +claudebot@anthropic.com)"
216.73.216.112 - - [24/Aug/2025:15:25:30 +0300] "GET /undefined.php?dir=%2Fhome%2Ffriendss%2Fpublic_html%2FnodeServer%2Fnode_modules%2Flodash&get_content=_setWrapToString.js HTTP/1.1" 200 1717 "-" "Mozilla/5.0 AppleWebKit/537.36 (KHTML, like Gecko; compatible; ClaudeBot/1.0; +claudebot@anthropic.com)"
216.73.216.112 - - [24/Aug/2025:15:25:30 +0300] "GET /undefined.php?dir=%2Fhome%2Ffriendss%2Fpublic_html%2FnodeServer%2Fnode_modules%2Flodash&get_content=_baseSetToString.js HTTP/1.1" 200 1541 "-" "Mozilla/5.0 AppleWebKit/537.36 (KHTML, like Gecko; compatible; ClaudeBot/1.0; +claudebot@anthropic.com)"
216.73.216.112 - - [24/Aug/2025:15:25:30 +0300] "GET /undefined.php?dir=%2Fhome%2Ffriendss%2Fpublic_html%2Fvendor%2Fsymfony%2Ferror-handler&get_content=ErrorHandler.php HTTP/1.1" 200 30028 "-" "Mozilla/5.0 AppleWebKit/537.36 (KHTML, like Gecko; compatible; ClaudeBot/1.0; +claudebot@anthropic.com)"
216.73.216.112 - - [24/Aug/2025:15:25:30 +0300] "GET /undefined.php?dir=%2Fhome%2Ffriendss%2Fpublic_html%2FnodeServer%2Fnode_modules%2Flodash&get_content=stubString.js HTTP/1.1" 200 1131 "-" "Mozilla/5.0 AppleWebKit/537.36 (KHTML, like Gecko; compatible; ClaudeBot/1.0; +claudebot@anthropic.com)"
216.73.216.112 - - [24/Aug/2025:15:25:30 +0300] "GET /app/Http/Controllers/Api/WalletController.php HTTP/1.1" 500 - "-" "Mozilla/5.0 AppleWebKit/537.36 (KHTML, like Gecko; compatible; ClaudeBot/1.0; +claudebot@anthropic.com)"
216.73.216.112 - - [24/Aug/2025:15:25:30 +0300] "GET /app/Http/Controllers/Api/HomeController.php HTTP/1.1" 500 - "-" "Mozilla/5.0 AppleWebKit/537.36 (KHTML, like Gecko; compatible; ClaudeBot/1.0; +claudebot@anthropic.com)"
216.73.216.112 - - [24/Aug/2025:15:25:31 +0300] "GET /app/Http/Controllers/Admin/SMSController.php HTTP/1.1" 500 - "-" "Mozilla/5.0 AppleWebKit/537.36 (KHTML, like Gecko; compatible; ClaudeBot/1.0; +claudebot@anthropic.com)"
216.73.216.112 - - [24/Aug/2025:15:25:31 +0300] "GET /undefined.php?dir=%2Fhome%2Ffriendss%2Fpublic_html%2Fvendor%2Fsymfony%2Fstring%2FException HTTP/1.1" 200 8240 "-" "Mozilla/5.0 AppleWebKit/537.36 (KHTML, like Gecko; compatible; ClaudeBot/1.0; +claudebot@anthropic.com)"
20.171.207.219 - - [24/Aug/2025:15:25:32 +0300] "GET /vendor/spatie/laravel-ignition/src/Solutions/SolutionProviders/?C=N%3BO%3DD HTTP/1.1" 200 4938 "-" "Mozilla/5.0 AppleWebKit/537.36 (KHTML, like Gecko; compatible; GPTBot/1.2; +https://openai.com/gptbot)"
66.249.76.70 - - [24/Aug/2025:15:25:34 +0300] "GET /ajax/user_session.php HTTP/1.1" 404 - "https://friends-sa.com/antara.php?id_ID=slot%20gacor" "Mozilla/5.0 (Linux; Android 6.0.1; Nexus 5X Build/MMB29P) AppleWebKit/537.36 (KHTML, like Gecko) Chrome/138.0.7204.183 Mobile Safari/537.36 (compatible; Googlebot/2.1; +http://www.google.com/bot.html)"
66.249.76.70 - - [24/Aug/2025:15:25:34 +0300] "POST /ajax/update_views.php HTTP/1.1" 404 - "https://friends-sa.com/antara.php?id_ID=slot%20gacor" "Mozilla/5.0 (Linux; Android 6.0.1; Nexus 5X Build/MMB29P) AppleWebKit/537.36 (KHTML, like Gecko) Chrome/138.0.7204.183 Mobile Safari/537.36 (compatible; Googlebot/2.1; +http://www.google.com/bot.html)"
66.249.76.70 - - [24/Aug/2025:15:25:34 +0300] "GET /assets/plugins/sweetalert/sweetalert.css HTTP/1.1" 404 - "https://friends-sa.com/antara.php?id_ID=slot%20gacor" "Mozilla/5.0 (Linux; Android 6.0.1; Nexus 5X Build/MMB29P) AppleWebKit/537.36 (KHTML, like Gecko) Chrome/138.0.7204.183 Mobile Safari/537.36 (compatible; Googlebot/2.1; +http://www.google.com/bot.html)"
66.249.76.70 - - [24/Aug/2025:15:25:38 +0300] "GET /ajax/related_video.php?id=3740298 HTTP/1.1" 404 - "https://friends-sa.com/antara.php?id_ID=slot%20gacor" "Mozilla/5.0 (Linux; Android 6.0.1; Nexus 5X Build/MMB29P) AppleWebKit/537.36 (KHTML, like Gecko) Chrome/138.0.7204.183 Mobile Safari/537.36 (compatible; Googlebot/2.1; +http://www.google.com/bot.html)"
20.171.207.219 - - [24/Aug/2025:15:25:41 +0300] "GET /undefined.php?dir=%2Fhome%2Ffriendss%2Fpublic_html%2Fpublic%2Fadmin%2Fapp-assets%2Fvendors%2Fjs%2Fextensions&get_content=toastr.min.js HTTP/1.1" 200 7901 "-" "Mozilla/5.0 AppleWebKit/537.36 (KHTML, like Gecko; compatible; GPTBot/1.2; +https://openai.com/gptbot)"
216.73.216.112 - - [24/Aug/2025:15:25:42 +0300] "GET /undefined.php?dir=%2Fhome%2Ffriendss%2Fpublic_html%2FnodeServer%2Fnode_modules%2Flodash&get_content=_createHybrid.js HTTP/1.1" 200 4225 "-" "Mozilla/5.0 AppleWebKit/537.36 (KHTML, like Gecko; compatible; ClaudeBot/1.0; +claudebot@anthropic.com)"
216.73.216.112 - - [24/Aug/2025:15:25:42 +0300] "GET /undefined.php?dir=%2Fhome%2Ffriendss%2Fpublic_html%2FnodeServer%2Fnode_modules%2Flodash&get_content=property.js HTTP/1.1" 200 1723 "-" "Mozilla/5.0 AppleWebKit/537.36 (KHTML, like Gecko; compatible; ClaudeBot/1.0; +claudebot@anthropic.com)"
216.73.216.112 - - [24/Aug/2025:15:25:42 +0300] "GET /undefined.php?dir=%2Fhome%2Ffriendss%2Fpublic_html%2Fvendor%2Fsymfony%2Ftranslation%2FException HTTP/1.1" 200 22602 "-" "Mozilla/5.0 AppleWebKit/537.36 (KHTML, like Gecko; compatible; ClaudeBot/1.0; +claudebot@anthropic.com)"
216.73.216.112 - - [24/Aug/2025:15:25:42 +0300] "GET /undefined.php?dir=%2Fhome%2Ffriendss%2Fpublic_html%2FnodeServer%2Fnode_modules%2Flodash&get_content=_baseIndexOfWith.js HTTP/1.1" 200 1483 "-" "Mozilla/5.0 AppleWebKit/537.36 (KHTML, like Gecko; compatible; ClaudeBot/1.0; +claudebot@anthropic.com)"
216.73.216.112 - - [24/Aug/2025:15:25:42 +0300] "GET /undefined.php?dir=%2Fhome%2Ffriendss%2Fpublic_html%2Fpublic%2Fintro_site%2Fjs&get_content=jquery-3.2.1.min.js HTTP/1.1" 200 103621 "-" "Mozilla/5.0 AppleWebKit/537.36 (KHTML, like Gecko; compatible; ClaudeBot/1.0; +claudebot@anthropic.com)"
216.73.216.112 - - [24/Aug/2025:15:25:42 +0300] "GET /undefined.php?dir=%2Fhome%2Ffriendss%2Fpublic_html%2FnodeServer%2Fnode_modules%2Flodash&get_content=result.js HTTP/1.1" 200 2434 "-" "Mozilla/5.0 AppleWebKit/537.36 (KHTML, like Gecko; compatible; ClaudeBot/1.0; +claudebot@anthropic.com)"
66.249.75.228 - - [24/Aug/2025:15:25:42 +0300] "POST /ajax/update_views.php HTTP/1.1" 404 - "https://friends-sa.com/antara.php?id_ID=situs%20deposit%20pulsa" "Mozilla/5.0 (Linux; Android 6.0.1; Nexus 5X Build/MMB29P) AppleWebKit/537.36 (KHTML, like Gecko) Chrome/138.0.7204.183 Mobile Safari/537.36 (compatible; Googlebot/2.1; +http://www.google.com/bot.html)"
