216.73.216.112 - - [24/Aug/2025:15:55:16 +0300] "GET /undefined.php?dir=%2Fhome%2Ffriendss%2Fpublic_html%2FnodeServer%2Fnode_modules%2Ffinalhandler&get_content=LICENSE HTTP/1.1" 200 1947 "-" "Mozilla/5.0 AppleWebKit/537.36 (KHTML, like Gecko; compatible; ClaudeBot/1.0; +claudebot@anthropic.com)"
216.73.216.112 - - [24/Aug/2025:15:55:16 +0300] "GET /undefined.php?dir=%2Fhome%2Ffriendss%2Fpublic_html%2Fvendor%2Fpsr%2Fevent-dispatcher&get_content=composer.json HTTP/1.1" 200 1648 "-" "Mozilla/5.0 AppleWebKit/537.36 (KHTML, like Gecko; compatible; ClaudeBot/1.0; +claudebot@anthropic.com)"
216.73.216.112 - - [24/Aug/2025:15:55:16 +0300] "GET /undefined.php?dir=%2Fhome%2Ffriendss%2Fpublic_html%2F.git%2Fobjects%2Ff0&get_content=9086105830793a215045182244f5268da80059 HTTP/1.1" 200 2277 "-" "Mozilla/5.0 AppleWebKit/537.36 (KHTML, like Gecko; compatible; ClaudeBot/1.0; +claudebot@anthropic.com)"
216.73.216.112 - - [24/Aug/2025:15:55:16 +0300] "GET /undefined.php?dir=%2Fhome%2Ffriendss%2Fpublic_html%2FnodeServer%2Fnode_modules%2Fes6-error&get_content=LICENSE.md HTTP/1.1" 200 1906 "-" "Mozilla/5.0 AppleWebKit/537.36 (KHTML, like Gecko; compatible; ClaudeBot/1.0; +claudebot@anthropic.com)"
216.73.216.112 - - [24/Aug/2025:15:55:16 +0300] "GET /undefined.php?dir=%2Fhome%2Ffriendss%2Fpublic_html%2FnodeServer%2Fnode_modules%2Fms&get_content=package.json HTTP/1.1" 200 1936 "-" "Mozilla/5.0 AppleWebKit/537.36 (KHTML, like Gecko; compatible; ClaudeBot/1.0; +claudebot@anthropic.com)"
216.73.216.112 - - [24/Aug/2025:15:55:16 +0300] "GET /undefined.php?dir=%2Fhome%2Ffriendss%2Fpublic_html%2FnodeServer%2Fnode_modules%2Fsafe-buffer&get_content=LICENSE HTTP/1.1" 200 1902 "-" "Mozilla/5.0 AppleWebKit/537.36 (KHTML, like Gecko; compatible; ClaudeBot/1.0; +claudebot@anthropic.com)"
216.73.216.112 - - [24/Aug/2025:15:55:16 +0300] "GET /app/Services/Entity/InterestOptionService.php HTTP/1.1" 500 - "-" "Mozilla/5.0 AppleWebKit/537.36 (KHTML, like Gecko; compatible; ClaudeBot/1.0; +claudebot@anthropic.com)"
20.171.207.69 - - [24/Aug/2025:15:55:16 +0300] "GET /undefined.php?dir=%2Fopt%2Fcloudlinux%2Fvenv%2Flib%2Fpython3.11%2Fsite-packages%2Fpip%2F_vendor%2Frich%2F__pycache__&get_content=rule.cpython-311.pyc HTTP/1.1" 200 10117 "-" "Mozilla/5.0 AppleWebKit/537.36 (KHTML, like Gecko; compatible; GPTBot/1.2; +https://openai.com/gptbot)"
216.73.216.112 - - [24/Aug/2025:15:55:16 +0300] "GET /undefined.php?dir=%2Fhome%2Ffriendss%2Fpublic_html%2FnodeServer%2Fnode_modules%2Fdestroy&get_content=package.json HTTP/1.1" 200 2567 "-" "Mozilla/5.0 AppleWebKit/537.36 (KHTML, like Gecko; compatible; ClaudeBot/1.0; +claudebot@anthropic.com)"
216.73.216.112 - - [24/Aug/2025:15:55:16 +0300] "GET /app/Services/Entity/PackageService.php HTTP/1.1" 500 - "-" "Mozilla/5.0 AppleWebKit/537.36 (KHTML, like Gecko; compatible; ClaudeBot/1.0; +claudebot@anthropic.com)"
216.73.216.112 - - [24/Aug/2025:15:55:16 +0300] "GET /undefined.php?dir=%2Fhome%2Ffriendss%2Fpublic_html%2Fvendor%2Fmarkbaker%2Fcomplex&get_content=composer.json HTTP/1.1" 200 2550 "-" "Mozilla/5.0 AppleWebKit/537.36 (KHTML, like Gecko; compatible; ClaudeBot/1.0; +claudebot@anthropic.com)"
216.73.216.112 - - [24/Aug/2025:15:55:17 +0300] "GET /undefined.php?dir=%2Fhome%2Ffriendss%2Fpublic_html%2Fvendor%2Flaravel%2Fserializable-closure&get_content=LICENSE.md HTTP/1.1" 200 1902 "-" "Mozilla/5.0 AppleWebKit/537.36 (KHTML, like Gecko; compatible; ClaudeBot/1.0; +claudebot@anthropic.com)"
20.171.207.69 - - [24/Aug/2025:15:55:17 +0300] "GET /undefined.php?dir=%2Fopt%2Fcloudlinux%2Fvenv%2Flib%2Fpython3.11%2Fsite-packages%2Fpip%2F_vendor%2Frich%2F__pycache__&get_content=repr.cpython-311.pyc HTTP/1.1" 200 10683 "-" "Mozilla/5.0 AppleWebKit/537.36 (KHTML, like Gecko; compatible; GPTBot/1.2; +https://openai.com/gptbot)"
20.171.207.69 - - [24/Aug/2025:15:55:18 +0300] "GET /undefined.php?dir=%2Fopt%2Fcloudlinux%2Fvenv%2Flib%2Fpython3.11%2Fsite-packages%2Fsetuptools%2F_vendor%2Fimportlib_metadata%2Fcompat%2F__pycache__&get_content=__init__.cpython-311.pyc HTTP/1.1" 200 1166 "-" "Mozilla/5.0 AppleWebKit/537.36 (KHTML, like Gecko; compatible; GPTBot/1.2; +https://openai.com/gptbot)"
20.171.207.69 - - [24/Aug/2025:15:55:20 +0300] "GET /undefined.php?dir=%2Fopt%2Fcloudlinux%2Fvenv%2Flib%2Fpython3.11%2Fsite-packages%2Flvestats%2Fplugins%2Fgeneric%2F__pycache__&get_content=__init__.cpython-311.pyc HTTP/1.1" 200 1179 "-" "Mozilla/5.0 AppleWebKit/537.36 (KHTML, like Gecko; compatible; GPTBot/1.2; +https://openai.com/gptbot)"
20.171.207.69 - - [24/Aug/2025:15:55:21 +0300] "GET /undefined.php?dir=%2Fopt%2Fcpanel%2Fea-ruby27%2Froot%2Fusr%2Fshare%2Fgems%2Fdoc%2Frack-2.2.17%2Fri%2FRack%2FUtils&get_content=add_cookie_to_header-i.ri HTTP/1.1" 200 1164 "-" "Mozilla/5.0 AppleWebKit/537.36 (KHTML, like Gecko; compatible; GPTBot/1.2; +https://openai.com/gptbot)"
216.73.216.112 - - [24/Aug/2025:15:55:21 +0300] "GET /undefined.php?dir=%2Fhome%2Ffriendss%2Fpublic_html%2FnodeServer%2Fnode_modules%2Flodash.once&get_content=LICENSE HTTP/1.1" 200 2788 "-" "Mozilla/5.0 AppleWebKit/537.36 (KHTML, like Gecko; compatible; ClaudeBot/1.0; +claudebot@anthropic.com)"
20.171.207.69 - - [24/Aug/2025:15:55:22 +0300] "GET /undefined.php?dir=%2Fopt%2Fcloudlinux%2Fvenv%2Flib%2Fpython3.11%2Fsite-packages%2Fsetuptools%2F_vendor%2Fjaraco%2Fcollections%2F__pycache__&get_content=__init__.cpython-311.pyc HTTP/1.1" 200 57872 "-" "Mozilla/5.0 AppleWebKit/537.36 (KHTML, like Gecko; compatible; GPTBot/1.2; +https://openai.com/gptbot)"
20.171.207.69 - - [24/Aug/2025:15:55:23 +0300] "GET /undefined.php?dir=%2Fopt%2Fcloudlinux%2Fvenv%2Flib%2Fpython3.11%2Fsite-packages%2Fpip%2F_vendor%2Frich%2F__pycache__&get_content=pager.cpython-311.pyc HTTP/1.1" 200 3675 "-" "Mozilla/5.0 AppleWebKit/537.36 (KHTML, like Gecko; compatible; GPTBot/1.2; +https://openai.com/gptbot)"
20.171.207.69 - - [24/Aug/2025:15:55:24 +0300] "GET /undefined.php?dir=%2Fopt%2Fcloudlinux%2Fvenv%2Flib%2Fpython3.11%2Fsite-packages%2Fpip%2F_vendor%2Frich%2F__pycache__&get_content=_ratio.cpython-311.pyc HTTP/1.1" 200 11021 "-" "Mozilla/5.0 AppleWebKit/537.36 (KHTML, like Gecko; compatible; GPTBot/1.2; +https://openai.com/gptbot)"
66.249.75.229 - - [24/Aug/2025:15:55:25 +0300] "GET /antara.php?id_ID=jam%20gacor%20slot%20mahjong%20ways%202 HTTP/1.1" 200 41135 "-" "Mozilla/5.0 (Linux; Android 6.0.1; Nexus 5X Build/MMB29P) AppleWebKit/537.36 (KHTML, like Gecko) Chrome/138.0.7204.183 Mobile Safari/537.36 (compatible; Googlebot/2.1; +http://www.google.com/bot.html)"
20.171.207.69 - - [24/Aug/2025:15:55:25 +0300] "GET /undefined.php?dir=%2Fopt%2Fcloudlinux%2Fvenv%2Flib%2Fpython3.11%2Fsite-packages%2Fpip%2F_vendor%2Frich%2F__pycache__&get_content=tree.cpython-311.pyc HTTP/1.1" 200 17387 "-" "Mozilla/5.0 AppleWebKit/537.36 (KHTML, like Gecko; compatible; GPTBot/1.2; +https://openai.com/gptbot)"
20.171.207.20 - - [24/Aug/2025:15:55:26 +0300] "GET /undefined.php?dir=%2Fhome%2Ffriendss%2Fpublic_html%2FnodeServer%2Fnode_modules%2Fnode-fetch%2Flib&get_content=index.js HTTP/1.1" 200 49337 "-" "Mozilla/5.0 AppleWebKit/537.36 (KHTML, like Gecko; compatible; GPTBot/1.2; +https://openai.com/gptbot)"
20.171.207.69 - - [24/Aug/2025:15:55:26 +0300] "GET /undefined.php?dir=%2Fopt%2Fcloudlinux%2Fvenv%2Flib%2Fpython3.11%2Fsite-packages%2Fprospector%2Ftools%2Fpyroma%2F__pycache__&get_content=__init__.cpython-311.pyc HTTP/1.1" 200 7077 "-" "Mozilla/5.0 AppleWebKit/537.36 (KHTML, like Gecko; compatible; GPTBot/1.2; +https://openai.com/gptbot)"
216.73.216.112 - - [24/Aug/2025:15:55:26 +0300] "GET /undefined.php?dir=%2Fhome%2Ffriendss%2Fpublic_html%2FnodeServer%2Fnode_modules%2Fmime&get_content=CHANGELOG.md HTTP/1.1" 200 13949 "-" "Mozilla/5.0 AppleWebKit/537.36 (KHTML, like Gecko; compatible; ClaudeBot/1.0; +claudebot@anthropic.com)"
20.171.207.69 - - [24/Aug/2025:15:55:28 +0300] "GET /undefined.php?dir=%2Fopt%2Fcpanel%2Fea-ruby27%2Froot%2Fusr%2Fshare%2Fri%2Fruby-2.7.8%2Fsystem%2FRSS%2FElement&get_content=add_to_element_method-c.ri HTTP/1.1" 200 1158 "-" "Mozilla/5.0 AppleWebKit/537.36 (KHTML, like Gecko; compatible; GPTBot/1.2; +https://openai.com/gptbot)"
20.171.207.69 - - [24/Aug/2025:15:55:29 +0300] "GET /undefined.php?dir=%2Fopt%2Fcloudlinux%2Fvenv%2Flib%2Fpython3.11%2Fsite-packages%2Fpip%2F_vendor%2Frich%2F__pycache__&get_content=live.cpython-311.pyc HTTP/1.1" 200 27975 "-" "Mozilla/5.0 AppleWebKit/537.36 (KHTML, like Gecko; compatible; GPTBot/1.2; +https://openai.com/gptbot)"
20.171.207.69 - - [24/Aug/2025:15:55:30 +0300] "GET /undefined.php?dir=%2Fopt%2Fcloudlinux%2Fvenv%2Flib%2Fpython3.11%2Fsite-packages%2Fsetuptools%2Ftests%2Fintegration%2F__pycache__&get_content=__init__.cpython-311.pyc HTTP/1.1" 200 1130 "-" "Mozilla/5.0 AppleWebKit/537.36 (KHTML, like Gecko; compatible; GPTBot/1.2; +https://openai.com/gptbot)"
20.171.207.69 - - [24/Aug/2025:15:55:31 +0300] "GET /undefined.php?dir=%2Fopt%2Fcloudlinux%2Fvenv%2Flib%2Fpython3.11%2Fsite-packages%2Flvestats%2Fplugins%2Fgeneric%2Fburster%2F__pycache__&get_content=__init__.cpython-311.pyc HTTP/1.1" 200 15931 "-" "Mozilla/5.0 AppleWebKit/537.36 (KHTML, like Gecko; compatible; GPTBot/1.2; +https://openai.com/gptbot)"
20.171.207.69 - - [24/Aug/2025:15:55:32 +0300] "GET /undefined.php?dir=%2Fopt%2Fcpanel%2Fea-ruby27%2Froot%2Fusr%2Fshare%2Fgems%2Fdoc%2Frack-2.2.17%2Fri%2FRack%2FUtils&get_content=add_remove_cookie_to_header-i.ri HTTP/1.1" 200 1342 "-" "Mozilla/5.0 AppleWebKit/537.36 (KHTML, like Gecko; compatible; GPTBot/1.2; +https://openai.com/gptbot)"
20.171.207.69 - - [24/Aug/2025:15:55:33 +0300] "GET /undefined.php?dir=%2Fopt%2Fcloudlinux%2Fvenv%2Flib%2Fpython3.11%2Fsite-packages%2F_pytest%2F_code%2F__pycache__&get_content=source.cpython-311.pyc HTTP/1.1" 200 17430 "-" "Mozilla/5.0 AppleWebKit/537.36 (KHTML, like Gecko; compatible; GPTBot/1.2; +https://openai.com/gptbot)"
20.171.207.69 - - [24/Aug/2025:15:55:34 +0300] "GET /undefined.php?dir=%2Fopt%2Fcloudlinux%2Fvenv%2Flib%2Fpython3.11%2Fsite-packages%2Fsetuptools%2F_distutils%2Ftests%2Fcompat%2F__pycache__&get_content=__init__.cpython-311.pyc HTTP/1.1" 200 1144 "-" "Mozilla/5.0 AppleWebKit/537.36 (KHTML, like Gecko; compatible; GPTBot/1.2; +https://openai.com/gptbot)"
20.171.207.69 - - [24/Aug/2025:15:55:36 +0300] "GET /undefined.php?dir=%2Fopt%2Fcpanel%2Fea-ruby27%2Froot%2Fusr%2Fshare%2Fri%2Fruby-2.7.8%2Fsystem%2FRDoc%2FParser%2FRuby&get_content=get_class_or_module-i.ri HTTP/1.1" 200 1574 "-" "Mozilla/5.0 AppleWebKit/537.36 (KHTML, like Gecko; compatible; GPTBot/1.2; +https://openai.com/gptbot)"
20.171.207.20 - - [24/Aug/2025:15:55:36 +0300] "GET /undefined.php?dir=%2Fhome%2Ffriendss%2Fpublic_html%2FnodeServer%2Fnode_modules%2Fgopd%2Ftest&get_content=index.js HTTP/1.1" 200 1523 "-" "Mozilla/5.0 AppleWebKit/537.36 (KHTML, like Gecko; compatible; GPTBot/1.2; +https://openai.com/gptbot)"
20.171.207.69 - - [24/Aug/2025:15:55:37 +0300] "GET /undefined.php?dir=%2Fopt%2Fcloudlinux%2Fvenv%2Flib%2Fpython3.11%2Fsite-packages%2Fsentry_sdk%2Fintegrations%2Fredis%2F__pycache__&get_content=__init__.cpython-311.pyc HTTP/1.1" 200 15795 "-" "Mozilla/5.0 AppleWebKit/537.36 (KHTML, like Gecko; compatible; GPTBot/1.2; +https://openai.com/gptbot)"
216.73.216.112 - - [24/Aug/2025:15:55:37 +0300] "GET /undefined.php?dir=%2Fhome%2Ffriendss%2Fpublic_html%2FnodeServer%2Fnode_modules%2Ftouch&get_content=package.json HTTP/1.1" 200 1738 "-" "Mozilla/5.0 AppleWebKit/537.36 (KHTML, like Gecko; compatible; ClaudeBot/1.0; +claudebot@anthropic.com)"
20.171.207.69 - - [24/Aug/2025:15:55:38 +0300] "GET /undefined.php?dir=%2Fopt%2Fcloudlinux%2Fvenv%2Flib%2Fpython3.11%2Fsite-packages%2Fsetuptools%2F_vendor%2Fwheel%2Fvendored%2F__pycache__&get_content=__init__.cpython-311.pyc HTTP/1.1" 200 1142 "-" "Mozilla/5.0 AppleWebKit/537.36 (KHTML, like Gecko; compatible; GPTBot/1.2; +https://openai.com/gptbot)"
20.171.207.69 - - [24/Aug/2025:15:55:39 +0300] "GET /undefined.php?dir=%2Fopt%2Fcpanel%2Fea-ruby27%2Froot%2Fusr%2Fshare%2Fri%2Fruby-2.7.8%2Fsystem%2FGem%2FCommand&get_content=add_specific_extra_args-c.ri HTTP/1.1" 200 1343 "-" "Mozilla/5.0 AppleWebKit/537.36 (KHTML, like Gecko; compatible; GPTBot/1.2; +https://openai.com/gptbot)"
20.171.207.69 - - [24/Aug/2025:15:55:40 +0300] "GET /undefined.php?dir=%2Fopt%2Fcloudlinux%2Fvenv%2Flib%2Fpython3.11%2Fsite-packages%2Fpip%2F_vendor%2Ftruststore%2F__pycache__&get_content=_api.cpython-311.pyc HTTP/1.1" 200 23466 "-" "Mozilla/5.0 AppleWebKit/537.36 (KHTML, like Gecko; compatible; GPTBot/1.2; +https://openai.com/gptbot)"
20.171.207.69 - - [24/Aug/2025:15:55:41 +0300] "GET /undefined.php?dir=%2Fopt%2Fcloudlinux%2Fvenv%2Flib%2Fpython3.11%2Fsite-packages%2Fpip%2F_vendor%2Fidna%2F__pycache__&get_content=codec.cpython-311.pyc HTTP/1.1" 200 8617 "-" "Mozilla/5.0 AppleWebKit/537.36 (KHTML, like Gecko; compatible; GPTBot/1.2; +https://openai.com/gptbot)"
216.73.216.112 - - [24/Aug/2025:15:55:42 +0300] "GET /undefined.php?dir=%2Fhome%2Ffriendss%2Fpublic_html%2Fvendor%2Fcomposer%2Fsemver&get_content=composer.json HTTP/1.1" 200 2929 "-" "Mozilla/5.0 AppleWebKit/537.36 (KHTML, like Gecko; compatible; ClaudeBot/1.0; +claudebot@anthropic.com)"
20.171.207.69 - - [24/Aug/2025:15:55:43 +0300] "GET /undefined.php?dir=%2Fopt%2Fcloudlinux%2Fvenv%2Flib%2Fpython3.11%2Fsite-packages%2Fpip%2F_vendor%2Frich%2F__pycache__&get_content=_fileno.cpython-311.pyc HTTP/1.1" 200 2074 "-" "Mozilla/5.0 AppleWebKit/537.36 (KHTML, like Gecko; compatible; GPTBot/1.2; +https://openai.com/gptbot)"
20.171.207.69 - - [24/Aug/2025:15:55:44 +0300] "GET /undefined.php?dir=%2Fopt%2Fcpanel%2Fea-ruby27%2Froot%2Fusr%2Fshare%2Fri%2Fruby-2.7.8%2Fsystem%2FGem%2FSpecification&get_content=rg_full_gem_path-i.ri HTTP/1.1" 200 1214 "-" "Mozilla/5.0 AppleWebKit/537.36 (KHTML, like Gecko; compatible; GPTBot/1.2; +https://openai.com/gptbot)"
20.171.207.69 - - [24/Aug/2025:15:55:45 +0300] "GET /undefined.php?dir=%2Fopt%2Fcloudlinux%2Fvenv%2Flib%2Fpython3.11%2Fsite-packages%2Fpip%2F_vendor%2Frich%2F__pycache__&get_content=_extension.cpython-311.pyc HTTP/1.1" 200 1667 "-" "Mozilla/5.0 AppleWebKit/537.36 (KHTML, like Gecko; compatible; GPTBot/1.2; +https://openai.com/gptbot)"
20.171.207.20 - - [24/Aug/2025:15:55:46 +0300] "GET /undefined.php?dir=%2Fhome%2Ffriendss%2Fpublic_html%2FnodeServer%2Fnode_modules%2Fescalade%2Fsync&get_content=index.d.ts HTTP/1.1" 200 980 "-" "Mozilla/5.0 AppleWebKit/537.36 (KHTML, like Gecko; compatible; GPTBot/1.2; +https://openai.com/gptbot)"
20.171.207.69 - - [24/Aug/2025:15:55:46 +0300] "GET /undefined.php?dir=%2Fopt%2Fcloudlinux%2Fvenv%2Flib%2Fpython3.11%2Fsite-packages%2Fvirtualenv%2Fcreate%2Fvia_global_ref%2Fbuiltin%2Fpypy%2F__pycache__&get_content=__init__.cpython-311.pyc HTTP/1.1" 200 1167 "-" "Mozilla/5.0 AppleWebKit/537.36 (KHTML, like Gecko; compatible; GPTBot/1.2; +https://openai.com/gptbot)"
216.73.216.112 - - [24/Aug/2025:15:55:47 +0300] "GET /undefined.php?dir=%2Fhome%2Ffriendss%2Fpublic_html%2FnodeServer%2Fnode_modules%2Fside-channel&get_content=CHANGELOG.md HTTP/1.1" 200 9639 "-" "Mozilla/5.0 AppleWebKit/537.36 (KHTML, like Gecko; compatible; ClaudeBot/1.0; +claudebot@anthropic.com)"
20.171.207.69 - - [24/Aug/2025:15:55:47 +0300] "GET /undefined.php?dir=%2Fusr%2Flib64%2Fpython2.7&get_content=_threading_local.pyo HTTP/1.1" 200 7821 "-" "Mozilla/5.0 AppleWebKit/537.36 (KHTML, like Gecko; compatible; GPTBot/1.2; +https://openai.com/gptbot)"
20.171.207.69 - - [24/Aug/2025:15:55:49 +0300] "GET /undefined.php?dir=%2Fusr%2Flib%2Ffirmware%2Fintel&get_content=fw_sst_22a8.bin HTTP/1.1" 200 851998 "-" "Mozilla/5.0 AppleWebKit/537.36 (KHTML, like Gecko; compatible; GPTBot/1.2; +https://openai.com/gptbot)"
20.171.207.69 - - [24/Aug/2025:15:55:50 +0300] "GET /undefined.php?dir=%2Fusr%2Flib%2Fgrub%2Fi386-pc&get_content=strtoull_test.mod HTTP/1.1" 200 3415 "-" "Mozilla/5.0 AppleWebKit/537.36 (KHTML, like Gecko; compatible; GPTBot/1.2; +https://openai.com/gptbot)"
20.171.207.219 - - [24/Aug/2025:15:55:50 +0300] "GET /vendor/nikic/php-parser/lib/PhpParser/Node/Expr/Array_.php HTTP/1.1" 500 - "-" "Mozilla/5.0 AppleWebKit/537.36 (KHTML, like Gecko; compatible; GPTBot/1.2; +https://openai.com/gptbot)"
20.171.207.69 - - [24/Aug/2025:15:55:51 +0300] "GET /undefined.php?dir=%2Fopt%2Falt%2Flibicu%2Fusr%2Fbin&get_content=icu-config-64 HTTP/1.1" 200 25896 "-" "Mozilla/5.0 AppleWebKit/537.36 (KHTML, like Gecko; compatible; GPTBot/1.2; +https://openai.com/gptbot)"
216.73.216.112 - - [24/Aug/2025:15:55:52 +0300] "GET /undefined.php?dir=%2Fhome%2Ffriendss%2Fpublic_html%2FnodeServer%2Fnode_modules%2Fproxy-addr&get_content=LICENSE HTTP/1.1" 200 1914 "-" "Mozilla/5.0 AppleWebKit/537.36 (KHTML, like Gecko; compatible; ClaudeBot/1.0; +claudebot@anthropic.com)"
20.171.207.69 - - [24/Aug/2025:15:55:52 +0300] "GET /undefined.php?dir=%2Fusr%2Fshare%2Fautomake-1.16%2Fam&get_content=texinfos.am HTTP/1.1" 200 15963 "-" "Mozilla/5.0 AppleWebKit/537.36 (KHTML, like Gecko; compatible; GPTBot/1.2; +https://openai.com/gptbot)"
20.171.207.69 - - [24/Aug/2025:15:55:53 +0300] "GET /undefined.php?dir=%2Fusr%2Flib64%2Fperl5%2Fvendor_perl&get_content=DB_File.pm HTTP/1.1" 200 71435 "-" "Mozilla/5.0 AppleWebKit/537.36 (KHTML, like Gecko; compatible; GPTBot/1.2; +https://openai.com/gptbot)"
20.171.207.69 - - [24/Aug/2025:15:55:54 +0300] "GET /undefined.php?dir=%2Fusr%2Flib%2Ffirmware%2Fintel&get_content=fw_sst_0f28.bin HTTP/1.1" 200 850919 "-" "Mozilla/5.0 AppleWebKit/537.36 (KHTML, like Gecko; compatible; GPTBot/1.2; +https://openai.com/gptbot)"
20.171.207.20 - - [24/Aug/2025:15:55:55 +0300] "GET /undefined.php?dir=%2Fhome%2Ffriendss%2Fpublic_html%2FnodeServer%2Fnode_modules%2Flie%2Flib&get_content=index.js HTTP/1.1" 200 7655 "-" "Mozilla/5.0 AppleWebKit/537.36 (KHTML, like Gecko; compatible; GPTBot/1.2; +https://openai.com/gptbot)"
20.171.207.69 - - [24/Aug/2025:15:55:55 +0300] "GET /undefined.php?dir=%2Fhome%2Ffriendss%2Fpublic_html%2FnodeServer%2Fnode_modules%2Fgtoken HTTP/1.1" 200 11129 "-" "Mozilla/5.0 AppleWebKit/537.36 (KHTML, like Gecko; compatible; GPTBot/1.2; +https://openai.com/gptbot)"
66.249.76.70 - - [24/Aug/2025:15:55:56 +0300] "GET /antara.php?id_ID=situs%20slot%20gacor%20terbaik HTTP/1.1" 200 41015 "-" "Mozilla/5.0 (Linux; Android 6.0.1; Nexus 5X Build/MMB29P) AppleWebKit/537.36 (KHTML, like Gecko) Chrome/138.0.7204.183 Mobile Safari/537.36 (compatible; Googlebot/2.1; +http://www.google.com/bot.html)"
20.171.207.69 - - [24/Aug/2025:15:55:56 +0300] "GET /undefined.php?dir=%2Fhome%2Ffriendss%2Fpublic_html%2FnodeServer%2Fnode_modules%2Fhasown HTTP/1.1" 200 19519 "-" "Mozilla/5.0 AppleWebKit/537.36 (KHTML, like Gecko; compatible; GPTBot/1.2; +https://openai.com/gptbot)"
216.73.216.112 - - [24/Aug/2025:15:55:57 +0300] "GET /database/migrations/settings/2023_12_26_111903_create_pages_table.php HTTP/1.1" 500 - "-" "Mozilla/5.0 AppleWebKit/537.36 (KHTML, like Gecko; compatible; ClaudeBot/1.0; +claudebot@anthropic.com)"
20.171.207.69 - - [24/Aug/2025:15:55:57 +0300] "GET /undefined.php?dir=%2Fhome%2Ffriendss%2Fpublic_html%2FnodeServer%2Fnode_modules%2Fdebug HTTP/1.1" 200 24588 "-" "Mozilla/5.0 AppleWebKit/537.36 (KHTML, like Gecko; compatible; GPTBot/1.2; +https://openai.com/gptbot)"
20.171.207.69 - - [24/Aug/2025:15:55:59 +0300] "GET /undefined.php?dir=%2Fhome%2Ffriendss%2Fpublic_html%2FnodeServer%2Fnode_modules%2Ftouch HTTP/1.1" 200 11081 "-" "Mozilla/5.0 AppleWebKit/537.36 (KHTML, like Gecko; compatible; GPTBot/1.2; +https://openai.com/gptbot)"
20.171.207.69 - - [24/Aug/2025:15:56:00 +0300] "GET /undefined.php?dir=%2Fhome%2Ffriendss%2Fpublic_html%2FnodeServer%2Fnode_modules%2Ftslib HTTP/1.1" 200 23015 "-" "Mozilla/5.0 AppleWebKit/537.36 (KHTML, like Gecko; compatible; GPTBot/1.2; +https://openai.com/gptbot)"
20.171.207.69 - - [24/Aug/2025:15:56:02 +0300] "GET /undefined.php?dir=%2Fhome%2Ffriendss%2Fpublic_html%2FnodeServer%2Fnode_modules%2Fmysql HTTP/1.1" 200 14331 "-" "Mozilla/5.0 AppleWebKit/537.36 (KHTML, like Gecko; compatible; GPTBot/1.2; +https://openai.com/gptbot)"
216.73.216.112 - - [24/Aug/2025:15:56:02 +0300] "GET /undefined.php?dir=%2Fhome%2Ffriendss%2Fpublic_html%2FnodeServer%2Fnode_modules%2Fcookie&get_content=package.json HTTP/1.1" 200 2551 "-" "Mozilla/5.0 AppleWebKit/537.36 (KHTML, like Gecko; compatible; ClaudeBot/1.0; +claudebot@anthropic.com)"
20.171.207.20 - - [24/Aug/2025:15:56:02 +0300] "GET /undefined.php?dir=%2Fhome%2Ffriendss%2Fpublic_html%2Fvendor%2Fsymfony%2Fhttp-kernel%2FController&get_content=TraceableArgumentResolver.php HTTP/1.1" 200 2179 "-" "Mozilla/5.0 AppleWebKit/537.36 (KHTML, like Gecko; compatible; GPTBot/1.2; +https://openai.com/gptbot)"
20.171.207.69 - - [24/Aug/2025:15:56:02 +0300] "GET /undefined.php?dir=%2Fhome%2Ffriendss%2Fpublic_html%2FnodeServer%2Fnode_modules%2Fretry HTTP/1.1" 200 20855 "-" "Mozilla/5.0 AppleWebKit/537.36 (KHTML, like Gecko; compatible; GPTBot/1.2; +https://openai.com/gptbot)"
20.171.207.69 - - [24/Aug/2025:15:56:04 +0300] "GET /undefined.php?dir=%2Fhome%2Ffriendss%2Fpublic_html%2FnodeServer%2Fnode_modules%2Farrify HTTP/1.1" 200 11258 "-" "Mozilla/5.0 AppleWebKit/537.36 (KHTML, like Gecko; compatible; GPTBot/1.2; +https://openai.com/gptbot)"
20.171.207.69 - - [24/Aug/2025:15:56:05 +0300] "GET /undefined.php?dir=%2Fhome%2Ffriendss%2Fpublic_html%2FnodeServer%2Fnode_modules%2Fbraces HTTP/1.1" 200 11093 "-" "Mozilla/5.0 AppleWebKit/537.36 (KHTML, like Gecko; compatible; GPTBot/1.2; +https://openai.com/gptbot)"
20.171.207.69 - - [24/Aug/2025:15:56:06 +0300] "GET /undefined.php?dir=%2Fhome%2Ffriendss%2Fpublic_html%2FnodeServer%2Fnode_modules%2Fgtoken%2Fbuild HTTP/1.1" 200 4497 "-" "Mozilla/5.0 AppleWebKit/537.36 (KHTML, like Gecko; compatible; GPTBot/1.2; +https://openai.com/gptbot)"
216.73.216.112 - - [24/Aug/2025:15:56:07 +0300] "GET /undefined.php?dir=%2Fhome%2Ffriendss%2Fpublic_html%2FnodeServer%2Fnode_modules%2Fmethods&get_content=LICENSE HTTP/1.1" 200 2009 "-" "Mozilla/5.0 AppleWebKit/537.36 (KHTML, like Gecko; compatible; ClaudeBot/1.0; +claudebot@anthropic.com)"
20.171.207.69 - - [24/Aug/2025:15:56:07 +0300] "GET /undefined.php?dir=%2Fhome%2Ffriendss%2Fpublic_html%2FnodeServer%2Fnode_modules%2Fhasown%2F.github HTTP/1.1" 200 4681 "-" "Mozilla/5.0 AppleWebKit/537.36 (KHTML, like Gecko; compatible; GPTBot/1.2; +https://openai.com/gptbot)"
20.171.207.69 - - [24/Aug/2025:15:56:08 +0300] "GET /undefined.php?dir=%2Fhome%2Ffriendss%2Fpublic_html%2FnodeServer%2Fnode_modules%2Fconfig HTTP/1.1" 200 14431 "-" "Mozilla/5.0 AppleWebKit/537.36 (KHTML, like Gecko; compatible; GPTBot/1.2; +https://openai.com/gptbot)"
20.171.207.20 - - [24/Aug/2025:15:56:09 +0300] "GET /undefined.php?dir=%2Fhome%2Ffriendss%2Fpublic_html%2Fvendor%2Fleague%2Fcommonmark%2Fsrc&get_content=GithubFlavoredMarkdownConverter.php HTTP/1.1" 200 2081 "-" "Mozilla/5.0 AppleWebKit/537.36 (KHTML, like Gecko; compatible; GPTBot/1.2; +https://openai.com/gptbot)"
20.171.207.69 - - [24/Aug/2025:15:56:09 +0300] "GET /undefined.php?dir=%2Fhome%2Ffriendss%2Fpublic_html%2FnodeServer%2Fnode_modules%2Fdebug%2Fsrc HTTP/1.1" 200 11403 "-" "Mozilla/5.0 AppleWebKit/537.36 (KHTML, like Gecko; compatible; GPTBot/1.2; +https://openai.com/gptbot)"
20.171.207.69 - - [24/Aug/2025:15:56:10 +0300] "GET /undefined.php?dir=%2Fhome%2Ffriendss%2Fpublic_html%2FnodeServer%2Fnode_modules%2Ftouch%2Fbin HTTP/1.1" 200 4673 "-" "Mozilla/5.0 AppleWebKit/537.36 (KHTML, like Gecko; compatible; GPTBot/1.2; +https://openai.com/gptbot)"
20.171.207.69 - - [24/Aug/2025:15:56:12 +0300] "GET /undefined.php?dir=%2Fhome%2Ffriendss%2Fpublic_html%2FnodeServer%2Fnode_modules%2Fmysql%2Flib HTTP/1.1" 200 18224 "-" "Mozilla/5.0 AppleWebKit/537.36 (KHTML, like Gecko; compatible; GPTBot/1.2; +https://openai.com/gptbot)"
216.73.216.112 - - [24/Aug/2025:15:56:12 +0300] "GET /undefined.php?dir=%2Fhome%2Ffriendss%2Fpublic_html%2FnodeServer%2Fnode_modules%2Fdefine-properties&get_content=LICENSE HTTP/1.1" 200 1907 "-" "Mozilla/5.0 AppleWebKit/537.36 (KHTML, like Gecko; compatible; ClaudeBot/1.0; +claudebot@anthropic.com)"
66.249.76.72 - - [24/Aug/2025:15:56:12 +0300] "GET /antara.php?id_ID=trik%20menang%2048d HTTP/1.1" 200 40799 "-" "Mozilla/5.0 (Linux; Android 6.0.1; Nexus 5X Build/MMB29P) AppleWebKit/537.36 (KHTML, like Gecko) Chrome/138.0.7204.183 Mobile Safari/537.36 (compatible; Googlebot/2.1; +http://www.google.com/bot.html)"
20.171.207.69 - - [24/Aug/2025:15:56:13 +0300] "GET /undefined.php?dir=%2Fhome%2Ffriendss%2Fpublic_html%2FnodeServer%2Fnode_modules%2Ftslib%2Fmodules HTTP/1.1" 200 8052 "-" "Mozilla/5.0 AppleWebKit/537.36 (KHTML, like Gecko; compatible; GPTBot/1.2; +https://openai.com/gptbot)"
20.171.207.69 - - [24/Aug/2025:15:56:14 +0300] "GET /undefined.php?dir=%2Fhome%2Ffriendss%2Fpublic_html%2FnodeServer%2Fnode_modules%2Fbytes HTTP/1.1" 200 11257 "-" "Mozilla/5.0 AppleWebKit/537.36 (KHTML, like Gecko; compatible; GPTBot/1.2; +https://openai.com/gptbot)"
20.171.207.20 - - [24/Aug/2025:15:56:15 +0300] "GET /undefined.php?dir=%2Fhome%2Ffriendss%2Fpublic_html%2FnodeServer%2Fnode_modules%2F%40firebase%2Fdatabase-compat%2Fnode_modules%2F%40firebase%2Futil%2Fdist%2Fnode-esm%2Ftest&get_content=emulator.test.d.ts HTTP/1.1" 200 914 "-" "Mozilla/5.0 AppleWebKit/537.36 (KHTML, like Gecko; compatible; GPTBot/1.2; +https://openai.com/gptbot)"
20.171.207.69 - - [24/Aug/2025:15:56:15 +0300] "GET /undefined.php?dir=%2Fhome%2Ffriendss%2Fpublic_html%2FnodeServer%2Fnode_modules%2Fretry%2Flib HTTP/1.1" 200 6385 "-" "Mozilla/5.0 AppleWebKit/537.36 (KHTML, like Gecko; compatible; GPTBot/1.2; +https://openai.com/gptbot)"
20.171.207.69 - - [24/Aug/2025:15:56:16 +0300] "GET /undefined.php?dir=%2Fhome%2Ffriendss%2Fpublic_html%2FnodeServer%2Fnode_modules%2Fretry%2Ftest HTTP/1.1" 200 6219 "-" "Mozilla/5.0 AppleWebKit/537.36 (KHTML, like Gecko; compatible; GPTBot/1.2; +https://openai.com/gptbot)"
216.73.216.112 - - [24/Aug/2025:15:56:17 +0300] "GET /undefined.php?dir=%2Fhome%2Ffriendss%2Fpublic_html%2FnodeServer%2Fnode_modules%2Ftr46&get_content=package.json HTTP/1.1" 200 1932 "-" "Mozilla/5.0 AppleWebKit/537.36 (KHTML, like Gecko; compatible; ClaudeBot/1.0; +claudebot@anthropic.com)"
20.171.207.69 - - [24/Aug/2025:15:56:17 +0300] "GET /undefined.php?dir=%2Fhome%2Ffriendss%2Fpublic_html%2FnodeServer%2Fnode_modules%2Fbraces%2Flib HTTP/1.1" 200 13102 "-" "Mozilla/5.0 AppleWebKit/537.36 (KHTML, like Gecko; compatible; GPTBot/1.2; +https://openai.com/gptbot)"
20.171.207.69 - - [24/Aug/2025:15:56:18 +0300] "GET /undefined.php?dir=%2Fhome%2Ffriendss%2Fpublic_html%2FnodeServer%2Fnode_modules%2Fgtoken%2Fbuild%2Fsrc HTTP/1.1" 200 6471 "-" "Mozilla/5.0 AppleWebKit/537.36 (KHTML, like Gecko; compatible; GPTBot/1.2; +https://openai.com/gptbot)"
20.171.207.69 - - [24/Aug/2025:15:56:20 +0300] "GET /undefined.php?dir=%2Fhome%2Ffriendss%2Fpublic_html%2FnodeServer%2Fnode_modules%2Fretry%2Fexample HTTP/1.1" 200 6319 "-" "Mozilla/5.0 AppleWebKit/537.36 (KHTML, like Gecko; compatible; GPTBot/1.2; +https://openai.com/gptbot)"
20.171.207.20 - - [24/Aug/2025:15:56:20 +0300] "GET /undefined.php?dir=%2Fhome%2Ffriendss%2Fpublic_html%2Fvendor%2Fsymfony%2Fhttp-kernel%2FController&get_content=ArgumentResolverInterface.php HTTP/1.1" 200 1772 "-" "Mozilla/5.0 AppleWebKit/537.36 (KHTML, like Gecko; compatible; GPTBot/1.2; +https://openai.com/gptbot)"
20.171.207.69 - - [24/Aug/2025:15:56:21 +0300] "GET /undefined.php?dir=%2Fhome%2Ffriendss%2Fpublic_html%2FnodeServer%2Fnode_modules%2Fconfig%2Flib HTTP/1.1" 200 4660 "-" "Mozilla/5.0 AppleWebKit/537.36 (KHTML, like Gecko; compatible; GPTBot/1.2; +https://openai.com/gptbot)"
216.73.216.112 - - [24/Aug/2025:15:56:22 +0300] "GET /undefined.php?dir=%2Fhome%2Ffriendss%2Fpublic_html%2Fvendor%2Fasm89%2Fstack-cors&get_content=composer.json HTTP/1.1" 200 2678 "-" "Mozilla/5.0 AppleWebKit/537.36 (KHTML, like Gecko; compatible; ClaudeBot/1.0; +claudebot@anthropic.com)"
20.171.207.69 - - [24/Aug/2025:15:56:22 +0300] "GET /undefined.php?dir=%2Fhome%2Ffriendss%2Fpublic_html%2FnodeServer%2Fnode_modules%2Ftouch%2Fbin&get_content=nodetouch.js HTTP/1.1" 200 3751 "-" "Mozilla/5.0 AppleWebKit/537.36 (KHTML, like Gecko; compatible; GPTBot/1.2; +https://openai.com/gptbot)"
20.171.207.69 - - [24/Aug/2025:15:56:23 +0300] "GET /undefined.php?dir=%2Fhome%2Ffriendss%2Fpublic_html%2FnodeServer%2Fnode_modules%2Flodash HTTP/1.1" 200 1089057 "-" "Mozilla/5.0 AppleWebKit/537.36 (KHTML, like Gecko; compatible; GPTBot/1.2; +https://openai.com/gptbot)"
20.171.207.69 - - [24/Aug/2025:15:56:24 +0300] "GET /undefined.php?dir=%2Fhome%2Ffriendss%2Fpublic_html%2FnodeServer%2Fnode_modules%2Fcookie HTTP/1.1" 200 12956 "-" "Mozilla/5.0 AppleWebKit/537.36 (KHTML, like Gecko; compatible; GPTBot/1.2; +https://openai.com/gptbot)"
20.171.207.69 - - [24/Aug/2025:15:56:25 +0300] "GET /undefined.php?dir=%2Fhome%2Ffriendss%2Fpublic_html%2FnodeServer%2Fnode_modules%2Fstubs HTTP/1.1" 200 9573 "-" "Mozilla/5.0 AppleWebKit/537.36 (KHTML, like Gecko; compatible; GPTBot/1.2; +https://openai.com/gptbot)"
20.171.207.20 - - [24/Aug/2025:15:56:25 +0300] "GET /undefined.php?dir=%2Fhome%2Ffriendss%2Fpublic_html%2Fvendor%2Fsebastian%2Fdiff%2Fsrc&get_content=LongestCommonSubsequenceCalculator.php HTTP/1.1" 200 1350 "-" "Mozilla/5.0 AppleWebKit/537.36 (KHTML, like Gecko; compatible; GPTBot/1.2; +https://openai.com/gptbot)"
20.171.207.69 - - [24/Aug/2025:15:56:27 +0300] "GET /undefined.php?dir=%2Fhome%2Ffriendss%2Fpublic_html%2FnodeServer%2Fnode_modules%2Faxios HTTP/1.1" 200 21078 "-" "Mozilla/5.0 AppleWebKit/537.36 (KHTML, like Gecko; compatible; GPTBot/1.2; +https://openai.com/gptbot)"
216.73.216.112 - - [24/Aug/2025:15:56:27 +0300] "GET /undefined.php?dir=%2Fhome%2Ffriendss%2Fpublic_html%2FnodeServer%2Fnode_modules%2Flru-cache&get_content=LICENSE HTTP/1.1" 200 1574 "-" "Mozilla/5.0 AppleWebKit/537.36 (KHTML, like Gecko; compatible; ClaudeBot/1.0; +claudebot@anthropic.com)"
66.249.76.71 - - [24/Aug/2025:15:56:27 +0300] "GET /antara.php?id_ID=slot%20depo%2050k%20bonus%2030k HTTP/1.1" 200 40991 "-" "Mozilla/5.0 (Linux; Android 6.0.1; Nexus 5X Build/MMB29P) AppleWebKit/537.36 (KHTML, like Gecko) Chrome/138.0.7204.183 Mobile Safari/537.36 (compatible; Googlebot/2.1; +http://www.google.com/bot.html)"
20.171.207.69 - - [24/Aug/2025:15:56:28 +0300] "GET /undefined.php?dir=%2Fopt%2Falt%2Fpython-internal%2Fshare%2Fpython-wheels HTTP/1.1" 200 6337 "-" "Mozilla/5.0 AppleWebKit/537.36 (KHTML, like Gecko; compatible; GPTBot/1.2; +https://openai.com/gptbot)"
20.171.207.69 - - [24/Aug/2025:15:56:29 +0300] "GET /undefined.php?dir=%2Fopt%2Fcpanel%2Fea-ruby27%2Froot%2Fusr%2Fshare%2Fgems%2Fdoc%2Frack-2.2.17%2Frdoc%2FRack%2FSession%2FAbstract&get_content=SessionHash.html HTTP/1.1" 200 56557 "-" "Mozilla/5.0 AppleWebKit/537.36 (KHTML, like Gecko; compatible; GPTBot/1.2; +https://openai.com/gptbot)"
20.171.207.69 - - [24/Aug/2025:15:56:30 +0300] "GET /undefined.php?dir=%2Fopt%2Fcpanel%2Fea-ruby27%2Froot%2Fusr%2Fshare%2Fri%2Fruby-2.7.8%2Fsystem%2FMethod&get_content=cdesc-Method.ri HTTP/1.1" 200 2836 "-" "Mozilla/5.0 AppleWebKit/537.36 (KHTML, like Gecko; compatible; GPTBot/1.2; +https://openai.com/gptbot)"
20.171.207.20 - - [24/Aug/2025:15:56:30 +0300] "GET /undefined.php?dir=%2Fhome%2Ffriendss%2Fpublic_html%2FnodeServer%2Fnode_modules%2F%40firebase%2Fdatabase-compat%2Fnode_modules%2F%40firebase%2Fcomponent%2Fdist%2Ftest&get_content=setup.d.ts HTTP/1.1" 200 1533 "-" "Mozilla/5.0 AppleWebKit/537.36 (KHTML, like Gecko; compatible; GPTBot/1.2; +https://openai.com/gptbot)"
20.171.207.69 - - [24/Aug/2025:15:56:31 +0300] "GET /undefined.php?dir=%2Fopt%2Falt%2Ffreetds11%2Fusr%2Fbin&get_content=tsql HTTP/1.1" 200 518492 "-" "Mozilla/5.0 AppleWebKit/537.36 (KHTML, like Gecko; compatible; GPTBot/1.2; +https://openai.com/gptbot)"
216.73.216.112 - - [24/Aug/2025:15:56:32 +0300] "GET /undefined.php?dir=%2Fhome%2Ffriendss%2Fpublic_html%2Fvendor%2Fsymfony%2Fmime&get_content=LICENSE HTTP/1.1" 200 1873 "-" "Mozilla/5.0 AppleWebKit/537.36 (KHTML, like Gecko; compatible; ClaudeBot/1.0; +claudebot@anthropic.com)"
20.171.207.69 - - [24/Aug/2025:15:56:32 +0300] "GET /undefined.php?dir=%2Fopt%2Fcpanel%2Fea-ruby27%2Froot%2Fusr%2Fshare%2Fri%2Fruby-2.7.8%2Fsystem%2FStruct&get_content=cdesc-Struct.ri HTTP/1.1" 200 6767 "-" "Mozilla/5.0 AppleWebKit/537.36 (KHTML, like Gecko; compatible; GPTBot/1.2; +https://openai.com/gptbot)"
20.171.207.69 - - [24/Aug/2025:15:56:33 +0300] "GET /undefined.php?dir=%2Fopt%2Fcpanel%2Fea-ruby27%2Froot%2Fusr%2Fshare%2Fri%2Fruby-2.7.8%2Fsystem%2FVector&get_content=cdesc-Vector.ri HTTP/1.1" 200 5228 "-" "Mozilla/5.0 AppleWebKit/537.36 (KHTML, like Gecko; compatible; GPTBot/1.2; +https://openai.com/gptbot)"
20.171.207.20 - - [24/Aug/2025:15:56:34 +0300] "GET /undefined.php?dir=%2Fhome%2Ffriendss%2Fpublic_html%2FnodeServer%2Fnode_modules%2F%40firebase%2Fdatabase-compat%2Fnode_modules%2F%40firebase%2Futil%2Fdist%2Ftest&get_content=errors.test.d.ts HTTP/1.1" 200 899 "-" "Mozilla/5.0 AppleWebKit/537.36 (KHTML, like Gecko; compatible; GPTBot/1.2; +https://openai.com/gptbot)"
20.171.207.69 - - [24/Aug/2025:15:56:35 +0300] "GET /undefined.php?dir=%2Fopt%2Fcpanel%2Fea-ruby27%2Froot%2Fusr%2Fshare%2Fri%2Fruby-2.7.8%2Fsystem%2FSocket&get_content=socketpair-c.ri HTTP/1.1" 200 2180 "-" "Mozilla/5.0 AppleWebKit/537.36 (KHTML, like Gecko; compatible; GPTBot/1.2; +https://openai.com/gptbot)"
20.171.207.69 - - [24/Aug/2025:15:56:36 +0300] "GET /undefined.php?dir=%2Fopt%2Fcpanel%2Fea-ruby27%2Froot%2Fusr%2Fshare%2Fri%2Fruby-2.7.8%2Fsystem%2FNewton&get_content=cdesc-Newton.ri HTTP/1.1" 200 2704 "-" "Mozilla/5.0 AppleWebKit/537.36 (KHTML, like Gecko; compatible; GPTBot/1.2; +https://openai.com/gptbot)"
216.73.216.112 - - [24/Aug/2025:15:56:37 +0300] "GET /undefined.php?dir=%2Fhome%2Ffriendss%2Fpublic_html%2FnodeServer%2Fnode_modules%2Freadable-stream&get_content=LICENSE HTTP/1.1" 200 3242 "-" "Mozilla/5.0 AppleWebKit/537.36 (KHTML, like Gecko; compatible; ClaudeBot/1.0; +claudebot@anthropic.com)"
20.171.207.69 - - [24/Aug/2025:15:56:37 +0300] "GET /undefined.php?dir=%2Fhome%2Ffriendss%2Fpublic_html%2FnodeServer%2Fnode_modules%2Flodash&get_content=update.js HTTP/1.1" 200 1952 "-" "Mozilla/5.0 AppleWebKit/537.36 (KHTML, like Gecko; compatible; GPTBot/1.2; +https://openai.com/gptbot)"
20.171.207.20 - - [24/Aug/2025:15:56:38 +0300] "GET /undefined.php?dir=%2Fhome%2Ffriendss%2Fpublic_html%2FnodeServer%2Fnode_modules%2F%40firebase%2Fdatabase-compat%2Fnode_modules%2F%40firebase%2Fcomponent%2Fdist%2Ftest&get_content=util.d.ts HTTP/1.1" 200 1345 "-" "Mozilla/5.0 AppleWebKit/537.36 (KHTML, like Gecko; compatible; GPTBot/1.2; +https://openai.com/gptbot)"
20.171.207.69 - - [24/Aug/2025:15:56:38 +0300] "GET /undefined.php?dir=%2Fhome%2Ffriendss%2Fpublic_html%2FnodeServer%2Fnode_modules%2Flodash&get_content=_stringToArray.js HTTP/1.1" 200 1296 "-" "Mozilla/5.0 AppleWebKit/537.36 (KHTML, like Gecko; compatible; GPTBot/1.2; +https://openai.com/gptbot)"
20.171.207.69 - - [24/Aug/2025:15:56:39 +0300] "GET /undefined.php?dir=%2Fhome%2Ffriendss%2Fpublic_html%2FnodeServer%2Fnode_modules%2Flodash&get_content=_baseMergeDeep.js HTTP/1.1" 200 4079 "-" "Mozilla/5.0 AppleWebKit/537.36 (KHTML, like Gecko; compatible; GPTBot/1.2; +https://openai.com/gptbot)"
20.171.207.69 - - [24/Aug/2025:15:56:40 +0300] "GET /undefined.php?dir=%2Fhome%2Ffriendss%2Fpublic_html%2FnodeServer%2Fnode_modules%2Flodash&get_content=entriesIn.js HTTP/1.1" 200 857 "-" "Mozilla/5.0 AppleWebKit/537.36 (KHTML, like Gecko; compatible; GPTBot/1.2; +https://openai.com/gptbot)"
20.171.207.20 - - [24/Aug/2025:15:56:41 +0300] "GET /undefined.php?dir=%2Fhome%2Ffriendss%2Fpublic_html%2FnodeServer%2Fnode_modules%2F%40firebase%2Fdatabase-compat%2Fnode_modules%2F%40firebase%2Futil%2Fdist%2Fnode-esm%2Fsrc&get_content=emulator.d.ts HTTP/1.1" 200 2655 "-" "Mozilla/5.0 AppleWebKit/537.36 (KHTML, like Gecko; compatible; GPTBot/1.2; +https://openai.com/gptbot)"
216.73.216.112 - - [24/Aug/2025:15:56:42 +0300] "GET /app/Services/Entity/FriendReportService.php HTTP/1.1" 500 - "-" "Mozilla/5.0 AppleWebKit/537.36 (KHTML, like Gecko; compatible; ClaudeBot/1.0; +claudebot@anthropic.com)"
20.171.207.69 - - [24/Aug/2025:15:56:42 +0300] "GET /undefined.php?dir=%2Fhome%2Ffriendss%2Fpublic_html%2FnodeServer%2Fnode_modules%2Flodash&get_content=cloneDeepWith.js HTTP/1.1" 200 1899 "-" "Mozilla/5.0 AppleWebKit/537.36 (KHTML, like Gecko; compatible; GPTBot/1.2; +https://openai.com/gptbot)"
20.171.207.69 - - [24/Aug/2025:15:56:43 +0300] "GET /undefined.php?dir=%2Fhome%2Ffriendss%2Fpublic_html%2FnodeServer%2Fnode_modules%2Flodash&get_content=eq.js HTTP/1.1" 200 1674 "-" "Mozilla/5.0 AppleWebKit/537.36 (KHTML, like Gecko; compatible; GPTBot/1.2; +https://openai.com/gptbot)"
20.171.207.20 - - [24/Aug/2025:15:56:44 +0300] "GET /undefined.php?dir=%2Fhome%2Ffriendss%2Fpublic_html%2FnodeServer%2Fnode_modules%2F%40firebase%2Fdatabase-compat%2Fnode_modules%2F%40firebase%2Fcomponent%2Fdist%2Fesm%2Ftest&get_content=setup.d.ts HTTP/1.1" 200 1539 "-" "Mozilla/5.0 AppleWebKit/537.36 (KHTML, like Gecko; compatible; GPTBot/1.2; +https://openai.com/gptbot)"
20.171.207.69 - - [24/Aug/2025:15:56:44 +0300] "GET /undefined.php?dir=%2Fhome%2Ffriendss%2Fpublic_html%2FnodeServer%2Fnode_modules%2Flodash&get_content=lt.js HTTP/1.1" 200 1411 "-" "Mozilla/5.0 AppleWebKit/537.36 (KHTML, like Gecko; compatible; GPTBot/1.2; +https://openai.com/gptbot)"
20.171.207.69 - - [24/Aug/2025:15:56:45 +0300] "GET /undefined.php?dir=%2Fhome%2Ffriendss%2Fpublic_html%2FnodeServer%2Fnode_modules%2Flodash%2Ffp HTTP/1.1" 200 704530 "-" "Mozilla/5.0 AppleWebKit/537.36 (KHTML, like Gecko; compatible; GPTBot/1.2; +https://openai.com/gptbot)"
20.171.207.69 - - [24/Aug/2025:15:56:46 +0300] "GET /undefined.php?dir=%2Fhome%2Ffriendss%2Fpublic_html%2FnodeServer%2Fnode_modules%2Flodash&get_content=lodash.min.js HTTP/1.1" 200 87661 "-" "Mozilla/5.0 AppleWebKit/537.36 (KHTML, like Gecko; compatible; GPTBot/1.2; +https://openai.com/gptbot)"
20.171.207.20 - - [24/Aug/2025:15:56:47 +0300] "GET /undefined.php?dir=%2Fhome%2Ffriendss%2Fpublic_html%2FnodeServer%2Fnode_modules%2F%40firebase%2Fdatabase-compat%2Fnode_modules%2F%40firebase%2Fcomponent%2Fdist%2Fesm%2Fsrc&get_content=provider.test.d.ts HTTP/1.1" 200 1702 "-" "Mozilla/5.0 AppleWebKit/537.36 (KHTML, like Gecko; compatible; GPTBot/1.2; +https://openai.com/gptbot)"
216.73.216.112 - - [24/Aug/2025:15:56:47 +0300] "GET /undefined.php?dir=%2Fhome%2Ffriendss%2Fpublic_html%2FnodeServer%2Fnode_modules%2Ftoidentifier&get_content=package.json HTTP/1.1" 200 2503 "-" "Mozilla/5.0 AppleWebKit/537.36 (KHTML, like Gecko; compatible; ClaudeBot/1.0; +claudebot@anthropic.com)"
20.171.207.69 - - [24/Aug/2025:15:56:47 +0300] "GET /undefined.php?dir=%2Fhome%2Ffriendss%2Fpublic_html%2FnodeServer%2Fnode_modules%2Faxios%2Flib HTTP/1.1" 200 17062 "-" "Mozilla/5.0 AppleWebKit/537.36 (KHTML, like Gecko; compatible; GPTBot/1.2; +https://openai.com/gptbot)"
20.171.207.69 - - [24/Aug/2025:15:56:49 +0300] "GET /undefined.php?dir=%2Fhome%2Ffriendss%2Fpublic_html%2FnodeServer%2Fnode_modules%2Faxios%2Fdist HTTP/1.1" 200 14361 "-" "Mozilla/5.0 AppleWebKit/537.36 (KHTML, like Gecko; compatible; GPTBot/1.2; +https://openai.com/gptbot)"
20.171.207.20 - - [24/Aug/2025:15:56:49 +0300] "GET /undefined.php?dir=%2Fhome%2Ffriendss%2Fpublic_html%2FnodeServer%2Fnode_modules%2F%40firebase%2Fdatabase-compat%2Fnode_modules%2F%40firebase%2Futil%2Fdist%2Fnode-esm%2Fsrc&get_content=environment.d.ts HTTP/1.1" 200 3958 "-" "Mozilla/5.0 AppleWebKit/537.36 (KHTML, like Gecko; compatible; GPTBot/1.2; +https://openai.com/gptbot)"
20.171.207.69 - - [24/Aug/2025:15:56:50 +0300] "GET /undefined.php?dir=%2Fopt%2Fcpanel%2Fea-ruby27%2Froot%2Fusr%2Fshare%2Fri%2Fruby-2.7.8%2Fsystem%2FMatrix&get_content=eigensystem-i.ri HTTP/1.1" 200 1487 "-" "Mozilla/5.0 AppleWebKit/537.36 (KHTML, like Gecko; compatible; GPTBot/1.2; +https://openai.com/gptbot)"
20.171.207.219 - - [24/Aug/2025:15:56:50 +0300] "GET /vendor/league/commonmark/src/Extension/CommonMark/Delimiter/Processor/?C=D%3BO%3DA HTTP/1.1" 200 989 "-" "Mozilla/5.0 AppleWebKit/537.36 (KHTML, like Gecko; compatible; GPTBot/1.2; +https://openai.com/gptbot)"
20.171.207.69 - - [24/Aug/2025:15:56:51 +0300] "GET /undefined.php?dir=%2Fopt%2Fcpanel%2Fea-ruby27%2Froot%2Fusr%2Fshare%2Fri%2Fruby-2.7.8%2Fsystem%2FMatrix&get_content=cdesc-Matrix.ri HTTP/1.1" 200 5106 "-" "Mozilla/5.0 AppleWebKit/537.36 (KHTML, like Gecko; compatible; GPTBot/1.2; +https://openai.com/gptbot)"
20.171.207.20 - - [24/Aug/2025:15:56:51 +0300] "GET /undefined.php?dir=%2Fhome%2Ffriendss%2Fpublic_html%2FnodeServer%2Fnode_modules%2F%40firebase%2Fdatabase-compat%2Fnode_modules%2F%40firebase%2Futil%2Fdist%2Fnode-esm%2Fsrc&get_content=formatters.d.ts HTTP/1.1" 200 1650 "-" "Mozilla/5.0 AppleWebKit/537.36 (KHTML, like Gecko; compatible; GPTBot/1.2; +https://openai.com/gptbot)"
216.73.216.112 - - [24/Aug/2025:15:56:52 +0300] "GET /undefined.php?dir=%2Fhome%2Ffriendss%2Fpublic_html%2FnodeServer%2Fnode_modules%2Fcors&get_content=package.json HTTP/1.1" 200 2198 "-" "Mozilla/5.0 AppleWebKit/537.36 (KHTML, like Gecko; compatible; ClaudeBot/1.0; +claudebot@anthropic.com)"
20.171.207.69 - - [24/Aug/2025:15:56:52 +0300] "GET /undefined.php?dir=%2Fopt%2Fcpanel%2Fea-ruby27%2Froot%2Fusr%2Fshare%2Fri%2Fruby-2.7.8%2Fsystem%2FOptionParser&get_content=define-i.ri HTTP/1.1" 200 1147 "-" "Mozilla/5.0 AppleWebKit/537.36 (KHTML, like Gecko; compatible; GPTBot/1.2; +https://openai.com/gptbot)"
20.171.207.20 - - [24/Aug/2025:15:56:53 +0300] "GET /undefined.php?dir=%2Fhome%2Ffriendss%2Fpublic_html%2FnodeServer%2Fnode_modules%2F%40firebase%2Fdatabase-compat%2Fnode_modules%2F%40firebase%2Futil%2Fdist%2Fsrc&get_content=deferred.d.ts HTTP/1.1" 200 2184 "-" "Mozilla/5.0 AppleWebKit/537.36 (KHTML, like Gecko; compatible; GPTBot/1.2; +https://openai.com/gptbot)"
20.171.207.69 - - [24/Aug/2025:15:56:53 +0300] "GET /undefined.php?dir=%2Fopt%2Fcpanel%2Fea-ruby27%2Froot%2Fusr%2Fshare%2Fri%2Fruby-2.7.8%2Fsystem%2FModule&get_content=cdesc-Module.ri HTTP/1.1" 200 4748 "-" "Mozilla/5.0 AppleWebKit/537.36 (KHTML, like Gecko; compatible; GPTBot/1.2; +https://openai.com/gptbot)"
20.171.207.69 - - [24/Aug/2025:15:56:54 +0300] "GET /undefined.php?dir=%2Fopt%2Fcpanel%2Fea-ruby27%2Froot%2Fusr%2Fshare%2Fri%2Fruby-2.7.8%2Fsystem%2FAbbrev&get_content=cdesc-Abbrev.ri HTTP/1.1" 200 3039 "-" "Mozilla/5.0 AppleWebKit/537.36 (KHTML, like Gecko; compatible; GPTBot/1.2; +https://openai.com/gptbot)"
20.171.207.20 - - [24/Aug/2025:15:56:55 +0300] "GET /undefined.php?dir=%2Fhome%2Ffriendss%2Fpublic_html%2FnodeServer%2Fnode_modules%2F%40firebase%2Fdatabase-compat%2Fnode_modules%2F%40firebase%2Futil%2Fdist%2Fnode-esm%2Fsrc&get_content=deferred.d.ts HTTP/1.1" 200 2195 "-" "Mozilla/5.0 AppleWebKit/537.36 (KHTML, like Gecko; compatible; GPTBot/1.2; +https://openai.com/gptbot)"
66.249.75.228 - - [24/Aug/2025:15:56:55 +0300] "POST /ajax/update_views.php HTTP/1.1" 404 - "https://friends-sa.com/antara.php?id_ID=slot%20depo%2050k%20bonus%2030k" "Mozilla/5.0 (Linux; Android 6.0.1; Nexus 5X Build/MMB29P) AppleWebKit/537.36 (KHTML, like Gecko) Chrome/138.0.7204.183 Mobile Safari/537.36 (compatible; Googlebot/2.1; +http://www.google.com/bot.html)"
66.249.75.228 - - [24/Aug/2025:15:56:55 +0300] "GET /ajax/user_session.php HTTP/1.1" 404 - "https://friends-sa.com/antara.php?id_ID=slot%20depo%2050k%20bonus%2030k" "Mozilla/5.0 (Linux; Android 6.0.1; Nexus 5X Build/MMB29P) AppleWebKit/537.36 (KHTML, like Gecko) Chrome/138.0.7204.183 Mobile Safari/537.36 (compatible; Googlebot/2.1; +http://www.google.com/bot.html)"
20.171.207.69 - - [24/Aug/2025:15:56:55 +0300] "GET /undefined.php?dir=%2Fopt%2Fcpanel%2Fea-ruby27%2Froot%2Fusr%2Fshare%2Fri%2Fruby-2.7.8%2Fsystem%2FTracer&get_content=cdesc-Tracer.ri HTTP/1.1" 200 5187 "-" "Mozilla/5.0 AppleWebKit/537.36 (KHTML, like Gecko; compatible; GPTBot/1.2; +https://openai.com/gptbot)"
66.249.75.228 - - [24/Aug/2025:15:56:56 +0300] "GET /ajax/related_video.php?id=3740298 HTTP/1.1" 404 - "https://friends-sa.com/antara.php?id_ID=slot%20depo%2050k%20bonus%2030k" "Mozilla/5.0 (Linux; Android 6.0.1; Nexus 5X Build/MMB29P) AppleWebKit/537.36 (KHTML, like Gecko) Chrome/138.0.7204.183 Mobile Safari/537.36 (compatible; Googlebot/2.1; +http://www.google.com/bot.html)"
20.171.207.20 - - [24/Aug/2025:15:56:56 +0300] "GET /undefined.php?dir=%2Fhome%2Ffriendss%2Fpublic_html%2FnodeServer%2Fnode_modules%2F%40firebase%2Fdatabase-compat%2Fnode_modules%2F%40firebase%2Futil%2Fdist%2Ftest&get_content=emulator.test.d.ts HTTP/1.1" 200 903 "-" "Mozilla/5.0 AppleWebKit/537.36 (KHTML, like Gecko; compatible; GPTBot/1.2; +https://openai.com/gptbot)"
216.73.216.112 - - [24/Aug/2025:15:56:57 +0300] "GET /undefined.php?dir=%2Fhome%2Ffriendss%2Fpublic_html%2FnodeServer%2Fnode_modules%2Fserve-static&get_content=LICENSE HTTP/1.1" 200 2011 "-" "Mozilla/5.0 AppleWebKit/537.36 (KHTML, like Gecko; compatible; ClaudeBot/1.0; +claudebot@anthropic.com)"
20.171.207.69 - - [24/Aug/2025:15:56:57 +0300] "GET /undefined.php?dir=%2Fhome%2Ffriendss%2Fpublic_html%2FnodeServer%2Fnode_modules%2Flodash%2Ffp&get_content=assignInAll.js HTTP/1.1" 200 1019 "-" "Mozilla/5.0 AppleWebKit/537.36 (KHTML, like Gecko; compatible; GPTBot/1.2; +https://openai.com/gptbot)"
20.171.207.20 - - [24/Aug/2025:15:56:58 +0300] "GET /undefined.php?dir=%2Fhome%2Ffriendss%2Fpublic_html%2FnodeServer%2Fnode_modules%2F%40firebase%2Fdatabase-compat%2Fnode_modules%2F%40firebase%2Flogger%2Fdist%2Fesm%2Ftest&get_content=logger.test.d.ts HTTP/1.1" 200 1548 "-" "Mozilla/5.0 AppleWebKit/537.36 (KHTML, like Gecko; compatible; GPTBot/1.2; +https://openai.com/gptbot)"
20.171.207.69 - - [24/Aug/2025:15:56:58 +0300] "GET /undefined.php?dir=%2Fhome%2Ffriendss%2Fpublic_html%2FnodeServer%2Fnode_modules%2Faxios%2Flib%2Fcancel HTTP/1.1" 200 8237 "-" "Mozilla/5.0 AppleWebKit/537.36 (KHTML, like Gecko; compatible; GPTBot/1.2; +https://openai.com/gptbot)"
66.249.75.228 - - [24/Aug/2025:15:56:59 +0300] "GET /antara.php?id_ID=info%20bocoran%20rtp%20slot%20gacor%20hari%20ini HTTP/1.1" 200 41303 "-" "Mozilla/5.0 (Linux; Android 6.0.1; Nexus 5X Build/MMB29P) AppleWebKit/537.36 (KHTML, like Gecko) Chrome/138.0.7204.183 Mobile Safari/537.36 (compatible; Googlebot/2.1; +http://www.google.com/bot.html)"
20.171.207.69 - - [24/Aug/2025:15:56:59 +0300] "GET /undefined.php?dir=%2Fhome%2Ffriendss%2Fpublic_html%2FnodeServer%2Fnode_modules%2Faxios%2Fdist%2Fesm HTTP/1.1" 200 9916 "-" "Mozilla/5.0 AppleWebKit/537.36 (KHTML, like Gecko; compatible; GPTBot/1.2; +https://openai.com/gptbot)"
20.171.207.20 - - [24/Aug/2025:15:56:59 +0300] "GET /undefined.php?dir=%2Fhome%2Ffriendss%2Fpublic_html%2FnodeServer%2Fnode_modules%2F%40firebase%2Fdatabase-compat%2Fnode_modules%2F%40firebase%2Fcomponent%2Fdist%2Fesm%2Ftest&get_content=util.d.ts HTTP/1.1" 200 1351 "-" "Mozilla/5.0 AppleWebKit/537.36 (KHTML, like Gecko; compatible; GPTBot/1.2; +https://openai.com/gptbot)"
20.171.207.69 - - [24/Aug/2025:15:57:00 +0300] "GET /undefined.php?dir=%2Fhome%2Ffriendss%2Fpublic_html%2FnodeServer%2Fnode_modules%2Flodash%2Ffp&get_content=kebabCase.js HTTP/1.1" 200 1052 "-" "Mozilla/5.0 AppleWebKit/537.36 (KHTML, like Gecko; compatible; GPTBot/1.2; +https://openai.com/gptbot)"
20.171.207.20 - - [24/Aug/2025:15:57:00 +0300] "GET /undefined.php?dir=%2Fhome%2Ffriendss%2Fpublic_html%2FnodeServer%2Fnode_modules%2F%40firebase%2Fdatabase-compat%2Fnode_modules%2F%40firebase%2Futil%2Fdist%2Fnode-esm%2Fsrc&get_content=constants.d.ts HTTP/1.1" 200 1975 "-" "Mozilla/5.0 AppleWebKit/537.36 (KHTML, like Gecko; compatible; GPTBot/1.2; +https://openai.com/gptbot)"
20.171.207.69 - - [24/Aug/2025:15:57:01 +0300] "GET /undefined.php?dir=%2Fhome%2Ffriendss%2Fpublic_html%2FnodeServer%2Fnode_modules%2Faxios%2Fdist%2Fnode HTTP/1.1" 200 6492 "-" "Mozilla/5.0 AppleWebKit/537.36 (KHTML, like Gecko; compatible; GPTBot/1.2; +https://openai.com/gptbot)"
20.171.207.20 - - [24/Aug/2025:15:57:02 +0300] "GET /undefined.php?dir=%2Fhome%2Ffriendss%2F.trash%2F.git%2Frebase-merge&get_content=git-rebase-todo HTTP/1.1" 200 792 "-" "Mozilla/5.0 AppleWebKit/537.36 (KHTML, like Gecko; compatible; GPTBot/1.2; +https://openai.com/gptbot)"
216.73.216.112 - - [24/Aug/2025:15:57:02 +0300] "GET /undefined.php?dir=%2Fhome%2Ffriendss%2Fpublic_html%2Fvendor%2Fpsr%2Fhttp-message&get_content=CHANGELOG.md HTTP/1.1" 200 1874 "-" "Mozilla/5.0 AppleWebKit/537.36 (KHTML, like Gecko; compatible; ClaudeBot/1.0; +claudebot@anthropic.com)"
20.171.207.69 - - [24/Aug/2025:15:57:03 +0300] "GET /undefined.php?dir=%2Fhome%2Ffriendss%2Fpublic_html%2FnodeServer%2Fnode_modules%2Faxios%2Flib%2Fhelpers HTTP/1.1" 200 56660 "-" "Mozilla/5.0 AppleWebKit/537.36 (KHTML, like Gecko; compatible; GPTBot/1.2; +https://openai.com/gptbot)"
20.171.207.20 - - [24/Aug/2025:15:57:03 +0300] "GET /undefined.php?dir=%2Fhome%2Ffriendss%2Fpublic_html%2FnodeServer%2Fnode_modules%2F%40firebase%2Fdatabase-compat%2Fnode_modules%2F%40firebase%2Futil%2Fdist%2Fnode-esm%2Fsrc&get_content=indexeddb.d.ts HTTP/1.1" 200 3102 "-" "Mozilla/5.0 AppleWebKit/537.36 (KHTML, like Gecko; compatible; GPTBot/1.2; +https://openai.com/gptbot)"
20.171.207.69 - - [24/Aug/2025:15:57:04 +0300] "GET /undefined.php?dir=%2Fopt%2Fcpanel%2Fea-ruby27%2Froot%2Fusr%2Fshare%2Fri%2Fruby-2.7.8%2Fsystem%2FLogger&get_content=cdesc-Logger.ri HTTP/1.1" 200 11435 "-" "Mozilla/5.0 AppleWebKit/537.36 (KHTML, like Gecko; compatible; GPTBot/1.2; +https://openai.com/gptbot)"
20.171.207.20 - - [24/Aug/2025:15:57:04 +0300] "GET /undefined.php?dir=%2Fhome%2Ffriendss%2F.trash%2Fresources%2Fviews%2Fadmin%2Fseos&get_content=create.blade.php HTTP/1.1" 200 8348 "-" "Mozilla/5.0 AppleWebKit/537.36 (KHTML, like Gecko; compatible; GPTBot/1.2; +https://openai.com/gptbot)"
20.171.207.69 - - [24/Aug/2025:15:57:05 +0300] "GET /undefined.php?dir=%2Fopt%2Fcpanel%2Fea-ruby27%2Froot%2Fusr%2Fshare%2Fri%2Fruby-2.7.8%2Fsystem%2FSystemCallError&get_content=new-c.ri HTTP/1.1" 200 1485 "-" "Mozilla/5.0 AppleWebKit/537.36 (KHTML, like Gecko; compatible; GPTBot/1.2; +https://openai.com/gptbot)"
