20.171.207.219 - - [24/Aug/2025:16:16:03 +0300] "GET /vendor/nesbot/carbon/src/Carbon/Lang/es_CR.php HTTP/1.1" 200 - "-" "Mozilla/5.0 AppleWebKit/537.36 (KHTML, like Gecko; compatible; GPTBot/1.2; +https://openai.com/gptbot)"
20.171.207.219 - - [24/Aug/2025:16:16:04 +0300] "GET /vendor/nesbot/carbon/src/Carbon/Lang/aa_DJ.php HTTP/1.1" 200 - "-" "Mozilla/5.0 AppleWebKit/537.36 (KHTML, like Gecko; compatible; GPTBot/1.2; +https://openai.com/gptbot)"
216.73.216.112 - - [24/Aug/2025:16:16:05 +0300] "GET /undefined.php?dir=%2Fhome%2Ffriendss%2F.trash%2Fresources%2Fjs HTTP/1.1" 200 9180 "-" "Mozilla/5.0 AppleWebKit/537.36 (KHTML, like Gecko; compatible; ClaudeBot/1.0; +claudebot@anthropic.com)"
20.171.207.219 - - [24/Aug/2025:16:16:06 +0300] "GET /vendor/nesbot/carbon/src/Carbon/Lang/aa_ER.php HTTP/1.1" 200 - "-" "Mozilla/5.0 AppleWebKit/537.36 (KHTML, like Gecko; compatible; GPTBot/1.2; +https://openai.com/gptbot)"
20.171.207.219 - - [24/Aug/2025:16:16:07 +0300] "GET /vendor/laravel/framework/src/Illuminate/Queue/Capsule/?C=N%3BO%3DD HTTP/1.1" 200 921 "-" "Mozilla/5.0 AppleWebKit/537.36 (KHTML, like Gecko; compatible; GPTBot/1.2; +https://openai.com/gptbot)"
20.171.207.219 - - [24/Aug/2025:16:16:08 +0300] "GET /vendor/laravel/framework/src/Illuminate/Queue/Capsule/?C=M%3BO%3DA HTTP/1.1" 200 921 "-" "Mozilla/5.0 AppleWebKit/537.36 (KHTML, like Gecko; compatible; GPTBot/1.2; +https://openai.com/gptbot)"
20.171.207.219 - - [24/Aug/2025:16:16:09 +0300] "GET /vendor/laravel/framework/src/Illuminate/Queue/Capsule/?C=S%3BO%3DA HTTP/1.1" 200 921 "-" "Mozilla/5.0 AppleWebKit/537.36 (KHTML, like Gecko; compatible; GPTBot/1.2; +https://openai.com/gptbot)"
20.171.207.219 - - [24/Aug/2025:16:16:10 +0300] "GET /vendor/laravel/framework/src/Illuminate/Queue/Failed/?C=D%3BO%3DA HTTP/1.1" 200 2338 "-" "Mozilla/5.0 AppleWebKit/537.36 (KHTML, like Gecko; compatible; GPTBot/1.2; +https://openai.com/gptbot)"
20.171.207.219 - - [24/Aug/2025:16:16:11 +0300] "GET /vendor/laravel/framework/src/Illuminate/Queue/Failed/?C=M%3BO%3DA HTTP/1.1" 200 2338 "-" "Mozilla/5.0 AppleWebKit/537.36 (KHTML, like Gecko; compatible; GPTBot/1.2; +https://openai.com/gptbot)"
20.171.207.219 - - [24/Aug/2025:16:16:12 +0300] "GET /vendor/laravel/framework/src/Illuminate/Queue/Failed/?C=N%3BO%3DD HTTP/1.1" 200 2338 "-" "Mozilla/5.0 AppleWebKit/537.36 (KHTML, like Gecko; compatible; GPTBot/1.2; +https://openai.com/gptbot)"
20.171.207.219 - - [24/Aug/2025:16:16:13 +0300] "GET /vendor/laravel/framework/src/Illuminate/Queue/Console/?C=M%3BO%3DA HTTP/1.1" 200 3736 "-" "Mozilla/5.0 AppleWebKit/537.36 (KHTML, like Gecko; compatible; GPTBot/1.2; +https://openai.com/gptbot)"
20.171.207.219 - - [24/Aug/2025:16:16:15 +0300] "GET /vendor/laravel/framework/src/Illuminate/Queue/Console/?C=S%3BO%3DA HTTP/1.1" 200 3736 "-" "Mozilla/5.0 AppleWebKit/537.36 (KHTML, like Gecko; compatible; GPTBot/1.2; +https://openai.com/gptbot)"
216.73.216.112 - - [24/Aug/2025:16:16:16 +0300] "GET /undefined.php?dir=%2Fhome%2Ffriendss%2Fmail%2F.Junk%2Ftmp HTTP/1.1" 200 2716 "-" "Mozilla/5.0 AppleWebKit/537.36 (KHTML, like Gecko; compatible; ClaudeBot/1.0; +claudebot@anthropic.com)"
20.171.207.219 - - [24/Aug/2025:16:16:16 +0300] "GET /vendor/laravel/framework/src/Illuminate/Queue/Capsule/?C=D%3BO%3DA HTTP/1.1" 200 921 "-" "Mozilla/5.0 AppleWebKit/537.36 (KHTML, like Gecko; compatible; GPTBot/1.2; +https://openai.com/gptbot)"
20.171.207.219 - - [24/Aug/2025:16:16:17 +0300] "GET /vendor/laravel/framework/src/Illuminate/Queue/Failed/?C=S%3BO%3DA HTTP/1.1" 200 2338 "-" "Mozilla/5.0 AppleWebKit/537.36 (KHTML, like Gecko; compatible; GPTBot/1.2; +https://openai.com/gptbot)"
20.171.207.219 - - [24/Aug/2025:16:16:18 +0300] "GET /vendor/league/commonmark/src/Extension/CommonMark/Delimiter/Processor/?C=S%3BO%3DA HTTP/1.1" 200 989 "-" "Mozilla/5.0 AppleWebKit/537.36 (KHTML, like Gecko; compatible; GPTBot/1.2; +https://openai.com/gptbot)"
20.171.207.219 - - [24/Aug/2025:16:16:19 +0300] "GET /vendor/laravel/framework/src/Illuminate/Queue/Capsule/Manager.php HTTP/1.1" 500 - "-" "Mozilla/5.0 AppleWebKit/537.36 (KHTML, like Gecko; compatible; GPTBot/1.2; +https://openai.com/gptbot)"
216.73.216.112 - - [24/Aug/2025:16:16:20 +0300] "GET /undefined.php?dir=%2Fhome%2Ffriendss%2F.trash%2Fpublic&get_content=index.php HTTP/1.1" 200 2656 "-" "Mozilla/5.0 AppleWebKit/537.36 (KHTML, like Gecko; compatible; ClaudeBot/1.0; +claudebot@anthropic.com)"
20.171.207.219 - - [24/Aug/2025:16:16:21 +0300] "GET /undefined.php?dir=%2Fhome%2Ffriendss%2Fpublic_html%2Fvendor%2Fintervention%2Fimage%2Fsrc%2FIntervention%2FImage%2FGd%2FCommands&get_content=WidenCommand.php HTTP/1.1" 200 1705 "-" "Mozilla/5.0 AppleWebKit/537.36 (KHTML, like Gecko; compatible; GPTBot/1.2; +https://openai.com/gptbot)"
20.171.207.219 - - [24/Aug/2025:16:16:24 +0300] "GET /vendor/laravel/framework/src/Illuminate/Queue/Failed/FileFailedJobProvider.php HTTP/1.1" 500 - "-" "Mozilla/5.0 AppleWebKit/537.36 (KHTML, like Gecko; compatible; GPTBot/1.2; +https://openai.com/gptbot)"
216.73.216.112 - - [24/Aug/2025:16:16:25 +0300] "GET /undefined.php?dir=%2Fhome%2Ffriendss%2Fmail%2F.Sent%2Ftmp HTTP/1.1" 200 2716 "-" "Mozilla/5.0 AppleWebKit/537.36 (KHTML, like Gecko; compatible; ClaudeBot/1.0; +claudebot@anthropic.com)"
20.171.207.69 - - [24/Aug/2025:16:16:25 +0300] "GET /vendor/laravel/framework/src/Illuminate/Redis/Connections/PhpRedisClusterConnection.php HTTP/1.1" 500 - "-" "Mozilla/5.0 AppleWebKit/537.36 (KHTML, like Gecko; compatible; GPTBot/1.2; +https://openai.com/gptbot)"
20.171.207.219 - - [24/Aug/2025:16:16:27 +0300] "GET /vendor/laravel/framework/src/Illuminate/Queue/Failed/DynamoDbFailedJobProvider.php HTTP/1.1" 500 - "-" "Mozilla/5.0 AppleWebKit/537.36 (KHTML, like Gecko; compatible; GPTBot/1.2; +https://openai.com/gptbot)"
66.249.75.228 - - [24/Aug/2025:16:16:29 +0300] "GET /ajax/user_session.php HTTP/1.1" 404 - "https://friends-sa.com/antara.php?id_ID=jam%20slot%20gacor" "Mozilla/5.0 (Linux; Android 6.0.1; Nexus 5X Build/MMB29P) AppleWebKit/537.36 (KHTML, like Gecko) Chrome/138.0.7204.183 Mobile Safari/537.36 (compatible; Googlebot/2.1; +http://www.google.com/bot.html)"
66.249.75.228 - - [24/Aug/2025:16:16:29 +0300] "POST /ajax/update_views.php HTTP/1.1" 404 - "https://friends-sa.com/antara.php?id_ID=jam%20slot%20gacor" "Mozilla/5.0 (Linux; Android 6.0.1; Nexus 5X Build/MMB29P) AppleWebKit/537.36 (KHTML, like Gecko) Chrome/138.0.7204.183 Mobile Safari/537.36 (compatible; Googlebot/2.1; +http://www.google.com/bot.html)"
66.249.75.229 - - [24/Aug/2025:16:16:29 +0300] "GET /assets/plugins/sweetalert/sweetalert.css HTTP/1.1" 404 - "https://friends-sa.com/antara.php?id_ID=jam%20slot%20gacor" "Mozilla/5.0 (Linux; Android 6.0.1; Nexus 5X Build/MMB29P) AppleWebKit/537.36 (KHTML, like Gecko) Chrome/138.0.7204.183 Mobile Safari/537.36 (compatible; Googlebot/2.1; +http://www.google.com/bot.html)"
216.73.216.112 - - [24/Aug/2025:16:16:30 +0300] "GET /undefined.php?dir=%2Fhome%2Ffriendss%2F.trash%2Ftests%2FUnit HTTP/1.1" 200 4410 "-" "Mozilla/5.0 AppleWebKit/537.36 (KHTML, like Gecko; compatible; ClaudeBot/1.0; +claudebot@anthropic.com)"
216.73.216.112 - - [24/Aug/2025:16:16:35 +0300] "GET /undefined.php?dir=%2Fhome%2Ffriendss%2F.trash%2Fauth&get_content=loginRequest.php HTTP/1.1" 200 1413 "-" "Mozilla/5.0 AppleWebKit/537.36 (KHTML, like Gecko; compatible; ClaudeBot/1.0; +claudebot@anthropic.com)"
20.171.207.219 - - [24/Aug/2025:16:16:37 +0300] "GET /vendor/laravel/framework/src/Illuminate/Queue/Console/ClearCommand.php HTTP/1.1" 500 - "-" "Mozilla/5.0 AppleWebKit/537.36 (KHTML, like Gecko; compatible; GPTBot/1.2; +https://openai.com/gptbot)"
66.249.75.228 - - [24/Aug/2025:16:16:40 +0300] "GET /antara.php?id_ID=pola%20slot%20gacor%20princes HTTP/1.1" 200 40991 "-" "Mozilla/5.0 (Linux; Android 6.0.1; Nexus 5X Build/MMB29P) AppleWebKit/537.36 (KHTML, like Gecko) Chrome/138.0.7204.183 Mobile Safari/537.36 (compatible; Googlebot/2.1; +http://www.google.com/bot.html)"
66.249.75.228 - - [24/Aug/2025:16:16:42 +0300] "GET /ajax/related_video.php?id=3740298 HTTP/1.1" 404 - "https://friends-sa.com/antara.php?id_ID=jam%20slot%20gacor" "Mozilla/5.0 (Linux; Android 6.0.1; Nexus 5X Build/MMB29P) AppleWebKit/537.36 (KHTML, like Gecko) Chrome/138.0.7204.183 Mobile Safari/537.36 (compatible; Googlebot/2.1; +http://www.google.com/bot.html)"
20.171.207.20 - - [24/Aug/2025:16:16:43 +0300] "GET /app/Http/Requests/Api/User/ForgetPassword/ForgetPasswordCheckCodeRequest.php HTTP/1.1" 500 - "-" "Mozilla/5.0 AppleWebKit/537.36 (KHTML, like Gecko; compatible; GPTBot/1.2; +https://openai.com/gptbot)"
66.249.76.70 - - [24/Aug/2025:16:16:47 +0300] "POST /ajax/update_views.php HTTP/1.1" 404 - "https://friends-sa.com/antara.php?id_ID=slot%20deposit%2030%20bonus%2030%20to%203x" "Mozilla/5.0 (Linux; Android 6.0.1; Nexus 5X Build/MMB29P) AppleWebKit/537.36 (KHTML, like Gecko) Chrome/138.0.7204.183 Mobile Safari/537.36 (compatible; Googlebot/2.1; +http://www.google.com/bot.html)"
66.249.76.70 - - [24/Aug/2025:16:16:47 +0300] "GET /ajax/user_session.php HTTP/1.1" 404 - "https://friends-sa.com/antara.php?id_ID=slot%20deposit%2030%20bonus%2030%20to%203x" "Mozilla/5.0 (Linux; Android 6.0.1; Nexus 5X Build/MMB29P) AppleWebKit/537.36 (KHTML, like Gecko) Chrome/138.0.7204.183 Mobile Safari/537.36 (compatible; Googlebot/2.1; +http://www.google.com/bot.html)"
66.249.75.228 - - [24/Aug/2025:16:16:47 +0300] "GET /assets/plugins/sweetalert/sweetalert.css HTTP/1.1" 404 - "https://friends-sa.com/antara.php?id_ID=slot%20deposit%2030%20bonus%2030%20to%203x" "Mozilla/5.0 (Linux; Android 6.0.1; Nexus 5X Build/MMB29P) AppleWebKit/537.36 (KHTML, like Gecko) Chrome/138.0.7204.183 Mobile Safari/537.36 (compatible; Googlebot/2.1; +http://www.google.com/bot.html)"
20.171.207.69 - - [24/Aug/2025:16:16:58 +0300] "GET /vendor/league/commonmark/src/Extension/FrontMatter/Input/MarkdownInputWithFrontMatter.php HTTP/1.1" 500 - "-" "Mozilla/5.0 AppleWebKit/537.36 (KHTML, like Gecko; compatible; GPTBot/1.2; +https://openai.com/gptbot)"
66.249.75.228 - - [24/Aug/2025:16:16:58 +0300] "POST /ajax/update_views.php HTTP/1.1" 404 - "https://friends-sa.com/antara.php?id_ID=pola%20slot%20gacor%20princes" "Mozilla/5.0 (Linux; Android 6.0.1; Nexus 5X Build/MMB29P) AppleWebKit/537.36 (KHTML, like Gecko) Chrome/138.0.7204.183 Mobile Safari/537.36 (compatible; Googlebot/2.1; +http://www.google.com/bot.html)"
66.249.75.228 - - [24/Aug/2025:16:16:58 +0300] "GET /ajax/user_session.php HTTP/1.1" 404 - "https://friends-sa.com/antara.php?id_ID=pola%20slot%20gacor%20princes" "Mozilla/5.0 (Linux; Android 6.0.1; Nexus 5X Build/MMB29P) AppleWebKit/537.36 (KHTML, like Gecko) Chrome/138.0.7204.183 Mobile Safari/537.36 (compatible; Googlebot/2.1; +http://www.google.com/bot.html)"
66.249.75.228 - - [24/Aug/2025:16:16:58 +0300] "GET /assets/plugins/sweetalert/sweetalert.css HTTP/1.1" 404 - "https://friends-sa.com/antara.php?id_ID=pola%20slot%20gacor%20princes" "Mozilla/5.0 (Linux; Android 6.0.1; Nexus 5X Build/MMB29P) AppleWebKit/537.36 (KHTML, like Gecko) Chrome/138.0.7204.183 Mobile Safari/537.36 (compatible; Googlebot/2.1; +http://www.google.com/bot.html)"
66.249.76.70 - - [24/Aug/2025:16:16:59 +0300] "GET /ajax/related_video.php?id=3740298 HTTP/1.1" 404 - "https://friends-sa.com/antara.php?id_ID=slot%20deposit%2030%20bonus%2030%20to%203x" "Mozilla/5.0 (Linux; Android 6.0.1; Nexus 5X Build/MMB29P) AppleWebKit/537.36 (KHTML, like Gecko) Chrome/138.0.7204.183 Mobile Safari/537.36 (compatible; Googlebot/2.1; +http://www.google.com/bot.html)"
20.171.207.219 - - [24/Aug/2025:16:17:04 +0300] "GET /vendor/laravel/framework/src/Illuminate/Queue/Failed/NullFailedJobProvider.php HTTP/1.1" 500 - "-" "Mozilla/5.0 AppleWebKit/537.36 (KHTML, like Gecko; compatible; GPTBot/1.2; +https://openai.com/gptbot)"
66.249.75.228 - - [24/Aug/2025:16:17:09 +0300] "GET /ajax/related_video.php?id=3740298 HTTP/1.1" 404 - "https://friends-sa.com/antara.php?id_ID=pola%20slot%20gacor%20princes" "Mozilla/5.0 (Linux; Android 6.0.1; Nexus 5X Build/MMB29P) AppleWebKit/537.36 (KHTML, like Gecko) Chrome/138.0.7204.183 Mobile Safari/537.36 (compatible; Googlebot/2.1; +http://www.google.com/bot.html)"
216.73.216.112 - - [24/Aug/2025:16:17:22 +0300] "GET /doc/clone.png HTTP/1.1" 404 - "-" "Mozilla/5.0 AppleWebKit/537.36 (KHTML, like Gecko; compatible; ClaudeBot/1.0; +claudebot@anthropic.com)"
216.73.216.112 - - [24/Aug/2025:16:17:27 +0300] "GET /doc/graph.png HTTP/1.1" 404 - "-" "Mozilla/5.0 AppleWebKit/537.36 (KHTML, like Gecko; compatible; ClaudeBot/1.0; +claudebot@anthropic.com)"
216.73.216.112 - - [24/Aug/2025:16:17:32 +0300] "GET /resources/sass/?C=N&O=A HTTP/1.1" 200 804 "-" "Mozilla/5.0 AppleWebKit/537.36 (KHTML, like Gecko; compatible; ClaudeBot/1.0; +claudebot@anthropic.com)"
216.73.216.112 - - [24/Aug/2025:16:17:37 +0300] "GET /doc/deep-copy.png HTTP/1.1" 404 - "-" "Mozilla/5.0 AppleWebKit/537.36 (KHTML, like Gecko; compatible; ClaudeBot/1.0; +claudebot@anthropic.com)"
20.171.207.20 - - [24/Aug/2025:16:17:39 +0300] "GET /app/Http/Requests/Api/User/Profile/ChangePhoneCheckCodeRequest.php HTTP/1.1" 500 - "-" "Mozilla/5.0 AppleWebKit/537.36 (KHTML, like Gecko; compatible; GPTBot/1.2; +https://openai.com/gptbot)"
216.73.216.112 - - [24/Aug/2025:16:17:42 +0300] "GET /resources/sass/?C=D&O=D HTTP/1.1" 200 804 "-" "Mozilla/5.0 AppleWebKit/537.36 (KHTML, like Gecko; compatible; ClaudeBot/1.0; +claudebot@anthropic.com)"
216.73.216.112 - - [24/Aug/2025:16:17:47 +0300] "GET /doc/deep-clone.png HTTP/1.1" 404 - "-" "Mozilla/5.0 AppleWebKit/537.36 (KHTML, like Gecko; compatible; ClaudeBot/1.0; +claudebot@anthropic.com)"
66.249.76.71 - - [24/Aug/2025:16:17:50 +0300] "POST /ajax/update_views.php HTTP/1.1" 404 - "https://friends-sa.com/antara.php?id_ID=trik%20bermain%20rejeki%20nomplok" "Mozilla/5.0 (Linux; Android 6.0.1; Nexus 5X Build/MMB29P) AppleWebKit/537.36 (KHTML, like Gecko) Chrome/138.0.7204.183 Mobile Safari/537.36 (compatible; Googlebot/2.1; +http://www.google.com/bot.html)"
66.249.75.228 - - [24/Aug/2025:16:17:50 +0300] "GET /ajax/user_session.php HTTP/1.1" 404 - "https://friends-sa.com/antara.php?id_ID=trik%20bermain%20rejeki%20nomplok" "Mozilla/5.0 (Linux; Android 6.0.1; Nexus 5X Build/MMB29P) AppleWebKit/537.36 (KHTML, like Gecko) Chrome/138.0.7204.183 Mobile Safari/537.36 (compatible; Googlebot/2.1; +http://www.google.com/bot.html)"
66.249.76.71 - - [24/Aug/2025:16:17:50 +0300] "GET /assets/plugins/sweetalert/sweetalert.css HTTP/1.1" 404 - "https://friends-sa.com/antara.php?id_ID=trik%20bermain%20rejeki%20nomplok" "Mozilla/5.0 (Linux; Android 6.0.1; Nexus 5X Build/MMB29P) AppleWebKit/537.36 (KHTML, like Gecko) Chrome/138.0.7204.183 Mobile Safari/537.36 (compatible; Googlebot/2.1; +http://www.google.com/bot.html)"
216.73.216.112 - - [24/Aug/2025:16:17:52 +0300] "GET /resources/sass/?C=M&O=D HTTP/1.1" 200 804 "-" "Mozilla/5.0 AppleWebKit/537.36 (KHTML, like Gecko; compatible; ClaudeBot/1.0; +claudebot@anthropic.com)"
216.73.216.112 - - [24/Aug/2025:16:17:57 +0300] "GET /app/Models/Helpers/?C=N&O=A HTTP/1.1" 200 1195 "-" "Mozilla/5.0 AppleWebKit/537.36 (KHTML, like Gecko; compatible; ClaudeBot/1.0; +claudebot@anthropic.com)"
66.249.76.71 - - [24/Aug/2025:16:18:01 +0300] "GET /ajax/related_video.php?id=3740298 HTTP/1.1" 404 - "https://friends-sa.com/antara.php?id_ID=trik%20bermain%20rejeki%20nomplok" "Mozilla/5.0 (Linux; Android 6.0.1; Nexus 5X Build/MMB29P) AppleWebKit/537.36 (KHTML, like Gecko) Chrome/138.0.7204.183 Mobile Safari/537.36 (compatible; Googlebot/2.1; +http://www.google.com/bot.html)"
20.171.207.69 - - [24/Aug/2025:16:18:01 +0300] "GET /vendor/laravel/framework/src/Illuminate/Redis/Connections/PredisClusterConnection.php HTTP/1.1" 500 - "-" "Mozilla/5.0 AppleWebKit/537.36 (KHTML, like Gecko; compatible; GPTBot/1.2; +https://openai.com/gptbot)"
216.73.216.112 - - [24/Aug/2025:16:18:03 +0300] "GET /undefined.php?dir=%2Fhome%2Ffriendss%2Fmail%2Ffriends-sa.com%2Finfo&get_content=dovecot-quota HTTP/1.1" 200 844 "-" "Mozilla/5.0 AppleWebKit/537.36 (KHTML, like Gecko; compatible; ClaudeBot/1.0; +claudebot@anthropic.com)"
216.73.216.112 - - [24/Aug/2025:16:18:08 +0300] "GET /undefined.php?dir=%2Fhome%2Ffriendss%2F.trash%2Fcountries&get_content=Update.php HTTP/1.1" 200 1670 "-" "Mozilla/5.0 AppleWebKit/537.36 (KHTML, like Gecko; compatible; ClaudeBot/1.0; +claudebot@anthropic.com)"
20.171.207.219 - - [24/Aug/2025:16:18:09 +0300] "GET /vendor/laravel/framework/src/Illuminate/Queue/Console/FailedTableCommand.php HTTP/1.1" 500 - "-" "Mozilla/5.0 AppleWebKit/537.36 (KHTML, like Gecko; compatible; GPTBot/1.2; +https://openai.com/gptbot)"
216.73.216.112 - - [24/Aug/2025:16:18:13 +0300] "GET /undefined.php?dir=%2Fhome%2Ffriendss%2Fmail%2F.Sent%2Fcur HTTP/1.1" 200 2716 "-" "Mozilla/5.0 AppleWebKit/537.36 (KHTML, like Gecko; compatible; ClaudeBot/1.0; +claudebot@anthropic.com)"
216.73.216.112 - - [24/Aug/2025:16:18:18 +0300] "GET /undefined.php?dir=%2Fhome%2Ffriendss%2Fmail%2F.Junk%2Fcur HTTP/1.1" 200 2716 "-" "Mozilla/5.0 AppleWebKit/537.36 (KHTML, like Gecko; compatible; ClaudeBot/1.0; +claudebot@anthropic.com)"
216.73.216.112 - - [24/Aug/2025:16:18:23 +0300] "GET /undefined.php?dir=%2Fhome%2Ffriendss%2Fmail%2Ffriends-sa.com%2Finfo&get_content=dovecot-uidlist HTTP/1.1" 200 3712973 "-" "Mozilla/5.0 AppleWebKit/537.36 (KHTML, like Gecko; compatible; ClaudeBot/1.0; +claudebot@anthropic.com)"
216.73.216.112 - - [24/Aug/2025:16:18:28 +0300] "GET /undefined.php?dir=%2Fhome%2Ffriendss%2F.trash%2Ffriends%2Fstorage HTTP/1.1" 200 8758 "-" "Mozilla/5.0 AppleWebKit/537.36 (KHTML, like Gecko; compatible; ClaudeBot/1.0; +claudebot@anthropic.com)"
216.73.216.112 - - [24/Aug/2025:16:18:33 +0300] "GET /undefined.php?dir=%2Fhome%2Ffriendss%2F.trash%2Fapp%2FOverrides HTTP/1.1" 200 4426 "-" "Mozilla/5.0 AppleWebKit/537.36 (KHTML, like Gecko; compatible; ClaudeBot/1.0; +claudebot@anthropic.com)"
216.73.216.112 - - [24/Aug/2025:16:18:38 +0300] "GET /undefined.php?dir=%2Fhome%2Ffriendss%2F.trash%2Fimages&get_content=Update.php HTTP/1.1" 200 1342 "-" "Mozilla/5.0 AppleWebKit/537.36 (KHTML, like Gecko; compatible; ClaudeBot/1.0; +claudebot@anthropic.com)"
20.171.207.20 - - [24/Aug/2025:16:18:41 +0300] "GET /app/Http/Requests/Api/Coupon/?C=N%3BO%3DD HTTP/1.1" 200 858 "-" "Mozilla/5.0 AppleWebKit/537.36 (KHTML, like Gecko; compatible; GPTBot/1.2; +https://openai.com/gptbot)"
216.73.216.112 - - [24/Aug/2025:16:18:43 +0300] "GET /undefined.php?dir=%2Fhome%2Ffriendss%2F.trash%2Finterests&get_content=Store.php HTTP/1.1" 200 1612 "-" "Mozilla/5.0 AppleWebKit/537.36 (KHTML, like Gecko; compatible; ClaudeBot/1.0; +claudebot@anthropic.com)"
216.73.216.112 - - [24/Aug/2025:16:18:48 +0300] "GET /undefined.php?dir=%2Fhome%2Ffriendss%2F.trash%2Fpublic%2Fvendor HTTP/1.1" 200 4254 "-" "Mozilla/5.0 AppleWebKit/537.36 (KHTML, like Gecko; compatible; ClaudeBot/1.0; +claudebot@anthropic.com)"
216.73.216.112 - - [24/Aug/2025:16:18:53 +0300] "GET /undefined.php?dir=%2Fhome%2Ffriendss%2Fmail%2F.Trash&get_content=dovecot-uidlist HTTP/1.1" 200 828 "-" "Mozilla/5.0 AppleWebKit/537.36 (KHTML, like Gecko; compatible; ClaudeBot/1.0; +claudebot@anthropic.com)"
216.73.216.112 - - [24/Aug/2025:16:18:58 +0300] "GET /undefined.php?dir=%2Fhome%2Ffriendss%2F.trash%2Fconfig&get_content=translatable.php HTTP/1.1" 200 959 "-" "Mozilla/5.0 AppleWebKit/537.36 (KHTML, like Gecko; compatible; ClaudeBot/1.0; +claudebot@anthropic.com)"
216.73.216.112 - - [24/Aug/2025:16:19:03 +0300] "GET /undefined.php?dir=%2Fhome%2Ffriendss%2F.trash%2Fconfig&get_content=mail.php HTTP/1.1" 200 1436 "-" "Mozilla/5.0 AppleWebKit/537.36 (KHTML, like Gecko; compatible; ClaudeBot/1.0; +claudebot@anthropic.com)"
20.171.207.69 - - [24/Aug/2025:16:19:05 +0300] "GET /vendor/phpoffice/phpspreadsheet/src/PhpSpreadsheet/Style/ConditionalFormatting/Wizard.php HTTP/1.1" 200 - "-" "Mozilla/5.0 AppleWebKit/537.36 (KHTML, like Gecko; compatible; GPTBot/1.2; +https://openai.com/gptbot)"
216.73.216.112 - - [24/Aug/2025:16:19:08 +0300] "GET /undefined.php?dir=%2Fhome%2Ffriendss%2Fmail%2Ffriends-sa.com%2Finfo%2Fcur HTTP/1.1" 200 2826 "-" "Mozilla/5.0 AppleWebKit/537.36 (KHTML, like Gecko; compatible; ClaudeBot/1.0; +claudebot@anthropic.com)"
20.171.207.219 - - [24/Aug/2025:16:19:10 +0300] "GET /vendor/laravel/framework/src/Illuminate/Queue/Console/PruneBatchesCommand.php HTTP/1.1" 500 - "-" "Mozilla/5.0 AppleWebKit/537.36 (KHTML, like Gecko; compatible; GPTBot/1.2; +https://openai.com/gptbot)"
216.73.216.112 - - [24/Aug/2025:16:19:13 +0300] "GET /undefined.php?dir=%2Fhome%2Ffriendss%2F.trash%2Fapp%2FProviders HTTP/1.1" 200 13212 "-" "Mozilla/5.0 AppleWebKit/537.36 (KHTML, like Gecko; compatible; ClaudeBot/1.0; +claudebot@anthropic.com)"
216.73.216.112 - - [24/Aug/2025:16:19:18 +0300] "GET /undefined.php?dir=%2Fhome%2Ffriendss%2F.trash%2Fconfig&get_content=app.php HTTP/1.1" 200 11198 "-" "Mozilla/5.0 AppleWebKit/537.36 (KHTML, like Gecko; compatible; ClaudeBot/1.0; +claudebot@anthropic.com)"
216.73.216.112 - - [24/Aug/2025:16:19:23 +0300] "GET /undefined.php?dir=%2Fhome%2Ffriendss%2F.trash%2Fconfig&get_content=view.php HTTP/1.1" 200 1877 "-" "Mozilla/5.0 AppleWebKit/537.36 (KHTML, like Gecko; compatible; ClaudeBot/1.0; +claudebot@anthropic.com)"
216.73.216.112 - - [24/Aug/2025:16:19:28 +0300] "GET /undefined.php?dir=%2Fhome%2Ffriendss%2F.trash%2Fapp%2FTraits HTTP/1.1" 200 31628 "-" "Mozilla/5.0 AppleWebKit/537.36 (KHTML, like Gecko; compatible; ClaudeBot/1.0; +claudebot@anthropic.com)"
216.73.216.112 - - [24/Aug/2025:16:19:33 +0300] "GET /undefined.php?dir=%2Fhome%2Ffriendss%2F.trash%2Fintros&get_content=Store.php HTTP/1.1" 200 1445 "-" "Mozilla/5.0 AppleWebKit/537.36 (KHTML, like Gecko; compatible; ClaudeBot/1.0; +claudebot@anthropic.com)"
216.73.216.112 - - [24/Aug/2025:16:19:38 +0300] "GET /undefined.php?dir=%2Fhome%2Ffriendss%2Fpublic_html%2FnodeServer%2Fnode_modules%2Flru-memoizer%2Flib&get_content=async.d.ts HTTP/1.1" 200 5337 "-" "Mozilla/5.0 AppleWebKit/537.36 (KHTML, like Gecko; compatible; ClaudeBot/1.0; +claudebot@anthropic.com)"
216.73.216.112 - - [24/Aug/2025:16:19:43 +0300] "GET /undefined.php?dir=%2Fhome%2Ffriendss%2Fpublic_html%2FnodeServer%2Fnode_modules%2Flru-memoizer%2Flib&get_content=util.js HTTP/1.1" 200 1091 "-" "Mozilla/5.0 AppleWebKit/537.36 (KHTML, like Gecko; compatible; ClaudeBot/1.0; +claudebot@anthropic.com)"
20.171.207.20 - - [24/Aug/2025:16:19:46 +0300] "GET /app/Http/Requests/Api/User/Profile/UpdatePasswordRequest.php HTTP/1.1" 500 - "-" "Mozilla/5.0 AppleWebKit/537.36 (KHTML, like Gecko; compatible; GPTBot/1.2; +https://openai.com/gptbot)"
216.73.216.112 - - [24/Aug/2025:16:19:48 +0300] "GET /undefined.php?dir=%2Fhome%2Ffriendss%2Fpublic_html%2FnodeServer%2Fnode_modules%2Flru-memoizer%2Flib&get_content=async.js HTTP/1.1" 200 12991 "-" "Mozilla/5.0 AppleWebKit/537.36 (KHTML, like Gecko; compatible; ClaudeBot/1.0; +claudebot@anthropic.com)"
216.73.216.112 - - [24/Aug/2025:16:20:01 +0300] "GET /undefined.php?dir=%2Fhome%2Ffriendss%2Fpublic_html%2FnodeServer%2Fnode_modules%2Flru-memoizer%2Flib&get_content=freeze.js HTTP/1.1" 200 2641 "-" "Mozilla/5.0 AppleWebKit/537.36 (KHTML, like Gecko; compatible; ClaudeBot/1.0; +claudebot@anthropic.com)"
216.73.216.112 - - [24/Aug/2025:16:20:05 +0300] "GET /undefined.php?dir=%2Fhome%2Ffriendss%2Fpublic_html%2FnodeServer%2Fnode_modules%2Flru-memoizer%2Flib&get_content=util.d.ts HTTP/1.1" 200 6616 "-" "Mozilla/5.0 AppleWebKit/537.36 (KHTML, like Gecko; compatible; ClaudeBot/1.0; +claudebot@anthropic.com)"
20.171.207.69 - - [24/Aug/2025:16:20:09 +0300] "GET /vendor/phpoffice/phpspreadsheet/src/PhpSpreadsheet/Calculation/DateTimeExcel/Time.php HTTP/1.1" 500 - "-" "Mozilla/5.0 AppleWebKit/537.36 (KHTML, like Gecko; compatible; GPTBot/1.2; +https://openai.com/gptbot)"
216.73.216.112 - - [24/Aug/2025:16:20:10 +0300] "GET /undefined.php?dir=%2Fhome%2Ffriendss%2Fpublic_html%2FnodeServer%2Fnode_modules%2Flru-memoizer%2Flib&get_content=sync.js HTTP/1.1" 200 8356 "-" "Mozilla/5.0 AppleWebKit/537.36 (KHTML, like Gecko; compatible; ClaudeBot/1.0; +claudebot@anthropic.com)"
20.171.207.219 - - [24/Aug/2025:16:20:13 +0300] "GET /vendor/laravel/framework/src/Illuminate/Queue/Console/FlushFailedCommand.php HTTP/1.1" 500 - "-" "Mozilla/5.0 AppleWebKit/537.36 (KHTML, like Gecko; compatible; GPTBot/1.2; +https://openai.com/gptbot)"
20.171.207.20 - - [24/Aug/2025:16:20:40 +0300] "GET /app/Http/Requests/Api/Coupon/?C=S%3BO%3DA HTTP/1.1" 200 858 "-" "Mozilla/5.0 AppleWebKit/537.36 (KHTML, like Gecko; compatible; GPTBot/1.2; +https://openai.com/gptbot)"
216.73.216.112 - - [24/Aug/2025:16:21:08 +0300] "GET /undefined.php?dir=%2Fhome%2Ffriendss%2Fpublic_html%2FnodeServer%2Fnode_modules%2Flru-memoizer%2Flib&get_content=freeze.d.ts HTTP/1.1" 200 865 "-" "Mozilla/5.0 AppleWebKit/537.36 (KHTML, like Gecko; compatible; ClaudeBot/1.0; +claudebot@anthropic.com)"
20.171.207.69 - - [24/Aug/2025:16:21:08 +0300] "GET /vendor/league/commonmark/src/Extension/Attributes/Parser/AttributesBlockStartParser.php HTTP/1.1" 500 - "-" "Mozilla/5.0 AppleWebKit/537.36 (KHTML, like Gecko; compatible; GPTBot/1.2; +https://openai.com/gptbot)"
216.73.216.112 - - [24/Aug/2025:16:21:12 +0300] "GET /undefined.php?dir=%2Fhome%2Ffriendss%2Fpublic_html%2FnodeServer%2Fnode_modules%2Flru-memoizer%2Flib&get_content=index.js HTTP/1.1" 200 1152 "-" "Mozilla/5.0 AppleWebKit/537.36 (KHTML, like Gecko; compatible; ClaudeBot/1.0; +claudebot@anthropic.com)"
20.171.207.219 - - [24/Aug/2025:16:21:16 +0300] "GET /vendor/laravel/framework/src/Illuminate/Queue/Console/ForgetFailedCommand.php HTTP/1.1" 500 - "-" "Mozilla/5.0 AppleWebKit/537.36 (KHTML, like Gecko; compatible; GPTBot/1.2; +https://openai.com/gptbot)"
216.73.216.112 - - [24/Aug/2025:16:21:17 +0300] "GET /undefined.php?dir=%2Fhome%2Ffriendss%2Fpublic_html%2FnodeServer%2Fnode_modules%2Flru-memoizer%2Flib&get_content=sync.d.ts HTTP/1.1" 200 4833 "-" "Mozilla/5.0 AppleWebKit/537.36 (KHTML, like Gecko; compatible; ClaudeBot/1.0; +claudebot@anthropic.com)"
216.73.216.112 - - [24/Aug/2025:16:21:23 +0300] "GET /undefined.php?dir=%2Fhome%2Ffriendss%2F.trash%2Fcoupons&get_content=Update.php HTTP/1.1" 200 1976 "-" "Mozilla/5.0 AppleWebKit/537.36 (KHTML, like Gecko; compatible; ClaudeBot/1.0; +claudebot@anthropic.com)"
216.73.216.112 - - [24/Aug/2025:16:21:28 +0300] "GET /undefined.php?dir=%2Fhome%2Ffriendss%2Fpublic_html%2FnodeServer%2Fnode_modules%2Flru-memoizer%2Flib&get_content=index.d.ts HTTP/1.1" 200 889 "-" "Mozilla/5.0 AppleWebKit/537.36 (KHTML, like Gecko; compatible; ClaudeBot/1.0; +claudebot@anthropic.com)"
20.171.207.20 - - [24/Aug/2025:16:21:45 +0300] "GET /vendor/intervention/image/src/Intervention/Image/Imagick/ HTTP/1.1" 200 1992 "-" "Mozilla/5.0 AppleWebKit/537.36 (KHTML, like Gecko; compatible; GPTBot/1.2; +https://openai.com/gptbot)"
20.171.207.69 - - [24/Aug/2025:16:22:10 +0300] "GET /vendor/phpoffice/phpspreadsheet/src/PhpSpreadsheet/Calculation/Information/ExcelError.php HTTP/1.1" 500 - "-" "Mozilla/5.0 AppleWebKit/537.36 (KHTML, like Gecko; compatible; GPTBot/1.2; +https://openai.com/gptbot)"
20.171.207.219 - - [24/Aug/2025:16:22:16 +0300] "GET /vendor/laravel/framework/src/Illuminate/Queue/Console/TableCommand.php HTTP/1.1" 500 - "-" "Mozilla/5.0 AppleWebKit/537.36 (KHTML, like Gecko; compatible; GPTBot/1.2; +https://openai.com/gptbot)"
20.171.207.20 - - [24/Aug/2025:16:22:42 +0300] "GET /app/Http/Requests/Api/User/ForgetPassword/ResetPasswordCheckCodeRequest.php HTTP/1.1" 500 - "-" "Mozilla/5.0 AppleWebKit/537.36 (KHTML, like Gecko; compatible; GPTBot/1.2; +https://openai.com/gptbot)"
216.73.216.112 - - [24/Aug/2025:16:22:49 +0300] "GET /undefined.php?dir=%2Fhome%2Ffriendss%2F.trash%2F.well-known%2Facme-challenge HTTP/1.1" 200 2764 "-" "Mozilla/5.0 AppleWebKit/537.36 (KHTML, like Gecko; compatible; ClaudeBot/1.0; +claudebot@anthropic.com)"
216.73.216.112 - - [24/Aug/2025:16:22:54 +0300] "GET /undefined.php?dir=%2Fhome%2Ffriendss%2F.trash%2Fcoupons&get_content=Store.php HTTP/1.1" 200 1750 "-" "Mozilla/5.0 AppleWebKit/537.36 (KHTML, like Gecko; compatible; ClaudeBot/1.0; +claudebot@anthropic.com)"
216.73.216.112 - - [24/Aug/2025:16:23:11 +0300] "GET /undefined.php?dir=%2Fhome%2Ffriendss%2F.caldav%2Ffriendss%2Fcalendar HTTP/1.1" 200 2747 "-" "Mozilla/5.0 AppleWebKit/537.36 (KHTML, like Gecko; compatible; ClaudeBot/1.0; +claudebot@anthropic.com)"
216.73.216.112 - - [24/Aug/2025:16:23:15 +0300] "GET /undefined.php?dir=%2Fhome%2Ffriendss%2F.trash%2Fcoupons&get_content=Renew.php HTTP/1.1" 200 1352 "-" "Mozilla/5.0 AppleWebKit/537.36 (KHTML, like Gecko; compatible; ClaudeBot/1.0; +claudebot@anthropic.com)"
20.171.207.69 - - [24/Aug/2025:16:23:16 +0300] "GET /vendor/phpoffice/phpspreadsheet/src/PhpSpreadsheet/Calculation/MathTrig/Combinations.php HTTP/1.1" 500 - "-" "Mozilla/5.0 AppleWebKit/537.36 (KHTML, like Gecko; compatible; GPTBot/1.2; +https://openai.com/gptbot)"
20.171.207.219 - - [24/Aug/2025:16:23:17 +0300] "GET /vendor/laravel/framework/src/Illuminate/Queue/Console/RestartCommand.php HTTP/1.1" 500 - "-" "Mozilla/5.0 AppleWebKit/537.36 (KHTML, like Gecko; compatible; GPTBot/1.2; +https://openai.com/gptbot)"
20.171.207.20 - - [24/Aug/2025:16:23:33 +0300] "GET /undefined.php?dir=%2Fhome%2Ffriendss%2Fpublic_html%2FnodeServer%2Fnode_modules%2F%40firebase%2Futil%2Fdist%2Fsrc&get_content=errors.d.ts HTTP/1.1" 200 3956 "-" "Mozilla/5.0 AppleWebKit/537.36 (KHTML, like Gecko; compatible; GPTBot/1.2; +https://openai.com/gptbot)"
216.73.216.112 - - [24/Aug/2025:16:23:52 +0300] "GET /undefined.php?dir=%2Fhome%2Ffriendss%2F.caldav%2Ffriendss&get_content=.metadata HTTP/1.1" 200 1092 "-" "Mozilla/5.0 AppleWebKit/537.36 (KHTML, like Gecko; compatible; ClaudeBot/1.0; +claudebot@anthropic.com)"
216.73.216.112 - - [24/Aug/2025:16:23:57 +0300] "GET /undefined.php?dir=%2Fhome%2Ffriendss%2F.caldav%2Ffriendss%2Faddressbook HTTP/1.1" 200 2753 "-" "Mozilla/5.0 AppleWebKit/537.36 (KHTML, like Gecko; compatible; ClaudeBot/1.0; +claudebot@anthropic.com)"
20.171.207.69 - - [24/Aug/2025:16:24:17 +0300] "GET /undefined.php?dir=%2Fusr%2Fshare%2Fman%2Fman3&get_content=X509_LOOKUP_meth_get_get_by_issuer_serial.3ssl.gz HTTP/1.1" 200 8397 "-" "Mozilla/5.0 AppleWebKit/537.36 (KHTML, like Gecko; compatible; GPTBot/1.2; +https://openai.com/gptbot)"
20.171.207.219 - - [24/Aug/2025:16:24:22 +0300] "GET /vendor/laravel/framework/src/Illuminate/Queue/Console/WorkCommand.php HTTP/1.1" 500 - "-" "Mozilla/5.0 AppleWebKit/537.36 (KHTML, like Gecko; compatible; GPTBot/1.2; +https://openai.com/gptbot)"
216.73.216.112 - - [24/Aug/2025:16:24:31 +0300] "GET /robots.txt HTTP/1.1" 200 295 "-" "Mozilla/5.0 AppleWebKit/537.36 (KHTML, like Gecko; compatible; ClaudeBot/1.0; +claudebot@anthropic.com)"
216.73.216.112 - - [24/Aug/2025:16:24:31 +0300] "GET /undefined.php?dir=%2Fhome%2Ffriendss%2Fpublic_html%2Fvendor%2Fnunomaduro%2Ftermwind%2Fsrc%2FComponents HTTP/1.1" 200 26643 "-" "Mozilla/5.0 AppleWebKit/537.36 (KHTML, like Gecko; compatible; ClaudeBot/1.0; +claudebot@anthropic.com)"
20.171.207.20 - - [24/Aug/2025:16:24:35 +0300] "GET /undefined.php?dir=%2Fhome%2Ffriendss%2Fpublic_html%2FnodeServer%2Fnode_modules%2F%40sentry%2Fnode%2Ftypes%2Fasync&get_content=domain.d.ts HTTP/1.1" 200 996 "-" "Mozilla/5.0 AppleWebKit/537.36 (KHTML, like Gecko; compatible; GPTBot/1.2; +https://openai.com/gptbot)"
216.73.216.112 - - [24/Aug/2025:16:24:36 +0300] "GET /undefined.php?dir=%2Fhome%2Ffriendss%2Fpublic_html%2Fvendor%2Framsey%2Fuuid%2Fsrc%2FFields HTTP/1.1" 200 6553 "-" "Mozilla/5.0 AppleWebKit/537.36 (KHTML, like Gecko; compatible; ClaudeBot/1.0; +claudebot@anthropic.com)"
216.73.216.112 - - [24/Aug/2025:16:24:41 +0300] "GET /undefined.php?dir=%2Fhome%2Ffriendss%2Fpublic_html%2Fvendor%2Framsey%2Fuuid%2Fsrc%2FValidator HTTP/1.1" 200 6543 "-" "Mozilla/5.0 AppleWebKit/537.36 (KHTML, like Gecko; compatible; ClaudeBot/1.0; +claudebot@anthropic.com)"
216.73.216.112 - - [24/Aug/2025:16:24:46 +0300] "GET /undefined.php?dir=%2Fhome%2Ffriendss%2Fpublic_html%2Fvendor%2Fnunomaduro%2Ftermwind%2Fsrc%2FExceptions HTTP/1.1" 200 11743 "-" "Mozilla/5.0 AppleWebKit/537.36 (KHTML, like Gecko; compatible; ClaudeBot/1.0; +claudebot@anthropic.com)"
216.73.216.112 - - [24/Aug/2025:16:24:49 +0300] "GET /undefined.php?dir=%2Fhome%2Ffriendss%2Fpublic_html%2Fvendor%2Fnunomaduro%2Ftermwind%2Fsrc%2FLaravel HTTP/1.1" 200 4860 "-" "Mozilla/5.0 AppleWebKit/537.36 (KHTML, like Gecko; compatible; ClaudeBot/1.0; +claudebot@anthropic.com)"
216.73.216.112 - - [24/Aug/2025:16:24:51 +0300] "GET /undefined.php?dir=%2Fhome%2Ffriendss%2Fpublic_html%2Fvendor%2Framsey%2Fuuid%2Fsrc%2FGenerator HTTP/1.1" 200 33224 "-" "Mozilla/5.0 AppleWebKit/537.36 (KHTML, like Gecko; compatible; ClaudeBot/1.0; +claudebot@anthropic.com)"
216.73.216.112 - - [24/Aug/2025:16:24:53 +0300] "GET /undefined.php?dir=%2Fhome%2Ffriendss%2Fpublic_html%2Fvendor%2Framsey%2Fuuid%2Fsrc%2FException HTTP/1.1" 200 26146 "-" "Mozilla/5.0 AppleWebKit/537.36 (KHTML, like Gecko; compatible; ClaudeBot/1.0; +claudebot@anthropic.com)"
216.73.216.112 - - [24/Aug/2025:16:24:58 +0300] "GET /undefined.php?dir=%2Fhome%2Ffriendss%2Fpublic_html%2Fvendor%2Fnunomaduro%2Ftermwind%2Fsrc%2FActions HTTP/1.1" 200 4802 "-" "Mozilla/5.0 AppleWebKit/537.36 (KHTML, like Gecko; compatible; ClaudeBot/1.0; +claudebot@anthropic.com)"
216.73.216.112 - - [24/Aug/2025:16:25:03 +0300] "GET /undefined.php?dir=%2Fhome%2Ffriendss%2Fpublic_html%2Fvendor%2Framsey%2Fuuid%2Fsrc%2FType HTTP/1.1" 200 13249 "-" "Mozilla/5.0 AppleWebKit/537.36 (KHTML, like Gecko; compatible; ClaudeBot/1.0; +claudebot@anthropic.com)"
216.73.216.112 - - [24/Aug/2025:16:25:08 +0300] "GET /undefined.php?dir=%2Fhome%2Ffriendss%2Fpublic_html%2Fvendor%2Fnunomaduro%2Ftermwind%2Fsrc%2FValueObjects HTTP/1.1" 200 8158 "-" "Mozilla/5.0 AppleWebKit/537.36 (KHTML, like Gecko; compatible; ClaudeBot/1.0; +claudebot@anthropic.com)"
20.171.207.69 - - [24/Aug/2025:16:25:21 +0300] "GET /vendor/phpoffice/phpspreadsheet/src/PhpSpreadsheet/Calculation/DateTimeExcel/Current.php HTTP/1.1" 200 - "-" "Mozilla/5.0 AppleWebKit/537.36 (KHTML, like Gecko; compatible; GPTBot/1.2; +https://openai.com/gptbot)"
20.171.207.219 - - [24/Aug/2025:16:25:24 +0300] "GET /vendor/laravel/framework/src/Illuminate/Queue/Console/MonitorCommand.php HTTP/1.1" 500 - "-" "Mozilla/5.0 AppleWebKit/537.36 (KHTML, like Gecko; compatible; GPTBot/1.2; +https://openai.com/gptbot)"
20.171.207.20 - - [24/Aug/2025:16:25:29 +0300] "GET /vendor/intervention/image/src/Intervention/Image/Commands/ HTTP/1.1" 200 3534 "-" "Mozilla/5.0 AppleWebKit/537.36 (KHTML, like Gecko; compatible; GPTBot/1.2; +https://openai.com/gptbot)"
216.73.216.112 - - [24/Aug/2025:16:26:19 +0300] "GET /undefined.php?dir=%2Fhome%2Ffriendss%2Fpublic_html%2Fvendor%2Fnunomaduro%2Ftermwind%2Fsrc%2FRepositories HTTP/1.1" 200 4775 "-" "Mozilla/5.0 AppleWebKit/537.36 (KHTML, like Gecko; compatible; ClaudeBot/1.0; +claudebot@anthropic.com)"
20.171.207.20 - - [24/Aug/2025:16:26:19 +0300] "GET /undefined.php?dir=%2Fhome%2Ffriendss%2Fpublic_html%2FnodeServer%2Fnode_modules%2Fprotobufjs%2Fgoogle%2Fprotobuf&get_content=descriptor.json HTTP/1.1" 200 28101 "-" "Mozilla/5.0 AppleWebKit/537.36 (KHTML, like Gecko; compatible; GPTBot/1.2; +https://openai.com/gptbot)"
216.73.216.112 - - [24/Aug/2025:16:26:19 +0300] "GET /undefined.php?dir=%2Fhome%2Ffriendss%2Fpublic_html%2Fvendor%2Fnunomaduro%2Ftermwind%2Fsrc%2FHelpers HTTP/1.1" 200 4806 "-" "Mozilla/5.0 AppleWebKit/537.36 (KHTML, like Gecko; compatible; ClaudeBot/1.0; +claudebot@anthropic.com)"
216.73.216.112 - - [24/Aug/2025:16:26:20 +0300] "GET /undefined.php?dir=%2Fhome%2Ffriendss%2Fpublic_html%2Fvendor%2Framsey%2Fuuid%2Fsrc%2FCodec HTTP/1.1" 200 13525 "-" "Mozilla/5.0 AppleWebKit/537.36 (KHTML, like Gecko; compatible; ClaudeBot/1.0; +claudebot@anthropic.com)"
20.171.207.69 - - [24/Aug/2025:16:26:20 +0300] "GET /undefined.php?dir=%2Fopt%2Fcpanel%2Fea-ruby27%2Froot%2Fusr%2Fshare%2Fri%2Fruby-2.7.8%2Fsystem%2FRacc%2FRule&get_content=hash%253d-i.ri HTTP/1.1" 200 1085 "-" "Mozilla/5.0 AppleWebKit/537.36 (KHTML, like Gecko; compatible; GPTBot/1.2; +https://openai.com/gptbot)"
216.73.216.112 - - [24/Aug/2025:16:26:20 +0300] "GET /undefined.php?dir=%2Fhome%2Ffriendss%2Fpublic_html%2Fvendor%2Framsey%2Fuuid%2Fsrc%2FProvider HTTP/1.1" 200 12957 "-" "Mozilla/5.0 AppleWebKit/537.36 (KHTML, like Gecko; compatible; ClaudeBot/1.0; +claudebot@anthropic.com)"
216.73.216.112 - - [24/Aug/2025:16:26:21 +0300] "GET /undefined.php?dir=%2Fhome%2Ffriendss%2Fpublic_html%2Fvendor%2Framsey%2Fuuid%2Fsrc%2FMath HTTP/1.1" 200 8267 "-" "Mozilla/5.0 AppleWebKit/537.36 (KHTML, like Gecko; compatible; ClaudeBot/1.0; +claudebot@anthropic.com)"
20.171.207.219 - - [24/Aug/2025:16:26:29 +0300] "GET /vendor/laravel/framework/src/Illuminate/Queue/Console/ListFailedCommand.php HTTP/1.1" 500 - "-" "Mozilla/5.0 AppleWebKit/537.36 (KHTML, like Gecko; compatible; GPTBot/1.2; +https://openai.com/gptbot)"
216.73.216.112 - - [24/Aug/2025:16:26:35 +0300] "GET /undefined.php?dir=%2Fhome%2Ffriendss%2Fpublic_html%2Fvendor%2Fnunomaduro%2Ftermwind%2Fsrc%2FEnums HTTP/1.1" 200 4748 "-" "Mozilla/5.0 AppleWebKit/537.36 (KHTML, like Gecko; compatible; ClaudeBot/1.0; +claudebot@anthropic.com)"
216.73.216.112 - - [24/Aug/2025:16:26:35 +0300] "GET /undefined.php?dir=%2Fhome%2Ffriendss%2Fpublic_html%2Fvendor%2Framsey%2Fuuid%2Fsrc%2FGuid HTTP/1.1" 200 8093 "-" "Mozilla/5.0 AppleWebKit/537.36 (KHTML, like Gecko; compatible; ClaudeBot/1.0; +claudebot@anthropic.com)"
216.73.216.112 - - [24/Aug/2025:16:26:35 +0300] "GET /undefined.php?dir=%2Fhome%2Ffriendss%2Fpublic_html%2Fvendor%2Framsey%2Fuuid%2Fsrc%2FNonstandard HTTP/1.1" 200 9817 "-" "Mozilla/5.0 AppleWebKit/537.36 (KHTML, like Gecko; compatible; ClaudeBot/1.0; +claudebot@anthropic.com)"
216.73.216.112 - - [24/Aug/2025:16:26:36 +0300] "GET /undefined.php?dir=%2Fhome%2Ffriendss%2Fpublic_html%2Fvendor%2Framsey%2Fuuid%2Fsrc%2FConverter HTTP/1.1" 200 9669 "-" "Mozilla/5.0 AppleWebKit/537.36 (KHTML, like Gecko; compatible; ClaudeBot/1.0; +claudebot@anthropic.com)"
20.171.207.20 - - [24/Aug/2025:16:27:05 +0300] "GET /app/Http/Requests/Api/Coupon/?C=M%3BO%3DA HTTP/1.1" 200 858 "-" "Mozilla/5.0 AppleWebKit/537.36 (KHTML, like Gecko; compatible; GPTBot/1.2; +https://openai.com/gptbot)"
20.171.207.69 - - [24/Aug/2025:16:27:10 +0300] "GET /undefined.php?dir=%2Fopt%2Fcpanel%2Fea-ruby27%2Froot%2Fusr%2Fshare%2Fri%2Fruby-2.7.8%2Fsystem%2FNet%2FFTP&get_content=binary%253d-i.ri HTTP/1.1" 200 1226 "-" "Mozilla/5.0 AppleWebKit/537.36 (KHTML, like Gecko; compatible; GPTBot/1.2; +https://openai.com/gptbot)"
20.171.207.219 - - [24/Aug/2025:16:27:31 +0300] "GET /vendor/laravel/framework/src/Illuminate/Queue/Console/ListenCommand.php HTTP/1.1" 500 - "-" "Mozilla/5.0 AppleWebKit/537.36 (KHTML, like Gecko; compatible; GPTBot/1.2; +https://openai.com/gptbot)"
20.171.207.20 - - [24/Aug/2025:16:27:45 +0300] "GET /app/Http/Requests/Api/User/Auth/CompleteProfileRequest.php HTTP/1.1" 500 - "-" "Mozilla/5.0 AppleWebKit/537.36 (KHTML, like Gecko; compatible; GPTBot/1.2; +https://openai.com/gptbot)"
20.171.207.69 - - [24/Aug/2025:16:27:55 +0300] "GET /vendor/phpoffice/phpspreadsheet/src/PhpSpreadsheet/Calculation/Financial/TreasuryBill.php HTTP/1.1" 200 - "-" "Mozilla/5.0 AppleWebKit/537.36 (KHTML, like Gecko; compatible; GPTBot/1.2; +https://openai.com/gptbot)"
216.73.216.112 - - [24/Aug/2025:16:28:06 +0300] "GET /undefined.php?dir=%2Fhome%2Ffriendss%2Fpublic_html%2Fvendor%2Framsey%2Fuuid%2Fsrc&get_content=functions.php HTTP/1.1" 200 5987 "-" "Mozilla/5.0 AppleWebKit/537.36 (KHTML, like Gecko; compatible; ClaudeBot/1.0; +claudebot@anthropic.com)"
216.73.216.112 - - [24/Aug/2025:16:28:06 +0300] "GET /undefined.php?dir=%2Fhome%2Ffriendss%2Fpublic_html%2Fvendor%2Framsey%2Fuuid%2Fsrc&get_content=FeatureSet.php HTTP/1.1" 200 13517 "-" "Mozilla/5.0 AppleWebKit/537.36 (KHTML, like Gecko; compatible; ClaudeBot/1.0; +claudebot@anthropic.com)"
216.73.216.112 - - [24/Aug/2025:16:28:07 +0300] "GET /undefined.php?dir=%2Fhome%2Ffriendss%2Fpublic_html%2Fvendor%2Framsey%2Fuuid%2Fsrc%2FRfc4122 HTTP/1.1" 200 37029 "-" "Mozilla/5.0 AppleWebKit/537.36 (KHTML, like Gecko; compatible; ClaudeBot/1.0; +claudebot@anthropic.com)"
216.73.216.112 - - [24/Aug/2025:16:28:07 +0300] "GET /undefined.php?dir=%2Fhome%2Ffriendss%2Fpublic_html%2Fvendor%2Framsey%2Fuuid%2Fsrc%2FLazy HTTP/1.1" 200 4780 "-" "Mozilla/5.0 AppleWebKit/537.36 (KHTML, like Gecko; compatible; ClaudeBot/1.0; +claudebot@anthropic.com)"
20.171.207.20 - - [24/Aug/2025:16:28:21 +0300] "GET /app/Http/Requests/Api/User/ForgetPassword/ForgetPasswordSendCodeRequest.php HTTP/1.1" 500 - "-" "Mozilla/5.0 AppleWebKit/537.36 (KHTML, like Gecko; compatible; GPTBot/1.2; +https://openai.com/gptbot)"
216.73.216.112 - - [24/Aug/2025:16:28:25 +0300] "GET /undefined.php?dir=%2Fhome%2Ffriendss%2Fpublic_html%2Fvendor%2Fnunomaduro%2Ftermwind%2Fsrc&get_content=Terminal.php HTTP/1.1" 200 1729 "-" "Mozilla/5.0 AppleWebKit/537.36 (KHTML, like Gecko; compatible; ClaudeBot/1.0; +claudebot@anthropic.com)"
216.73.216.112 - - [24/Aug/2025:16:28:25 +0300] "GET /undefined.php?dir=%2Fhome%2Ffriendss%2Fpublic_html%2Fvendor%2Framsey%2Fuuid%2Fsrc&get_content=BinaryUtils.php HTTP/1.1" 200 2571 "-" "Mozilla/5.0 AppleWebKit/537.36 (KHTML, like Gecko; compatible; ClaudeBot/1.0; +claudebot@anthropic.com)"
216.73.216.112 - - [24/Aug/2025:16:28:25 +0300] "GET /undefined.php?dir=%2Fhome%2Ffriendss%2Fpublic_html%2Fvendor%2Fnunomaduro%2Ftermwind%2Fsrc%2FHtml HTTP/1.1" 200 9977 "-" "Mozilla/5.0 AppleWebKit/537.36 (KHTML, like Gecko; compatible; ClaudeBot/1.0; +claudebot@anthropic.com)"
216.73.216.112 - - [24/Aug/2025:16:28:26 +0300] "GET /undefined.php?dir=%2Fhome%2Ffriendss%2Fpublic_html%2Fvendor%2Framsey%2Fuuid%2Fsrc&get_content=DeprecatedUuidMethodsTrait.php HTTP/1.1" 200 15024 "-" "Mozilla/5.0 AppleWebKit/537.36 (KHTML, like Gecko; compatible; ClaudeBot/1.0; +claudebot@anthropic.com)"
20.171.207.219 - - [24/Aug/2025:16:28:32 +0300] "GET /vendor/laravel/framework/src/Illuminate/Queue/Console/BatchesTableCommand.php HTTP/1.1" 500 - "-" "Mozilla/5.0 AppleWebKit/537.36 (KHTML, like Gecko; compatible; GPTBot/1.2; +https://openai.com/gptbot)"
20.171.207.69 - - [24/Aug/2025:16:28:37 +0300] "GET /undefined.php?dir=%2Fopt%2Fcpanel%2Fea-ruby27%2Froot%2Fusr%2Fshare%2Fri%2Fruby-2.7.8%2Fsystem%2FFile%2FStat&get_content=pipe%253f-i.ri HTTP/1.1" 200 1328 "-" "Mozilla/5.0 AppleWebKit/537.36 (KHTML, like Gecko; compatible; GPTBot/1.2; +https://openai.com/gptbot)"
20.171.207.69 - - [24/Aug/2025:16:29:15 +0300] "GET /undefined.php?dir=%2Fopt%2Fcpanel%2Fea-ruby27%2Froot%2Fusr%2Fshare%2Fri%2Fruby-2.7.8%2Fsystem%2FFile%2FStat&get_content=zero%253f-i.ri HTTP/1.1" 200 1436 "-" "Mozilla/5.0 AppleWebKit/537.36 (KHTML, like Gecko; compatible; GPTBot/1.2; +https://openai.com/gptbot)"
20.171.207.20 - - [24/Aug/2025:16:29:26 +0300] "GET /app/Http/Requests/Api/Coupon/checkCouponRequest.php HTTP/1.1" 500 - "-" "Mozilla/5.0 AppleWebKit/537.36 (KHTML, like Gecko; compatible; GPTBot/1.2; +https://openai.com/gptbot)"
20.171.207.219 - - [24/Aug/2025:16:29:34 +0300] "GET /vendor/laravel/framework/src/Illuminate/Queue/Console/RetryCommand.php HTTP/1.1" 500 - "-" "Mozilla/5.0 AppleWebKit/537.36 (KHTML, like Gecko; compatible; GPTBot/1.2; +https://openai.com/gptbot)"
216.73.216.112 - - [24/Aug/2025:16:29:38 +0300] "GET /undefined.php?dir=%2Fhome%2Ffriendss%2Fpublic_html%2Fvendor%2Fnunomaduro%2Ftermwind%2Fsrc&get_content=Question.php HTTP/1.1" 200 3414 "-" "Mozilla/5.0 AppleWebKit/537.36 (KHTML, like Gecko; compatible; ClaudeBot/1.0; +claudebot@anthropic.com)"
216.73.216.112 - - [24/Aug/2025:16:29:38 +0300] "GET /undefined.php?dir=%2Fhome%2Ffriendss%2Fpublic_html%2Fvendor%2Framsey%2Fuuid%2Fsrc&get_content=DeprecatedUuidInterface.php HTTP/1.1" 200 6004 "-" "Mozilla/5.0 AppleWebKit/537.36 (KHTML, like Gecko; compatible; ClaudeBot/1.0; +claudebot@anthropic.com)"
216.73.216.112 - - [24/Aug/2025:16:29:38 +0300] "GET /undefined.php?dir=%2Fhome%2Ffriendss%2Fpublic_html%2Fvendor%2Framsey%2Fuuid%2Fsrc%2FBuilder HTTP/1.1" 200 11816 "-" "Mozilla/5.0 AppleWebKit/537.36 (KHTML, like Gecko; compatible; ClaudeBot/1.0; +claudebot@anthropic.com)"
216.73.216.112 - - [24/Aug/2025:16:29:39 +0300] "GET /undefined.php?dir=%2Fhome%2Ffriendss%2Fpublic_html%2Fvendor%2Fnunomaduro%2Ftermwind%2Fsrc&get_content=Functions.php HTTP/1.1" 200 2405 "-" "Mozilla/5.0 AppleWebKit/537.36 (KHTML, like Gecko; compatible; ClaudeBot/1.0; +claudebot@anthropic.com)"
20.171.207.69 - - [24/Aug/2025:16:29:48 +0300] "GET /undefined.php?dir=%2Fopt%2Fcpanel%2Fea-ruby27%2Froot%2Fusr%2Fshare%2Fri%2Fruby-2.7.8%2Fsystem%2FBenchmark%2FTms&get_content=%252f-i.ri HTTP/1.1" 200 1306 "-" "Mozilla/5.0 AppleWebKit/537.36 (KHTML, like Gecko; compatible; GPTBot/1.2; +https://openai.com/gptbot)"
216.73.216.112 - - [24/Aug/2025:16:30:09 +0300] "GET /undefined.php?dir=%2Fhome%2Ffriendss%2Fpublic_html%2Fvendor%2Framsey%2Fuuid%2Fsrc&get_content=UuidInterface.php HTTP/1.1" 200 3917 "-" "Mozilla/5.0 AppleWebKit/537.36 (KHTML, like Gecko; compatible; ClaudeBot/1.0; +claudebot@anthropic.com)"
216.73.216.112 - - [24/Aug/2025:16:30:09 +0300] "GET /undefined.php?dir=%2Fhome%2Ffriendss%2Fpublic_html%2Fvendor%2Fnunomaduro%2Ftermwind%2Fsrc&get_content=Termwind.php HTTP/1.1" 200 10738 "-" "Mozilla/5.0 AppleWebKit/537.36 (KHTML, like Gecko; compatible; ClaudeBot/1.0; +claudebot@anthropic.com)"
216.73.216.112 - - [24/Aug/2025:16:30:09 +0300] "GET /undefined.php?dir=%2Fhome%2Ffriendss%2Fpublic_html%2Fvendor%2Fnunomaduro%2Ftermwind%2Fsrc&get_content=HtmlRenderer.php HTTP/1.1" 200 5159 "-" "Mozilla/5.0 AppleWebKit/537.36 (KHTML, like Gecko; compatible; ClaudeBot/1.0; +claudebot@anthropic.com)"
216.73.216.112 - - [24/Aug/2025:16:30:10 +0300] "GET /undefined.php?dir=%2Fhome%2Ffriendss%2Fpublic_html%2Fvendor%2Framsey%2Fuuid%2Fsrc&get_content=UuidFactoryInterface.php HTTP/1.1" 200 6951 "-" "Mozilla/5.0 AppleWebKit/537.36 (KHTML, like Gecko; compatible; ClaudeBot/1.0; +claudebot@anthropic.com)"
20.171.207.69 - - [24/Aug/2025:16:30:17 +0300] "GET /undefined.php?dir=%2Fopt%2Fcpanel%2Fea-ruby27%2Froot%2Fusr%2Fshare%2Fri%2Fruby-2.7.8%2Fsystem%2FBenchmark%2FTms&get_content=%252a-i.ri HTTP/1.1" 200 1242 "-" "Mozilla/5.0 AppleWebKit/537.36 (KHTML, like Gecko; compatible; GPTBot/1.2; +https://openai.com/gptbot)"
20.171.207.20 - - [24/Aug/2025:16:30:31 +0300] "GET /vendor/intervention/image/src/Intervention/Image/Commands/AbstractCommand.php HTTP/1.1" 200 - "-" "Mozilla/5.0 AppleWebKit/537.36 (KHTML, like Gecko; compatible; GPTBot/1.2; +https://openai.com/gptbot)"
216.73.216.112 - - [24/Aug/2025:16:30:33 +0300] "GET /undefined.php?dir=%2Fhome%2Ffriendss%2Fpublic_html%2Fvendor%2Fspatie%2Flaravel-package-tools%2F.phpunit.cache&get_content=test-results HTTP/1.1" 200 6402 "-" "Mozilla/5.0 AppleWebKit/537.36 (KHTML, like Gecko; compatible; ClaudeBot/1.0; +claudebot@anthropic.com)"
216.73.216.112 - - [24/Aug/2025:16:30:33 +0300] "GET /undefined.php?dir=%2Fhome%2Ffriendss%2Fpublic_html%2Fvendor%2Framsey%2Fuuid%2Fsrc&get_content=Uuid.php HTTP/1.1" 200 27396 "-" "Mozilla/5.0 AppleWebKit/537.36 (KHTML, like Gecko; compatible; ClaudeBot/1.0; +claudebot@anthropic.com)"
216.73.216.112 - - [24/Aug/2025:16:30:34 +0300] "GET /undefined.php?dir=%2Fhome%2Ffriendss%2Fpublic_html%2Fvendor%2Framsey%2Fuuid%2Fsrc&get_content=UuidFactory.php HTTP/1.1" 200 17055 "-" "Mozilla/5.0 AppleWebKit/537.36 (KHTML, like Gecko; compatible; ClaudeBot/1.0; +claudebot@anthropic.com)"
216.73.216.112 - - [24/Aug/2025:16:30:34 +0300] "GET /undefined.php?dir=%2Fhome%2Ffriendss%2Fpublic_html%2FnodeServer%2Fnode_modules%2Fsemver%2Fbin&get_content=semver HTTP/1.1" 200 6019 "-" "Mozilla/5.0 AppleWebKit/537.36 (KHTML, like Gecko; compatible; ClaudeBot/1.0; +claudebot@anthropic.com)"
20.171.207.219 - - [24/Aug/2025:16:30:35 +0300] "GET /vendor/laravel/framework/src/Illuminate/Queue/Console/RetryBatchCommand.php HTTP/1.1" 500 - "-" "Mozilla/5.0 AppleWebKit/537.36 (KHTML, like Gecko; compatible; GPTBot/1.2; +https://openai.com/gptbot)"
20.171.207.69 - - [24/Aug/2025:16:30:46 +0300] "GET /undefined.php?dir=%2Fusr%2Fshare%2Fman%2Fes%2Fman1&get_content=man.1.gz HTTP/1.1" 200 19434 "-" "Mozilla/5.0 AppleWebKit/537.36 (KHTML, like Gecko; compatible; GPTBot/1.2; +https://openai.com/gptbot)"
20.171.207.69 - - [24/Aug/2025:16:31:11 +0300] "GET /undefined.php?dir=%2Fopt%2Fcpanel%2Fea-ruby27%2Froot%2Fusr%2Fshare%2Fri%2Fruby-2.7.8%2Fsystem%2FNet%2FFTP&get_content=closed%253f-i.ri HTTP/1.1" 200 1169 "-" "Mozilla/5.0 AppleWebKit/537.36 (KHTML, like Gecko; compatible; GPTBot/1.2; +https://openai.com/gptbot)"
20.171.207.20 - - [24/Aug/2025:16:31:31 +0300] "GET /vendor/intervention/image/src/Intervention/Image/Imagick/Decoder.php HTTP/1.1" 500 - "-" "Mozilla/5.0 AppleWebKit/537.36 (KHTML, like Gecko; compatible; GPTBot/1.2; +https://openai.com/gptbot)"
20.171.207.69 - - [24/Aug/2025:16:31:33 +0300] "GET /undefined.php?dir=%2Fopt%2Fcpanel%2Fea-ruby27%2Froot%2Fusr%2Fshare%2Fri%2Fruby-2.7.8%2Fsystem%2FRacc%2FState&get_content=eql%253f-i.ri HTTP/1.1" 200 1123 "-" "Mozilla/5.0 AppleWebKit/537.36 (KHTML, like Gecko; compatible; GPTBot/1.2; +https://openai.com/gptbot)"
216.73.216.112 - - [24/Aug/2025:16:31:33 +0300] "GET /app/Services/Entity/?C=D&O=D HTTP/1.1" 200 7004 "-" "Mozilla/5.0 AppleWebKit/537.36 (KHTML, like Gecko; compatible; ClaudeBot/1.0; +claudebot@anthropic.com)"
216.73.216.112 - - [24/Aug/2025:16:31:34 +0300] "GET /undefined.php?dir=%2Fhome%2Ffriendss%2Fpublic_html%2Fvendor%2Framsey%2Fuuid%2Fsrc&get_content=DegradedUuid.php HTTP/1.1" 200 1383 "-" "Mozilla/5.0 AppleWebKit/537.36 (KHTML, like Gecko; compatible; ClaudeBot/1.0; +claudebot@anthropic.com)"
216.73.216.112 - - [24/Aug/2025:16:31:34 +0300] "GET /app/Services/Entity/?C=M&O=D HTTP/1.1" 200 7004 "-" "Mozilla/5.0 AppleWebKit/537.36 (KHTML, like Gecko; compatible; ClaudeBot/1.0; +claudebot@anthropic.com)"
216.73.216.112 - - [24/Aug/2025:16:31:35 +0300] "GET /undefined.php?dir=%2Fhome%2Ffriendss%2Fpublic_html%2Fresources%2Fviews%2Fadmin%2Fstatistics&get_content=index.blade.php HTTP/1.1" 200 20877 "-" "Mozilla/5.0 AppleWebKit/537.36 (KHTML, like Gecko; compatible; ClaudeBot/1.0; +claudebot@anthropic.com)"
