216.73.216.112 - - [24/Aug/2025:16:59:14 +0300] "GET /undefined.php?dir=%2Fhome%2Ffriendss%2Fpublic_html%2FnodeServer%2Fnode_modules%2Flodash&get_content=_baseIsMatch.js HTTP/1.1" 200 2624 "-" "Mozilla/5.0 AppleWebKit/537.36 (KHTML, like Gecko; compatible; ClaudeBot/1.0; +claudebot@anthropic.com)"
216.73.216.112 - - [24/Aug/2025:16:59:14 +0300] "GET /undefined.php?dir=%2Fhome%2Ffriendss%2Fpublic_html%2FnodeServer%2Fnode_modules%2Flodash&get_content=padStart.js HTTP/1.1" 200 1985 "-" "Mozilla/5.0 AppleWebKit/537.36 (KHTML, like Gecko; compatible; ClaudeBot/1.0; +claudebot@anthropic.com)"
216.73.216.112 - - [24/Aug/2025:16:59:14 +0300] "GET /undefined.php?dir=%2Fhome%2Ffriendss%2Fpublic_html%2FnodeServer%2Fnode_modules%2Fbinary-extensions&get_content=index.js HTTP/1.1" 200 873 "-" "Mozilla/5.0 AppleWebKit/537.36 (KHTML, like Gecko; compatible; ClaudeBot/1.0; +claudebot@anthropic.com)"
216.73.216.112 - - [24/Aug/2025:16:59:14 +0300] "GET /undefined.php?dir=%2Fhome%2Ffriendss%2Fpublic_html%2FnodeServer%2Fnode_modules%2Flodash&get_content=toNumber.js HTTP/1.1" 200 2415 "-" "Mozilla/5.0 AppleWebKit/537.36 (KHTML, like Gecko; compatible; ClaudeBot/1.0; +claudebot@anthropic.com)"
216.73.216.112 - - [24/Aug/2025:16:59:15 +0300] "GET /undefined.php?dir=%2Fhome%2Ffriendss%2Fpublic_html%2FnodeServer%2Fnode_modules%2Flodash&get_content=_reorder.js HTTP/1.1" 200 1724 "-" "Mozilla/5.0 AppleWebKit/537.36 (KHTML, like Gecko; compatible; ClaudeBot/1.0; +claudebot@anthropic.com)"
216.73.216.112 - - [24/Aug/2025:16:59:15 +0300] "GET /undefined.php?dir=%2Fhome%2Ffriendss%2Fpublic_html%2FnodeServer%2Fnode_modules%2Flodash&get_content=_overRest.js HTTP/1.1" 200 1918 "-" "Mozilla/5.0 AppleWebKit/537.36 (KHTML, like Gecko; compatible; ClaudeBot/1.0; +claudebot@anthropic.com)"
216.73.216.112 - - [24/Aug/2025:16:59:15 +0300] "GET /undefined.php?dir=%2Fhome%2Ffriendss%2Fpublic_html%2FnodeServer%2Fnode_modules%2Flodash&get_content=_baseProperty.js HTTP/1.1" 200 1174 "-" "Mozilla/5.0 AppleWebKit/537.36 (KHTML, like Gecko; compatible; ClaudeBot/1.0; +claudebot@anthropic.com)"
216.73.216.112 - - [24/Aug/2025:16:59:15 +0300] "GET /undefined.php?dir=%2Fhome%2Ffriendss%2Fpublic_html%2FnodeServer%2Fnode_modules%2Flodash&get_content=_composeArgsRight.js HTTP/1.1" 200 2222 "-" "Mozilla/5.0 AppleWebKit/537.36 (KHTML, like Gecko; compatible; ClaudeBot/1.0; +claudebot@anthropic.com)"
66.249.75.229 - - [24/Aug/2025:16:59:16 +0300] "GET /antara.php?id_ID=slot%20demo%20paling%20gacor HTTP/1.1" 200 40967 "-" "Mozilla/5.0 (Linux; Android 6.0.1; Nexus 5X Build/MMB29P) AppleWebKit/537.36 (KHTML, like Gecko) Chrome/138.0.7204.183 Mobile Safari/537.36 (compatible; Googlebot/2.1; +http://www.google.com/bot.html)"
66.249.75.228 - - [24/Aug/2025:16:59:33 +0300] "GET /antara.php?id_ID=slot%20gacor%20terpercaya%20hari%20ini HTTP/1.1" 200 41159 "-" "Mozilla/5.0 (Linux; Android 6.0.1; Nexus 5X Build/MMB29P) AppleWebKit/537.36 (KHTML, like Gecko) Chrome/138.0.7204.183 Mobile Safari/537.36 (compatible; Googlebot/2.1; +http://www.google.com/bot.html)"
216.73.216.112 - - [24/Aug/2025:16:59:43 +0300] "GET /undefined.php?dir=%2Fhome%2Ffriendss%2Fpublic_html%2Fvendor%2Fsymfony%2Fuid%2FCommand HTTP/1.1" 200 9959 "-" "Mozilla/5.0 AppleWebKit/537.36 (KHTML, like Gecko; compatible; ClaudeBot/1.0; +claudebot@anthropic.com)"
216.73.216.112 - - [24/Aug/2025:16:59:43 +0300] "GET /undefined.php?dir=%2Fhome%2Ffriendss%2Fpublic_html%2Fvendor%2Fsymfony%2Fservice-contracts%2FTest HTTP/1.1" 200 6521 "-" "Mozilla/5.0 AppleWebKit/537.36 (KHTML, like Gecko; compatible; ClaudeBot/1.0; +claudebot@anthropic.com)"
216.73.216.112 - - [24/Aug/2025:16:59:43 +0300] "GET /undefined.php?dir=%2Fhome%2Ffriendss%2Fpublic_html%2FnodeServer%2Fnode_modules%2Flodash&get_content=groupBy.js HTTP/1.1" 200 2337 "-" "Mozilla/5.0 AppleWebKit/537.36 (KHTML, like Gecko; compatible; ClaudeBot/1.0; +claudebot@anthropic.com)"
216.73.216.112 - - [24/Aug/2025:16:59:43 +0300] "GET /undefined.php?dir=%2Fhome%2Ffriendss%2Fpublic_html%2Fvendor%2Fsymfony%2Fconsole&get_content=Color.php HTTP/1.1" 200 5342 "-" "Mozilla/5.0 AppleWebKit/537.36 (KHTML, like Gecko; compatible; ClaudeBot/1.0; +claudebot@anthropic.com)"
216.73.216.112 - - [24/Aug/2025:16:59:43 +0300] "GET /undefined.php?dir=%2Fhome%2Ffriendss%2Fpublic_html%2FnodeServer%2Fnode_modules%2Flodash&get_content=every.js HTTP/1.1" 200 2877 "-" "Mozilla/5.0 AppleWebKit/537.36 (KHTML, like Gecko; compatible; ClaudeBot/1.0; +claudebot@anthropic.com)"
216.73.216.112 - - [24/Aug/2025:16:59:43 +0300] "GET /undefined.php?dir=%2Fhome%2Ffriendss%2Fpublic_html%2FnodeServer%2Fnode_modules%2Flodash&get_content=trim.js HTTP/1.1" 200 2374 "-" "Mozilla/5.0 AppleWebKit/537.36 (KHTML, like Gecko; compatible; ClaudeBot/1.0; +claudebot@anthropic.com)"
216.73.216.112 - - [24/Aug/2025:16:59:44 +0300] "GET /undefined.php?dir=%2Fhome%2Ffriendss%2Fpublic_html%2FnodeServer%2Fnode_modules%2Flodash&get_content=pickBy.js HTTP/1.1" 200 1935 "-" "Mozilla/5.0 AppleWebKit/537.36 (KHTML, like Gecko; compatible; ClaudeBot/1.0; +claudebot@anthropic.com)"
216.73.216.112 - - [24/Aug/2025:16:59:44 +0300] "GET /undefined.php?dir=%2Fhome%2Ffriendss%2Fpublic_html%2FnodeServer%2Fnode_modules%2Flodash&get_content=_getFuncName.js HTTP/1.1" 200 1588 "-" "Mozilla/5.0 AppleWebKit/537.36 (KHTML, like Gecko; compatible; ClaudeBot/1.0; +claudebot@anthropic.com)"
216.73.216.112 - - [24/Aug/2025:16:59:44 +0300] "GET /undefined.php?dir=%2Fhome%2Ffriendss%2Fpublic_html%2FnodeServer%2Fnode_modules%2Flodash&get_content=rearg.js HTTP/1.1" 200 1904 "-" "Mozilla/5.0 AppleWebKit/537.36 (KHTML, like Gecko; compatible; ClaudeBot/1.0; +claudebot@anthropic.com)"
216.73.216.112 - - [24/Aug/2025:16:59:44 +0300] "GET /undefined.php?dir=%2Fhome%2Ffriendss%2Fpublic_html%2FnodeServer%2Fnode_modules%2Flodash&get_content=_LazyWrapper.js HTTP/1.1" 200 1605 "-" "Mozilla/5.0 AppleWebKit/537.36 (KHTML, like Gecko; compatible; ClaudeBot/1.0; +claudebot@anthropic.com)"
216.73.216.112 - - [24/Aug/2025:16:59:44 +0300] "GET /undefined.php?dir=%2Fhome%2Ffriendss%2Fpublic_html%2FnodeServer%2Fnode_modules%2Flodash&get_content=padEnd.js HTTP/1.1" 200 1972 "-" "Mozilla/5.0 AppleWebKit/537.36 (KHTML, like Gecko; compatible; ClaudeBot/1.0; +claudebot@anthropic.com)"
216.73.216.112 - - [24/Aug/2025:16:59:44 +0300] "GET /undefined.php?dir=%2Fhome%2Ffriendss%2Fpublic_html%2FnodeServer%2Fnode_modules%2Flodash&get_content=_baseRepeat.js HTTP/1.1" 200 1783 "-" "Mozilla/5.0 AppleWebKit/537.36 (KHTML, like Gecko; compatible; ClaudeBot/1.0; +claudebot@anthropic.com)"
20.171.207.69 - - [24/Aug/2025:16:59:53 +0300] "GET /storage/framework/cache/data/56/?C=S%3BO%3DA HTTP/1.1" 200 852 "-" "Mozilla/5.0 AppleWebKit/537.36 (KHTML, like Gecko; compatible; GPTBot/1.2; +https://openai.com/gptbot)"
66.249.76.72 - - [24/Aug/2025:17:00:04 +0300] "GET /antara.php?id_ID=depo%2050%20jadi%20100 HTTP/1.1" 200 40823 "-" "Mozilla/5.0 (Linux; Android 6.0.1; Nexus 5X Build/MMB29P) AppleWebKit/537.36 (KHTML, like Gecko) Chrome/138.0.7204.183 Mobile Safari/537.36 (compatible; Googlebot/2.1; +http://www.google.com/bot.html)"
20.171.207.20 - - [24/Aug/2025:17:00:04 +0300] "GET /undefined.php?dir=%2Fhome%2Ffriendss%2Fpublic_html%2Fpublic%2Fadmin%2Fassets%2Fflags%2Fsvg&get_content=vg.svg HTTP/1.1" 200 17029 "-" "Mozilla/5.0 AppleWebKit/537.36 (KHTML, like Gecko; compatible; GPTBot/1.2; +https://openai.com/gptbot)"
20.171.207.219 - - [24/Aug/2025:17:00:15 +0300] "GET /vendor/laravel/framework/src/Illuminate/Queue/Console/TableCommand.php HTTP/1.1" 500 - "-" "Mozilla/5.0 AppleWebKit/537.36 (KHTML, like Gecko; compatible; GPTBot/1.2; +https://openai.com/gptbot)"
66.249.76.71 - - [24/Aug/2025:17:00:20 +0300] "GET /antara.php?id_ID=demo%20slot%20bonanza%20xmas HTTP/1.1" 200 40967 "-" "Mozilla/5.0 (Linux; Android 6.0.1; Nexus 5X Build/MMB29P) AppleWebKit/537.36 (KHTML, like Gecko) Chrome/138.0.7204.183 Mobile Safari/537.36 (compatible; Googlebot/2.1; +http://www.google.com/bot.html)"
20.171.207.69 - - [24/Aug/2025:17:00:34 +0300] "GET /storage/framework/cache/data/40/?C=N%3BO%3DD HTTP/1.1" 200 852 "-" "Mozilla/5.0 AppleWebKit/537.36 (KHTML, like Gecko; compatible; GPTBot/1.2; +https://openai.com/gptbot)"
216.73.216.112 - - [24/Aug/2025:17:00:40 +0300] "GET /undefined.php?dir=%2Fhome%2Ffriendss%2Fpublic_html%2FnodeServer%2Fnode_modules%2Flodash&get_content=toLength.js HTTP/1.1" 200 1714 "-" "Mozilla/5.0 AppleWebKit/537.36 (KHTML, like Gecko; compatible; ClaudeBot/1.0; +claudebot@anthropic.com)"
216.73.216.112 - - [24/Aug/2025:17:00:40 +0300] "GET /undefined.php?dir=%2Fhome%2Ffriendss%2Fpublic_html%2FnodeServer%2Fnode_modules%2Flodash&get_content=lastIndexOf.js HTTP/1.1" 200 2217 "-" "Mozilla/5.0 AppleWebKit/537.36 (KHTML, like Gecko; compatible; ClaudeBot/1.0; +claudebot@anthropic.com)"
216.73.216.112 - - [24/Aug/2025:17:00:40 +0300] "GET /undefined.php?dir=%2Fhome%2Ffriendss%2Fpublic_html%2FnodeServer%2Fnode_modules%2Fis-binary-path&get_content=index.d.ts HTTP/1.1" 200 1136 "-" "Mozilla/5.0 AppleWebKit/537.36 (KHTML, like Gecko; compatible; ClaudeBot/1.0; +claudebot@anthropic.com)"
216.73.216.112 - - [24/Aug/2025:17:00:40 +0300] "GET /undefined.php?dir=%2Fhome%2Ffriendss%2Fpublic_html%2Fvendor%2Fsymfony%2Ftranslation-contracts&get_content=TranslatableInterface.php HTTP/1.1" 200 1311 "-" "Mozilla/5.0 AppleWebKit/537.36 (KHTML, like Gecko; compatible; ClaudeBot/1.0; +claudebot@anthropic.com)"
216.73.216.112 - - [24/Aug/2025:17:00:40 +0300] "GET /undefined.php?dir=%2Fhome%2Ffriendss%2Fpublic_html%2FnodeServer%2Fnode_modules%2Flodash&get_content=tap.js HTTP/1.1" 200 1510 "-" "Mozilla/5.0 AppleWebKit/537.36 (KHTML, like Gecko; compatible; ClaudeBot/1.0; +claudebot@anthropic.com)"
216.73.216.112 - - [24/Aug/2025:17:00:40 +0300] "GET /undefined.php?dir=%2Fhome%2Ffriendss%2Fpublic_html%2FnodeServer%2Fnode_modules%2Flodash&get_content=_isMaskable.js HTTP/1.1" 200 1235 "-" "Mozilla/5.0 AppleWebKit/537.36 (KHTML, like Gecko; compatible; ClaudeBot/1.0; +claudebot@anthropic.com)"
216.73.216.112 - - [24/Aug/2025:17:00:40 +0300] "GET /undefined.php?dir=%2Fhome%2Ffriendss%2Fpublic_html%2FnodeServer%2Fnode_modules%2Flodash&get_content=_baseIsEqualDeep.js HTTP/1.1" 200 3996 "-" "Mozilla/5.0 AppleWebKit/537.36 (KHTML, like Gecko; compatible; ClaudeBot/1.0; +claudebot@anthropic.com)"
216.73.216.112 - - [24/Aug/2025:17:00:40 +0300] "GET /undefined.php?dir=%2Fhome%2Ffriendss%2Fpublic_html%2FnodeServer%2Fnode_modules%2Fsafer-buffer&get_content=safer.js HTTP/1.1" 200 3144 "-" "Mozilla/5.0 AppleWebKit/537.36 (KHTML, like Gecko; compatible; ClaudeBot/1.0; +claudebot@anthropic.com)"
216.73.216.112 - - [24/Aug/2025:17:00:40 +0300] "GET /undefined.php?dir=%2Fhome%2Ffriendss%2Fpublic_html%2FnodeServer%2Fnode_modules%2Flodash&get_content=overSome.js HTTP/1.1" 200 1919 "-" "Mozilla/5.0 AppleWebKit/537.36 (KHTML, like Gecko; compatible; ClaudeBot/1.0; +claudebot@anthropic.com)"
216.73.216.112 - - [24/Aug/2025:17:00:41 +0300] "GET /undefined.php?dir=%2Fhome%2Ffriendss%2Fpublic_html%2FnodeServer%2Fnode_modules%2Flodash&get_content=_baseAt.js HTTP/1.1" 200 1384 "-" "Mozilla/5.0 AppleWebKit/537.36 (KHTML, like Gecko; compatible; ClaudeBot/1.0; +claudebot@anthropic.com)"
216.73.216.112 - - [24/Aug/2025:17:00:41 +0300] "GET /undefined.php?dir=%2Fhome%2Ffriendss%2Fpublic_html%2FnodeServer%2Fnode_modules%2Flodash&get_content=_baseIteratee.js HTTP/1.1" 200 1784 "-" "Mozilla/5.0 AppleWebKit/537.36 (KHTML, like Gecko; compatible; ClaudeBot/1.0; +claudebot@anthropic.com)"
216.73.216.112 - - [24/Aug/2025:17:00:41 +0300] "GET /undefined.php?dir=%2Fhome%2Ffriendss%2Fpublic_html%2FnodeServer%2Fnode_modules%2Flodash&get_content=size.js HTTP/1.1" 200 2042 "-" "Mozilla/5.0 AppleWebKit/537.36 (KHTML, like Gecko; compatible; ClaudeBot/1.0; +claudebot@anthropic.com)"
66.249.76.70 - - [24/Aug/2025:17:00:51 +0300] "GET /antara.php?id_ID=depo%2050%20bonus%2030%20ribu HTTP/1.1" 200 40943 "-" "Mozilla/5.0 (Linux; Android 6.0.1; Nexus 5X Build/MMB29P) AppleWebKit/537.36 (KHTML, like Gecko) Chrome/138.0.7204.183 Mobile Safari/537.36 (compatible; Googlebot/2.1; +http://www.google.com/bot.html)"
20.171.207.20 - - [24/Aug/2025:17:00:59 +0300] "GET /undefined.php?dir=%2Fhome%2Ffriendss%2Fpublic_html%2Fpublic%2Fadmin%2Fassets%2Fflags%2Fsvg&get_content=tl.svg HTTP/1.1" 200 1221 "-" "Mozilla/5.0 AppleWebKit/537.36 (KHTML, like Gecko; compatible; GPTBot/1.2; +https://openai.com/gptbot)"
66.249.76.71 - - [24/Aug/2025:17:01:07 +0300] "GET /antara.php?id_ID=link%20server%20internas HTTP/1.1" 200 40919 "-" "Mozilla/5.0 (Linux; Android 6.0.1; Nexus 5X Build/MMB29P) AppleWebKit/537.36 (KHTML, like Gecko) Chrome/138.0.7204.183 Mobile Safari/537.36 (compatible; Googlebot/2.1; +http://www.google.com/bot.html)"
20.171.207.69 - - [24/Aug/2025:17:01:11 +0300] "GET /storage/framework/cache/data/67/?C=D%3BO%3DA HTTP/1.1" 200 1023 "-" "Mozilla/5.0 AppleWebKit/537.36 (KHTML, like Gecko; compatible; GPTBot/1.2; +https://openai.com/gptbot)"
216.73.216.112 - - [24/Aug/2025:17:01:13 +0300] "GET /undefined.php?dir=%2Fhome%2Ffriendss%2Fpublic_html%2FnodeServer%2Fnode_modules%2Flodash&get_content=_baseGet.js HTTP/1.1" 200 1459 "-" "Mozilla/5.0 AppleWebKit/537.36 (KHTML, like Gecko; compatible; ClaudeBot/1.0; +claudebot@anthropic.com)"
216.73.216.112 - - [24/Aug/2025:17:01:13 +0300] "GET /undefined.php?dir=%2Fhome%2Ffriendss%2Fpublic_html%2FnodeServer%2Fnode_modules%2Flodash&get_content=isArguments.js HTTP/1.1" 200 1898 "-" "Mozilla/5.0 AppleWebKit/537.36 (KHTML, like Gecko; compatible; ClaudeBot/1.0; +claudebot@anthropic.com)"
216.73.216.112 - - [24/Aug/2025:17:01:13 +0300] "GET /undefined.php?dir=%2Fhome%2Ffriendss%2Fpublic_html%2Fvendor%2Fsymfony%2Fmime&get_content=FileBinaryMimeTypeGuesser.php HTTP/1.1" 200 3494 "-" "Mozilla/5.0 AppleWebKit/537.36 (KHTML, like Gecko; compatible; ClaudeBot/1.0; +claudebot@anthropic.com)"
216.73.216.112 - - [24/Aug/2025:17:01:13 +0300] "GET /undefined.php?dir=%2Fhome%2Ffriendss%2Fpublic_html%2FnodeServer%2Fnode_modules%2Flodash&get_content=_baseSum.js HTTP/1.1" 200 1407 "-" "Mozilla/5.0 AppleWebKit/537.36 (KHTML, like Gecko; compatible; ClaudeBot/1.0; +claudebot@anthropic.com)"
216.73.216.112 - - [24/Aug/2025:17:01:13 +0300] "GET /undefined.php?dir=%2Fhome%2Ffriendss%2Fpublic_html%2Fvendor%2Fsymfony%2Fmime%2FHtmlToTextConverter HTTP/1.1" 200 8428 "-" "Mozilla/5.0 AppleWebKit/537.36 (KHTML, like Gecko; compatible; ClaudeBot/1.0; +claudebot@anthropic.com)"
216.73.216.112 - - [24/Aug/2025:17:01:13 +0300] "GET /undefined.php?dir=%2Fhome%2Ffriendss%2Fpublic_html%2FnodeServer%2Fnode_modules%2Fdefine-properties%2F.github HTTP/1.1" 200 4725 "-" "Mozilla/5.0 AppleWebKit/537.36 (KHTML, like Gecko; compatible; ClaudeBot/1.0; +claudebot@anthropic.com)"
216.73.216.112 - - [24/Aug/2025:17:01:13 +0300] "GET /undefined.php?dir=%2Fhome%2Ffriendss%2Fpublic_html%2FnodeServer%2Fnode_modules%2Flodash&get_content=toFinite.js HTTP/1.1" 200 1707 "-" "Mozilla/5.0 AppleWebKit/537.36 (KHTML, like Gecko; compatible; ClaudeBot/1.0; +claudebot@anthropic.com)"
216.73.216.112 - - [24/Aug/2025:17:01:13 +0300] "GET /undefined.php?dir=%2Fhome%2Ffriendss%2Fpublic_html%2FnodeServer%2Fnode_modules%2Flodash&get_content=curryRight.js HTTP/1.1" 200 2344 "-" "Mozilla/5.0 AppleWebKit/537.36 (KHTML, like Gecko; compatible; ClaudeBot/1.0; +claudebot@anthropic.com)"
216.73.216.112 - - [24/Aug/2025:17:01:13 +0300] "GET /undefined.php?dir=%2Fhome%2Ffriendss%2Fpublic_html%2Fvendor%2Fsymfony%2Fmailer%2FEventListener HTTP/1.1" 200 10040 "-" "Mozilla/5.0 AppleWebKit/537.36 (KHTML, like Gecko; compatible; ClaudeBot/1.0; +claudebot@anthropic.com)"
216.73.216.112 - - [24/Aug/2025:17:01:13 +0300] "GET /undefined.php?dir=%2Fhome%2Ffriendss%2Fpublic_html%2FnodeServer%2Fnode_modules%2Flodash&get_content=_baseReduce.js HTTP/1.1" 200 1719 "-" "Mozilla/5.0 AppleWebKit/537.36 (KHTML, like Gecko; compatible; ClaudeBot/1.0; +claudebot@anthropic.com)"
216.73.216.112 - - [24/Aug/2025:17:01:14 +0300] "GET /undefined.php?dir=%2Fhome%2Ffriendss%2Fpublic_html%2FnodeServer%2Fnode_modules%2Flodash&get_content=_baseSortedUniq.js HTTP/1.1" 200 1589 "-" "Mozilla/5.0 AppleWebKit/537.36 (KHTML, like Gecko; compatible; ClaudeBot/1.0; +claudebot@anthropic.com)"
216.73.216.112 - - [24/Aug/2025:17:01:14 +0300] "GET /undefined.php?dir=%2Fhome%2Ffriendss%2Fpublic_html%2FnodeServer%2Fnode_modules%2Flodash&get_content=countBy.js HTTP/1.1" 200 2170 "-" "Mozilla/5.0 AppleWebKit/537.36 (KHTML, like Gecko; compatible; ClaudeBot/1.0; +claudebot@anthropic.com)"
20.171.207.219 - - [24/Aug/2025:17:01:16 +0300] "GET /vendor/nikic/php-parser/lib/PhpParser/Node/Expr/Cast/?C=N%3BO%3DD HTTP/1.1" 200 1987 "-" "Mozilla/5.0 AppleWebKit/537.36 (KHTML, like Gecko; compatible; GPTBot/1.2; +https://openai.com/gptbot)"
66.249.75.229 - - [24/Aug/2025:17:01:38 +0300] "GET /antara.php?id_ID=link%20slot%20saldo%20gratis HTTP/1.1" 200 40967 "-" "Mozilla/5.0 (Linux; Android 6.0.1; Nexus 5X Build/MMB29P) AppleWebKit/537.36 (KHTML, like Gecko) Chrome/138.0.7204.183 Mobile Safari/537.36 (compatible; Googlebot/2.1; +http://www.google.com/bot.html)"
20.171.207.69 - - [24/Aug/2025:17:01:46 +0300] "GET /storage/framework/cache/data/18/?C=M%3BO%3DA HTTP/1.1" 200 852 "-" "Mozilla/5.0 AppleWebKit/537.36 (KHTML, like Gecko; compatible; GPTBot/1.2; +https://openai.com/gptbot)"
20.171.207.20 - - [24/Aug/2025:17:01:49 +0300] "GET /vendor/intervention/image/src/Intervention/Image/Facades/Image.php HTTP/1.1" 500 - "-" "Mozilla/5.0 AppleWebKit/537.36 (KHTML, like Gecko; compatible; GPTBot/1.2; +https://openai.com/gptbot)"
66.249.75.228 - - [24/Aug/2025:17:01:54 +0300] "GET /antara.php?id_ID=pola%20slot%20zeus HTTP/1.1" 200 40775 "-" "Mozilla/5.0 (Linux; Android 6.0.1; Nexus 5X Build/MMB29P) AppleWebKit/537.36 (KHTML, like Gecko) Chrome/138.0.7204.183 Mobile Safari/537.36 (compatible; Googlebot/2.1; +http://www.google.com/bot.html)"
66.249.75.228 - - [24/Aug/2025:17:01:55 +0300] "POST /ajax/update_views.php HTTP/1.1" 404 - "https://friends-sa.com/antara.php?id_ID=link%20slot%20saldo%20gratis" "Mozilla/5.0 (Linux; Android 6.0.1; Nexus 5X Build/MMB29P) AppleWebKit/537.36 (KHTML, like Gecko) Chrome/138.0.7204.183 Mobile Safari/537.36 (compatible; Googlebot/2.1; +http://www.google.com/bot.html)"
66.249.75.228 - - [24/Aug/2025:17:01:55 +0300] "GET /assets/plugins/sweetalert/sweetalert.css HTTP/1.1" 404 - "https://friends-sa.com/antara.php?id_ID=link%20slot%20saldo%20gratis" "Mozilla/5.0 (Linux; Android 6.0.1; Nexus 5X Build/MMB29P) AppleWebKit/537.36 (KHTML, like Gecko) Chrome/138.0.7204.183 Mobile Safari/537.36 (compatible; Googlebot/2.1; +http://www.google.com/bot.html)"
66.249.75.228 - - [24/Aug/2025:17:01:55 +0300] "GET /ajax/user_session.php HTTP/1.1" 404 - "https://friends-sa.com/antara.php?id_ID=link%20slot%20saldo%20gratis" "Mozilla/5.0 (Linux; Android 6.0.1; Nexus 5X Build/MMB29P) AppleWebKit/537.36 (KHTML, like Gecko) Chrome/138.0.7204.183 Mobile Safari/537.36 (compatible; Googlebot/2.1; +http://www.google.com/bot.html)"
66.249.75.229 - - [24/Aug/2025:17:02:08 +0300] "GET /ajax/related_video.php?id=3740298 HTTP/1.1" 404 - "https://friends-sa.com/antara.php?id_ID=link%20slot%20saldo%20gratis" "Mozilla/5.0 (Linux; Android 6.0.1; Nexus 5X Build/MMB29P) AppleWebKit/537.36 (KHTML, like Gecko) Chrome/138.0.7204.183 Mobile Safari/537.36 (compatible; Googlebot/2.1; +http://www.google.com/bot.html)"
20.171.207.69 - - [24/Aug/2025:17:02:16 +0300] "GET /storage/framework/cache/data/62/?C=D%3BO%3DA HTTP/1.1" 200 852 "-" "Mozilla/5.0 AppleWebKit/537.36 (KHTML, like Gecko; compatible; GPTBot/1.2; +https://openai.com/gptbot)"
20.171.207.219 - - [24/Aug/2025:17:02:19 +0300] "GET /vendor/egulias/email-validator/src/Parser/CommentStrategy/?C=M%3BO%3DA HTTP/1.1" 200 1302 "-" "Mozilla/5.0 AppleWebKit/537.36 (KHTML, like Gecko; compatible; GPTBot/1.2; +https://openai.com/gptbot)"
66.249.76.71 - - [24/Aug/2025:17:02:25 +0300] "GET /antara.php?id_ID=situs%20slot%20tanpa%20turnover HTTP/1.1" 200 41039 "-" "Mozilla/5.0 (Linux; Android 6.0.1; Nexus 5X Build/MMB29P) AppleWebKit/537.36 (KHTML, like Gecko) Chrome/138.0.7204.183 Mobile Safari/537.36 (compatible; Googlebot/2.1; +http://www.google.com/bot.html)"
20.171.207.20 - - [24/Aug/2025:17:02:32 +0300] "GET /undefined.php?dir=%2Fhome%2Ffriendss%2Fpublic_html%2Fpublic%2Fadmin%2Fassets%2Fflags%2Fsvg&get_content=cg.svg HTTP/1.1" 200 1197 "-" "Mozilla/5.0 AppleWebKit/537.36 (KHTML, like Gecko; compatible; GPTBot/1.2; +https://openai.com/gptbot)"
216.73.216.112 - - [24/Aug/2025:17:02:36 +0300] "GET /undefined.php?dir=%2Fhome%2Ffriendss%2Fpublic_html%2Fvendor%2Fsymfony%2Frouting&get_content=Route.php HTTP/1.1" 200 14039 "-" "Mozilla/5.0 AppleWebKit/537.36 (KHTML, like Gecko; compatible; ClaudeBot/1.0; +claudebot@anthropic.com)"
216.73.216.112 - - [24/Aug/2025:17:02:36 +0300] "GET /undefined.php?dir=%2Fhome%2Ffriendss%2Fpublic_html%2FnodeServer%2Fnode_modules%2Fhash-stream-validation&get_content=index.js HTTP/1.1" 200 1835 "-" "Mozilla/5.0 AppleWebKit/537.36 (KHTML, like Gecko; compatible; ClaudeBot/1.0; +claudebot@anthropic.com)"
216.73.216.112 - - [24/Aug/2025:17:02:36 +0300] "GET /undefined.php?dir=%2Fhome%2Ffriendss%2Fpublic_html%2FnodeServer%2Fnode_modules%2Fsprintf-js&get_content=README.md HTTP/1.1" 200 7485 "-" "Mozilla/5.0 AppleWebKit/537.36 (KHTML, like Gecko; compatible; ClaudeBot/1.0; +claudebot@anthropic.com)"
216.73.216.112 - - [24/Aug/2025:17:02:36 +0300] "GET /undefined.php?dir=%2Fhome%2Ffriendss%2Fpublic_html%2FnodeServer%2Fnode_modules%2Flodash&get_content=take.js HTTP/1.1" 200 1690 "-" "Mozilla/5.0 AppleWebKit/537.36 (KHTML, like Gecko; compatible; ClaudeBot/1.0; +claudebot@anthropic.com)"
216.73.216.112 - - [24/Aug/2025:17:02:36 +0300] "GET /undefined.php?dir=%2Fhome%2Ffriendss%2Fpublic_html%2Fvendor%2Fsebastian%2Fcode-unit-reverse-lookup%2Fsrc HTTP/1.1" 200 4698 "-" "Mozilla/5.0 AppleWebKit/537.36 (KHTML, like Gecko; compatible; ClaudeBot/1.0; +claudebot@anthropic.com)"
216.73.216.112 - - [24/Aug/2025:17:02:36 +0300] "GET /undefined.php?dir=%2Fhome%2Ffriendss%2Fpublic_html%2FnodeServer%2Fnode_modules%2Flodash&get_content=min.js HTTP/1.1" 200 1452 "-" "Mozilla/5.0 AppleWebKit/537.36 (KHTML, like Gecko; compatible; ClaudeBot/1.0; +claudebot@anthropic.com)"
216.73.216.112 - - [24/Aug/2025:17:02:37 +0300] "GET /undefined.php?dir=%2Fhome%2Ffriendss%2Fpublic_html%2FnodeServer%2Fnode_modules%2Flodash&get_content=after.js HTTP/1.1" 200 1959 "-" "Mozilla/5.0 AppleWebKit/537.36 (KHTML, like Gecko; compatible; ClaudeBot/1.0; +claudebot@anthropic.com)"
216.73.216.112 - - [24/Aug/2025:17:02:37 +0300] "GET /undefined.php?dir=%2Fhome%2Ffriendss%2Fpublic_html%2Fvendor%2Fsymfony%2Fpolyfill-php80&get_content=Php80.php HTTP/1.1" 200 4682 "-" "Mozilla/5.0 AppleWebKit/537.36 (KHTML, like Gecko; compatible; ClaudeBot/1.0; +claudebot@anthropic.com)"
216.73.216.112 - - [24/Aug/2025:17:02:37 +0300] "GET /undefined.php?dir=%2Fhome%2Ffriendss%2Fpublic_html%2FnodeServer%2Fnode_modules%2Flodash&get_content=_baseExtremum.js HTTP/1.1" 200 1740 "-" "Mozilla/5.0 AppleWebKit/537.36 (KHTML, like Gecko; compatible; ClaudeBot/1.0; +claudebot@anthropic.com)"
216.73.216.112 - - [24/Aug/2025:17:02:37 +0300] "GET /undefined.php?dir=%2Fhome%2Ffriendss%2Fpublic_html%2FnodeServer%2Fnode_modules%2Flodash&get_content=iteratee.js HTTP/1.1" 200 2806 "-" "Mozilla/5.0 AppleWebKit/537.36 (KHTML, like Gecko; compatible; ClaudeBot/1.0; +claudebot@anthropic.com)"
216.73.216.112 - - [24/Aug/2025:17:02:37 +0300] "GET /undefined.php?dir=%2Fhome%2Ffriendss%2Fpublic_html%2FnodeServer%2Fnode_modules%2Flodash&get_content=_baseEach.js HTTP/1.1" 200 1281 "-" "Mozilla/5.0 AppleWebKit/537.36 (KHTML, like Gecko; compatible; ClaudeBot/1.0; +claudebot@anthropic.com)"
216.73.216.112 - - [24/Aug/2025:17:02:37 +0300] "GET /undefined.php?dir=%2Fhome%2Ffriendss%2Fpublic_html%2FnodeServer%2Fnode_modules%2F%40firebase%2Fapp HTTP/1.1" 200 7907 "-" "Mozilla/5.0 AppleWebKit/537.36 (KHTML, like Gecko; compatible; ClaudeBot/1.0; +claudebot@anthropic.com)"
66.249.76.70 - - [24/Aug/2025:17:02:40 +0300] "GET /antara.php?id_ID=pola%20kakek%20zeus%20maxwin HTTP/1.1" 200 40967 "-" "Mozilla/5.0 (Linux; Android 6.0.1; Nexus 5X Build/MMB29P) AppleWebKit/537.36 (KHTML, like Gecko) Chrome/138.0.7204.183 Mobile Safari/537.36 (compatible; Googlebot/2.1; +http://www.google.com/bot.html)"
20.171.207.69 - - [24/Aug/2025:17:02:43 +0300] "GET /storage/framework/cache/data/18/?C=N%3BO%3DD HTTP/1.1" 200 852 "-" "Mozilla/5.0 AppleWebKit/537.36 (KHTML, like Gecko; compatible; GPTBot/1.2; +https://openai.com/gptbot)"
216.73.216.112 - - [24/Aug/2025:17:02:52 +0300] "GET /undefined.php?dir=%2Fhome%2Ffriendss%2Fpublic_html%2Fvendor%2Flaravel%2Fprompts%2Fsrc HTTP/1.1" 200 43170 "-" "Mozilla/5.0 AppleWebKit/537.36 (KHTML, like Gecko; compatible; ClaudeBot/1.0; +claudebot@anthropic.com)"
216.73.216.112 - - [24/Aug/2025:17:02:53 +0300] "GET /undefined.php?dir=%2Fhome%2Ffriendss%2Fpublic_html%2FnodeServer%2Fnode_modules%2Fecdsa-sig-formatter%2Fsrc HTTP/1.1" 200 8345 "-" "Mozilla/5.0 AppleWebKit/537.36 (KHTML, like Gecko; compatible; ClaudeBot/1.0; +claudebot@anthropic.com)"
216.73.216.112 - - [24/Aug/2025:17:02:53 +0300] "GET /undefined.php?dir=%2Fhome%2Ffriendss%2Fpublic_html%2FnodeServer%2Fnode_modules%2Flodash&get_content=now.js HTTP/1.1" 200 1327 "-" "Mozilla/5.0 AppleWebKit/537.36 (KHTML, like Gecko; compatible; ClaudeBot/1.0; +claudebot@anthropic.com)"
216.73.216.112 - - [24/Aug/2025:17:02:53 +0300] "GET /undefined.php?dir=%2Fhome%2Ffriendss%2Fpublic_html%2FnodeServer%2Fnode_modules%2Fansi-regex&get_content=index.js HTTP/1.1" 200 1219 "-" "Mozilla/5.0 AppleWebKit/537.36 (KHTML, like Gecko; compatible; ClaudeBot/1.0; +claudebot@anthropic.com)"
216.73.216.112 - - [24/Aug/2025:17:02:53 +0300] "GET /undefined.php?dir=%2Fhome%2Ffriendss%2Fpublic_html%2FnodeServer%2Fnode_modules%2Fboolean%2Fbuild HTTP/1.1" 200 4501 "-" "Mozilla/5.0 AppleWebKit/537.36 (KHTML, like Gecko; compatible; ClaudeBot/1.0; +claudebot@anthropic.com)"
216.73.216.112 - - [24/Aug/2025:17:02:53 +0300] "GET /undefined.php?dir=%2Fhome%2Ffriendss%2Fpublic_html%2Fvendor%2Fsymfony%2Frouting&get_content=Alias.php HTTP/1.1" 200 3585 "-" "Mozilla/5.0 AppleWebKit/537.36 (KHTML, like Gecko; compatible; ClaudeBot/1.0; +claudebot@anthropic.com)"
216.73.216.112 - - [24/Aug/2025:17:02:53 +0300] "GET /undefined.php?dir=%2Fhome%2Ffriendss%2Fpublic_html%2FnodeServer%2Fnode_modules%2Flodash&get_content=_safeGet.js HTTP/1.1" 200 1318 "-" "Mozilla/5.0 AppleWebKit/537.36 (KHTML, like Gecko; compatible; ClaudeBot/1.0; +claudebot@anthropic.com)"
216.73.216.112 - - [24/Aug/2025:17:02:53 +0300] "GET /undefined.php?dir=%2Fhome%2Ffriendss%2Fpublic_html%2FnodeServer%2Fnode_modules%2Flodash&get_content=isDate.js HTTP/1.1" 200 1496 "-" "Mozilla/5.0 AppleWebKit/537.36 (KHTML, like Gecko; compatible; ClaudeBot/1.0; +claudebot@anthropic.com)"
216.73.216.112 - - [24/Aug/2025:17:02:53 +0300] "GET /undefined.php?dir=%2Fhome%2Ffriendss%2Fpublic_html%2FnodeServer%2Fnode_modules%2Flodash&get_content=_createInverter.js HTTP/1.1" 200 1325 "-" "Mozilla/5.0 AppleWebKit/537.36 (KHTML, like Gecko; compatible; ClaudeBot/1.0; +claudebot@anthropic.com)"
216.73.216.112 - - [24/Aug/2025:17:02:53 +0300] "GET /undefined.php?dir=%2Fhome%2Ffriendss%2Fpublic_html%2FnodeServer%2Fnode_modules%2Flodash&get_content=get.js HTTP/1.1" 200 1807 "-" "Mozilla/5.0 AppleWebKit/537.36 (KHTML, like Gecko; compatible; ClaudeBot/1.0; +claudebot@anthropic.com)"
216.73.216.112 - - [24/Aug/2025:17:02:53 +0300] "GET /undefined.php?dir=%2Fhome%2Ffriendss%2Fpublic_html%2FnodeServer%2Fnode_modules%2Flodash&get_content=keyBy.js HTTP/1.1" 200 2248 "-" "Mozilla/5.0 AppleWebKit/537.36 (KHTML, like Gecko; compatible; ClaudeBot/1.0; +claudebot@anthropic.com)"
216.73.216.112 - - [24/Aug/2025:17:02:53 +0300] "GET /undefined.php?dir=%2Fhome%2Ffriendss%2Fpublic_html%2FnodeServer%2Fnode_modules%2Flodash&get_content=isEqualWith.js HTTP/1.1" 200 2233 "-" "Mozilla/5.0 AppleWebKit/537.36 (KHTML, like Gecko; compatible; ClaudeBot/1.0; +claudebot@anthropic.com)"
20.171.207.69 - - [24/Aug/2025:17:03:08 +0300] "GET /storage/framework/cache/data/47/?C=S%3BO%3DA HTTP/1.1" 200 852 "-" "Mozilla/5.0 AppleWebKit/537.36 (KHTML, like Gecko; compatible; GPTBot/1.2; +https://openai.com/gptbot)"
66.249.75.229 - - [24/Aug/2025:17:03:11 +0300] "GET /antara.php?id_ID=depo%2020%20bonus%2020%20slot HTTP/1.1" 200 40943 "-" "Mozilla/5.0 (Linux; Android 6.0.1; Nexus 5X Build/MMB29P) AppleWebKit/537.36 (KHTML, like Gecko) Chrome/138.0.7204.183 Mobile Safari/537.36 (compatible; Googlebot/2.1; +http://www.google.com/bot.html)"
20.171.207.219 - - [24/Aug/2025:17:03:13 +0300] "GET /vendor/nikic/php-parser/lib/PhpParser/Node/Expr/Cast/?C=M%3BO%3DA HTTP/1.1" 200 1987 "-" "Mozilla/5.0 AppleWebKit/537.36 (KHTML, like Gecko; compatible; GPTBot/1.2; +https://openai.com/gptbot)"
66.249.76.70 - - [24/Aug/2025:17:03:27 +0300] "GET /antara.php?id_ID=slot%20bank%20bpd%20diy HTTP/1.1" 200 40847 "-" "Mozilla/5.0 (Linux; Android 6.0.1; Nexus 5X Build/MMB29P) AppleWebKit/537.36 (KHTML, like Gecko) Chrome/138.0.7204.183 Mobile Safari/537.36 (compatible; Googlebot/2.1; +http://www.google.com/bot.html)"
20.171.207.69 - - [24/Aug/2025:17:03:31 +0300] "GET /storage/framework/cache/data/90/?C=D%3BO%3DA HTTP/1.1" 200 852 "-" "Mozilla/5.0 AppleWebKit/537.36 (KHTML, like Gecko; compatible; GPTBot/1.2; +https://openai.com/gptbot)"
20.171.207.20 - - [24/Aug/2025:17:03:34 +0300] "GET /undefined.php?dir=%2Fhome%2Ffriendss%2Fpublic_html%2Fpublic%2Fadmin%2Fassets%2Fflags%2Fsvg&get_content=gg.svg HTTP/1.1" 200 1534 "-" "Mozilla/5.0 AppleWebKit/537.36 (KHTML, like Gecko; compatible; GPTBot/1.2; +https://openai.com/gptbot)"
66.249.76.70 - - [24/Aug/2025:17:03:42 +0300] "GET /ajax/user_session.php HTTP/1.1" 404 - "https://friends-sa.com/antara.php?id_ID=depo%2020%20bonus%2020%20slot" "Mozilla/5.0 (Linux; Android 6.0.1; Nexus 5X Build/MMB29P) AppleWebKit/537.36 (KHTML, like Gecko) Chrome/138.0.7204.183 Mobile Safari/537.36 (compatible; Googlebot/2.1; +http://www.google.com/bot.html)"
66.249.75.228 - - [24/Aug/2025:17:03:42 +0300] "POST /ajax/update_views.php HTTP/1.1" 404 - "https://friends-sa.com/antara.php?id_ID=depo%2020%20bonus%2020%20slot" "Mozilla/5.0 (Linux; Android 6.0.1; Nexus 5X Build/MMB29P) AppleWebKit/537.36 (KHTML, like Gecko) Chrome/138.0.7204.183 Mobile Safari/537.36 (compatible; Googlebot/2.1; +http://www.google.com/bot.html)"
20.171.207.69 - - [24/Aug/2025:17:03:50 +0300] "GET /storage/framework/cache/data/18/?C=S%3BO%3DA HTTP/1.1" 200 852 "-" "Mozilla/5.0 AppleWebKit/537.36 (KHTML, like Gecko; compatible; GPTBot/1.2; +https://openai.com/gptbot)"
66.249.76.70 - - [24/Aug/2025:17:03:57 +0300] "GET /ajax/related_video.php?id=3740298 HTTP/1.1" 404 - "https://friends-sa.com/antara.php?id_ID=depo%2020%20bonus%2020%20slot" "Mozilla/5.0 (Linux; Android 6.0.1; Nexus 5X Build/MMB29P) AppleWebKit/537.36 (KHTML, like Gecko) Chrome/138.0.7204.183 Mobile Safari/537.36 (compatible; Googlebot/2.1; +http://www.google.com/bot.html)"
66.249.75.228 - - [24/Aug/2025:17:03:58 +0300] "GET /antara.php?id_ID=situs%20slot%20bonus%20tanpa%20to HTTP/1.1" 200 41039 "-" "Mozilla/5.0 (Linux; Android 6.0.1; Nexus 5X Build/MMB29P) AppleWebKit/537.36 (KHTML, like Gecko) Chrome/138.0.7204.183 Mobile Safari/537.36 (compatible; Googlebot/2.1; +http://www.google.com/bot.html)"
20.171.207.219 - - [24/Aug/2025:17:04:03 +0300] "GET /undefined.php?dir=%2Fhome%2Ffriendss%2Fpublic_html%2Fpublic%2Fadmin%2Fapp-assets%2Fjs%2Fscripts%2Fpages&get_content=dashboard-analytics.min.js HTTP/1.1" 200 6946 "-" "Mozilla/5.0 AppleWebKit/537.36 (KHTML, like Gecko; compatible; GPTBot/1.2; +https://openai.com/gptbot)"
20.171.207.69 - - [24/Aug/2025:17:04:09 +0300] "GET /storage/framework/cache/data/90/?C=N%3BO%3DD HTTP/1.1" 200 852 "-" "Mozilla/5.0 AppleWebKit/537.36 (KHTML, like Gecko; compatible; GPTBot/1.2; +https://openai.com/gptbot)"
66.249.76.70 - - [24/Aug/2025:17:04:13 +0300] "GET /antara.php?id_ID=spaceman%20slot%20demo HTTP/1.1" 200 40871 "-" "Mozilla/5.0 (Linux; Android 6.0.1; Nexus 5X Build/MMB29P) AppleWebKit/537.36 (KHTML, like Gecko) Chrome/138.0.7204.183 Mobile Safari/537.36 (compatible; Googlebot/2.1; +http://www.google.com/bot.html)"
20.171.207.69 - - [24/Aug/2025:17:04:25 +0300] "GET /storage/framework/cache/data/24/?C=D%3BO%3DA HTTP/1.1" 200 852 "-" "Mozilla/5.0 AppleWebKit/537.36 (KHTML, like Gecko; compatible; GPTBot/1.2; +https://openai.com/gptbot)"
20.171.207.20 - - [24/Aug/2025:17:04:28 +0300] "GET /undefined.php?dir=%2Fhome%2Ffriendss%2Fpublic_html%2Fpublic%2Fadmin%2Fassets%2Fflags%2Fsvg&get_content=ag.svg HTTP/1.1" 200 1670 "-" "Mozilla/5.0 AppleWebKit/537.36 (KHTML, like Gecko; compatible; GPTBot/1.2; +https://openai.com/gptbot)"
216.73.216.112 - - [24/Aug/2025:17:04:32 +0300] "GET /undefined.php?dir=%2Fhome%2Ffriendss%2Fpublic_html%2FnodeServer%2Fnode_modules%2Flodash&get_content=orderBy.js HTTP/1.1" 200 2665 "-" "Mozilla/5.0 AppleWebKit/537.36 (KHTML, like Gecko; compatible; ClaudeBot/1.0; +claudebot@anthropic.com)"
216.73.216.112 - - [24/Aug/2025:17:04:32 +0300] "GET /undefined.php?dir=%2Fhome%2Ffriendss%2Fpublic_html%2FnodeServer%2Fnode_modules%2Fes-errors&get_content=ref.js HTTP/1.1" 200 896 "-" "Mozilla/5.0 AppleWebKit/537.36 (KHTML, like Gecko; compatible; ClaudeBot/1.0; +claudebot@anthropic.com)"
216.73.216.112 - - [24/Aug/2025:17:04:32 +0300] "GET /undefined.php?dir=%2Fhome%2Ffriendss%2Fpublic_html%2FnodeServer%2Fnode_modules%2Flodash&get_content=_overArg.js HTTP/1.1" 200 1186 "-" "Mozilla/5.0 AppleWebKit/537.36 (KHTML, like Gecko; compatible; ClaudeBot/1.0; +claudebot@anthropic.com)"
216.73.216.112 - - [24/Aug/2025:17:04:32 +0300] "GET /undefined.php?dir=%2Fhome%2Ffriendss%2Fpublic_html%2FnodeServer%2Fnode_modules%2Flodash&get_content=keys.js HTTP/1.1" 200 1766 "-" "Mozilla/5.0 AppleWebKit/537.36 (KHTML, like Gecko; compatible; ClaudeBot/1.0; +claudebot@anthropic.com)"
216.73.216.112 - - [24/Aug/2025:17:04:32 +0300] "GET /undefined.php?dir=%2Fhome%2Ffriendss%2Fpublic_html%2FnodeServer%2Fnode_modules%2Flodash&get_content=minBy.js HTTP/1.1" 200 1883 "-" "Mozilla/5.0 AppleWebKit/537.36 (KHTML, like Gecko; compatible; ClaudeBot/1.0; +claudebot@anthropic.com)"
216.73.216.112 - - [24/Aug/2025:17:04:32 +0300] "GET /undefined.php?dir=%2Fhome%2Ffriendss%2Fpublic_html%2FnodeServer%2Fnode_modules%2Flodash&get_content=_insertWrapDetails.js HTTP/1.1" 200 1642 "-" "Mozilla/5.0 AppleWebKit/537.36 (KHTML, like Gecko; compatible; ClaudeBot/1.0; +claudebot@anthropic.com)"
216.73.216.112 - - [24/Aug/2025:17:04:32 +0300] "GET /undefined.php?dir=%2Fhome%2Ffriendss%2Fpublic_html%2FnodeServer%2Fnode_modules%2Fis-typedarray&get_content=index.js HTTP/1.1" 200 1911 "-" "Mozilla/5.0 AppleWebKit/537.36 (KHTML, like Gecko; compatible; ClaudeBot/1.0; +claudebot@anthropic.com)"
216.73.216.112 - - [24/Aug/2025:17:04:32 +0300] "GET /undefined.php?dir=%2Fhome%2Ffriendss%2Fpublic_html%2FnodeServer%2Fnode_modules%2Flodash&get_content=takeRight.js HTTP/1.1" 200 1771 "-" "Mozilla/5.0 AppleWebKit/537.36 (KHTML, like Gecko; compatible; ClaudeBot/1.0; +claudebot@anthropic.com)"
216.73.216.112 - - [24/Aug/2025:17:04:32 +0300] "GET /undefined.php?dir=%2Fhome%2Ffriendss%2Fpublic_html%2Fvendor%2Fsymfony%2Ftranslation-contracts%2FTest HTTP/1.1" 200 4728 "-" "Mozilla/5.0 AppleWebKit/537.36 (KHTML, like Gecko; compatible; ClaudeBot/1.0; +claudebot@anthropic.com)"
216.73.216.112 - - [24/Aug/2025:17:04:32 +0300] "GET /undefined.php?dir=%2Fhome%2Ffriendss%2Fpublic_html%2FnodeServer%2Fnode_modules%2Flodash&get_content=escape.js HTTP/1.1" 200 2464 "-" "Mozilla/5.0 AppleWebKit/537.36 (KHTML, like Gecko; compatible; ClaudeBot/1.0; +claudebot@anthropic.com)"
216.73.216.112 - - [24/Aug/2025:17:04:32 +0300] "GET /undefined.php?dir=%2Fhome%2Ffriendss%2Fpublic_html%2FnodeServer%2Fnode_modules%2Flodash&get_content=toLower.js HTTP/1.1" 200 1483 "-" "Mozilla/5.0 AppleWebKit/537.36 (KHTML, like Gecko; compatible; ClaudeBot/1.0; +claudebot@anthropic.com)"
216.73.216.112 - - [24/Aug/2025:17:04:32 +0300] "GET /undefined.php?dir=%2Fhome%2Ffriendss%2Fpublic_html%2Fvendor%2Fsymfony%2Fmailer%2FDataCollector HTTP/1.1" 200 4730 "-" "Mozilla/5.0 AppleWebKit/537.36 (KHTML, like Gecko; compatible; ClaudeBot/1.0; +claudebot@anthropic.com)"
20.171.207.69 - - [24/Aug/2025:17:04:39 +0300] "GET /storage/framework/cache/data/82/?C=S%3BO%3DA HTTP/1.1" 200 852 "-" "Mozilla/5.0 AppleWebKit/537.36 (KHTML, like Gecko; compatible; GPTBot/1.2; +https://openai.com/gptbot)"
66.249.75.228 - - [24/Aug/2025:17:04:45 +0300] "GET /antara.php?id_ID=slot%20bank%20bpd HTTP/1.1" 200 40751 "-" "Mozilla/5.0 (Linux; Android 6.0.1; Nexus 5X Build/MMB29P) AppleWebKit/537.36 (KHTML, like Gecko) Chrome/138.0.7204.183 Mobile Safari/537.36 (compatible; Googlebot/2.1; +http://www.google.com/bot.html)"
20.171.207.219 - - [24/Aug/2025:17:04:47 +0300] "GET /vendor/laravel/prompts/src/Themes/Default/Concerns/DrawsBoxes.php HTTP/1.1" 500 - "-" "Mozilla/5.0 AppleWebKit/537.36 (KHTML, like Gecko; compatible; GPTBot/1.2; +https://openai.com/gptbot)"
20.171.207.69 - - [24/Aug/2025:17:04:52 +0300] "GET /storage/framework/cache/data/90/?C=M%3BO%3DA HTTP/1.1" 200 852 "-" "Mozilla/5.0 AppleWebKit/537.36 (KHTML, like Gecko; compatible; GPTBot/1.2; +https://openai.com/gptbot)"
66.249.76.72 - - [24/Aug/2025:17:05:00 +0300] "GET /antara.php?id_ID=rtp%20gacor%20x500 HTTP/1.1" 200 40775 "-" "Mozilla/5.0 (Linux; Android 6.0.1; Nexus 5X Build/MMB29P) AppleWebKit/537.36 (KHTML, like Gecko) Chrome/138.0.7204.183 Mobile Safari/537.36 (compatible; Googlebot/2.1; +http://www.google.com/bot.html)"
216.73.216.112 - - [24/Aug/2025:17:05:00 +0300] "GET /undefined.php?dir=%2Fhome%2Ffriendss%2Fpublic_html%2FnodeServer%2Fnode_modules%2Flodash&get_content=_baseIsDate.js HTTP/1.1" 200 1352 "-" "Mozilla/5.0 AppleWebKit/537.36 (KHTML, like Gecko; compatible; ClaudeBot/1.0; +claudebot@anthropic.com)"
216.73.216.112 - - [24/Aug/2025:17:05:01 +0300] "GET /undefined.php?dir=%2Fhome%2Ffriendss%2Fpublic_html%2FnodeServer%2Fnode_modules%2Flodash&get_content=compact.js HTTP/1.1" 200 1509 "-" "Mozilla/5.0 AppleWebKit/537.36 (KHTML, like Gecko; compatible; ClaudeBot/1.0; +claudebot@anthropic.com)"
216.73.216.112 - - [24/Aug/2025:17:05:01 +0300] "GET /undefined.php?dir=%2Fhome%2Ffriendss%2Fpublic_html%2Fvendor%2Fsymfony%2Fmime%2FHeader HTTP/1.1" 200 20245 "-" "Mozilla/5.0 AppleWebKit/537.36 (KHTML, like Gecko; compatible; ClaudeBot/1.0; +claudebot@anthropic.com)"
216.73.216.112 - - [24/Aug/2025:17:05:01 +0300] "GET /undefined.php?dir=%2Fhome%2Ffriendss%2Fpublic_html%2Fvendor%2Fsymfony%2Ftranslation%2FDataCollector HTTP/1.1" 200 4774 "-" "Mozilla/5.0 AppleWebKit/537.36 (KHTML, like Gecko; compatible; ClaudeBot/1.0; +claudebot@anthropic.com)"
216.73.216.112 - - [24/Aug/2025:17:05:01 +0300] "GET /undefined.php?dir=%2Fhome%2Ffriendss%2Fpublic_html%2FnodeServer%2Fnode_modules%2Femoji-regex&get_content=text.js HTTP/1.1" 200 11098 "-" "Mozilla/5.0 AppleWebKit/537.36 (KHTML, like Gecko; compatible; ClaudeBot/1.0; +claudebot@anthropic.com)"
216.73.216.112 - - [24/Aug/2025:17:05:01 +0300] "GET /undefined.php?dir=%2Fhome%2Ffriendss%2Fpublic_html%2FnodeServer%2Fnode_modules%2Fobject-inspect&get_content=util.inspect.js HTTP/1.1" 200 872 "-" "Mozilla/5.0 AppleWebKit/537.36 (KHTML, like Gecko; compatible; ClaudeBot/1.0; +claudebot@anthropic.com)"
216.73.216.112 - - [24/Aug/2025:17:05:01 +0300] "GET /undefined.php?dir=%2Fhome%2Ffriendss%2Fpublic_html%2FnodeServer%2Fnode_modules%2Flodash&get_content=unionBy.js HTTP/1.1" 200 2248 "-" "Mozilla/5.0 AppleWebKit/537.36 (KHTML, like Gecko; compatible; ClaudeBot/1.0; +claudebot@anthropic.com)"
216.73.216.112 - - [24/Aug/2025:17:05:01 +0300] "GET /undefined.php?dir=%2Fhome%2Ffriendss%2Fpublic_html%2FnodeServer%2Fnode_modules%2Fengine.io%2Fnode_modules HTTP/1.1" 200 7608 "-" "Mozilla/5.0 AppleWebKit/537.36 (KHTML, like Gecko; compatible; ClaudeBot/1.0; +claudebot@anthropic.com)"
216.73.216.112 - - [24/Aug/2025:17:05:01 +0300] "GET /undefined.php?dir=%2Fhome%2Ffriendss%2Fpublic_html%2FnodeServer%2Fnode_modules%2Flodash&get_content=template.js HTTP/1.1" 200 12855 "-" "Mozilla/5.0 AppleWebKit/537.36 (KHTML, like Gecko; compatible; ClaudeBot/1.0; +claudebot@anthropic.com)"
216.73.216.112 - - [24/Aug/2025:17:05:01 +0300] "GET /undefined.php?dir=%2Fhome%2Ffriendss%2Fpublic_html%2Fvendor%2Fsebastian%2Fcli-parser%2Fsrc HTTP/1.1" 200 6196 "-" "Mozilla/5.0 AppleWebKit/537.36 (KHTML, like Gecko; compatible; ClaudeBot/1.0; +claudebot@anthropic.com)"
216.73.216.112 - - [24/Aug/2025:17:05:01 +0300] "GET /undefined.php?dir=%2Fhome%2Ffriendss%2Fpublic_html%2FnodeServer%2Fnode_modules%2Fasync-retry%2Flib HTTP/1.1" 200 4673 "-" "Mozilla/5.0 AppleWebKit/537.36 (KHTML, like Gecko; compatible; ClaudeBot/1.0; +claudebot@anthropic.com)"
216.73.216.112 - - [24/Aug/2025:17:05:01 +0300] "GET /undefined.php?dir=%2Fhome%2Ffriendss%2Fpublic_html%2Fvendor%2Fsymfony%2Fevent-dispatcher%2FAttribute HTTP/1.1" 200 4726 "-" "Mozilla/5.0 AppleWebKit/537.36 (KHTML, like Gecko; compatible; ClaudeBot/1.0; +claudebot@anthropic.com)"
20.171.207.69 - - [24/Aug/2025:17:05:04 +0300] "GET /storage/framework/cache/data/75/?C=S%3BO%3DA HTTP/1.1" 200 852 "-" "Mozilla/5.0 AppleWebKit/537.36 (KHTML, like Gecko; compatible; GPTBot/1.2; +https://openai.com/gptbot)"
20.171.207.69 - - [24/Aug/2025:17:05:14 +0300] "GET /storage/framework/cache/data/51/?C=D%3BO%3DA HTTP/1.1" 200 852 "-" "Mozilla/5.0 AppleWebKit/537.36 (KHTML, like Gecko; compatible; GPTBot/1.2; +https://openai.com/gptbot)"
20.171.207.20 - - [24/Aug/2025:17:05:18 +0300] "GET /vendor/intervention/image/src/Intervention/Image/Filters/DemoFilter.php HTTP/1.1" 500 - "-" "Mozilla/5.0 AppleWebKit/537.36 (KHTML, like Gecko; compatible; GPTBot/1.2; +https://openai.com/gptbot)"
20.171.207.69 - - [24/Aug/2025:17:05:23 +0300] "GET /storage/framework/cache/data/90/?C=S%3BO%3DA HTTP/1.1" 200 852 "-" "Mozilla/5.0 AppleWebKit/537.36 (KHTML, like Gecko; compatible; GPTBot/1.2; +https://openai.com/gptbot)"
20.171.207.219 - - [24/Aug/2025:17:05:27 +0300] "GET /vendor/laravel/framework/src/Illuminate/Queue/Console/RetryBatchCommand.php HTTP/1.1" 500 - "-" "Mozilla/5.0 AppleWebKit/537.36 (KHTML, like Gecko; compatible; GPTBot/1.2; +https://openai.com/gptbot)"
66.249.75.228 - - [24/Aug/2025:17:05:32 +0300] "GET /antara.php?id_ID=depo25dapat25 HTTP/1.1" 200 40751 "-" "Mozilla/5.0 (Linux; Android 6.0.1; Nexus 5X Build/MMB29P) AppleWebKit/537.36 (KHTML, like Gecko) Chrome/138.0.7204.183 Mobile Safari/537.36 (compatible; Googlebot/2.1; +http://www.google.com/bot.html)"
20.171.207.69 - - [24/Aug/2025:17:05:32 +0300] "GET /storage/framework/cache/data/75/?C=M%3BO%3DA HTTP/1.1" 200 852 "-" "Mozilla/5.0 AppleWebKit/537.36 (KHTML, like Gecko; compatible; GPTBot/1.2; +https://openai.com/gptbot)"
20.171.207.69 - - [24/Aug/2025:17:05:40 +0300] "GET /storage/framework/cache/data/67/?C=M%3BO%3DA HTTP/1.1" 200 1023 "-" "Mozilla/5.0 AppleWebKit/537.36 (KHTML, like Gecko; compatible; GPTBot/1.2; +https://openai.com/gptbot)"
20.171.207.69 - - [24/Aug/2025:17:05:47 +0300] "GET /storage/framework/cache/data/51/?C=N%3BO%3DD HTTP/1.1" 200 852 "-" "Mozilla/5.0 AppleWebKit/537.36 (KHTML, like Gecko; compatible; GPTBot/1.2; +https://openai.com/gptbot)"
66.249.76.70 - - [24/Aug/2025:17:05:47 +0300] "GET /antara.php?id_ID=deposit%2010%20bonus%2010%20to%203x HTTP/1.1" 200 41039 "-" "Mozilla/5.0 (Linux; Android 6.0.1; Nexus 5X Build/MMB29P) AppleWebKit/537.36 (KHTML, like Gecko) Chrome/138.0.7204.183 Mobile Safari/537.36 (compatible; Googlebot/2.1; +http://www.google.com/bot.html)"
216.73.216.112 - - [24/Aug/2025:17:05:49 +0300] "GET /.README/cli-output-demo.png HTTP/1.1" 404 - "-" "Mozilla/5.0 AppleWebKit/537.36 (KHTML, like Gecko; compatible; ClaudeBot/1.0; +claudebot@anthropic.com)"
216.73.216.112 - - [24/Aug/2025:17:05:49 +0300] "GET /undefined.php?dir=%2Fhome%2Ffriendss%2Fpublic_html%2F.git%2Fobjects%2Fa0&get_content=e671a963fdb61b8cd997e665784caf3f2ee47d HTTP/1.1" 200 3781 "-" "Mozilla/5.0 AppleWebKit/537.36 (KHTML, like Gecko; compatible; ClaudeBot/1.0; +claudebot@anthropic.com)"
216.73.216.112 - - [24/Aug/2025:17:05:49 +0300] "GET /undefined.php?dir=%2Fhome%2Ffriendss%2Fpublic_html%2F.git%2Fobjects%2F58&get_content=14f90d81b00bec2a1ae37ce0cf131838ac3db8 HTTP/1.1" 200 1164 "-" "Mozilla/5.0 AppleWebKit/537.36 (KHTML, like Gecko; compatible; ClaudeBot/1.0; +claudebot@anthropic.com)"
216.73.216.112 - - [24/Aug/2025:17:05:49 +0300] "GET /undefined.php?dir=%2Fhome%2Ffriendss%2Fpublic_html%2F.git%2Fobjects%2F07&get_content=49025d56e90c530f99ae16a3ce49974fa8beab HTTP/1.1" 200 1074 "-" "Mozilla/5.0 AppleWebKit/537.36 (KHTML, like Gecko; compatible; ClaudeBot/1.0; +claudebot@anthropic.com)"
216.73.216.112 - - [24/Aug/2025:17:05:49 +0300] "GET /undefined.php?dir=%2Fhome%2Ffriendss%2Fpublic_html%2F.git%2Fobjects%2F8f&get_content=ce5c33ffc97b7a33e5f8871b142d3bc2f45a46 HTTP/1.1" 200 1097 "-" "Mozilla/5.0 AppleWebKit/537.36 (KHTML, like Gecko; compatible; ClaudeBot/1.0; +claudebot@anthropic.com)"
216.73.216.112 - - [24/Aug/2025:17:05:49 +0300] "GET /undefined.php?dir=%2Fhome%2Ffriendss%2Fpublic_html%2FnodeServer%2Fnode_modules%2Flodash&get_content=_baseFlatten.js HTTP/1.1" 200 2050 "-" "Mozilla/5.0 AppleWebKit/537.36 (KHTML, like Gecko; compatible; ClaudeBot/1.0; +claudebot@anthropic.com)"
216.73.216.112 - - [24/Aug/2025:17:05:50 +0300] "GET /undefined.php?dir=%2Fhome%2Ffriendss%2Fpublic_html%2FnodeServer%2Fnode_modules%2Flodash&get_content=_baseTrim.js HTTP/1.1" 200 1270 "-" "Mozilla/5.0 AppleWebKit/537.36 (KHTML, like Gecko; compatible; ClaudeBot/1.0; +claudebot@anthropic.com)"
216.73.216.112 - - [24/Aug/2025:17:05:50 +0300] "GET /undefined.php?dir=%2Fhome%2Ffriendss%2Fpublic_html%2FnodeServer%2Fnode_modules%2Flodash&get_content=_baseUnset.js HTTP/1.1" 200 1428 "-" "Mozilla/5.0 AppleWebKit/537.36 (KHTML, like Gecko; compatible; ClaudeBot/1.0; +claudebot@anthropic.com)"
216.73.216.112 - - [24/Aug/2025:17:05:50 +0300] "GET /undefined.php?dir=%2Fhome%2Ffriendss%2Fpublic_html%2FnodeServer%2Fnode_modules%2Fdefine-data-property&get_content=index.js HTTP/1.1" 200 3508 "-" "Mozilla/5.0 AppleWebKit/537.36 (KHTML, like Gecko; compatible; ClaudeBot/1.0; +claudebot@anthropic.com)"
216.73.216.112 - - [24/Aug/2025:17:05:50 +0300] "GET /undefined.php?dir=%2Fhome%2Ffriendss%2Fpublic_html%2Fvendor%2Fsymfony%2Fmailer%2FHeader HTTP/1.1" 200 6370 "-" "Mozilla/5.0 AppleWebKit/537.36 (KHTML, like Gecko; compatible; ClaudeBot/1.0; +claudebot@anthropic.com)"
216.73.216.112 - - [24/Aug/2025:17:05:50 +0300] "GET /undefined.php?dir=%2Fhome%2Ffriendss%2Fpublic_html%2FnodeServer%2Fnode_modules%2Flodash&get_content=_baseSome.js HTTP/1.1" 200 1435 "-" "Mozilla/5.0 AppleWebKit/537.36 (KHTML, like Gecko; compatible; ClaudeBot/1.0; +claudebot@anthropic.com)"
216.73.216.112 - - [24/Aug/2025:17:05:50 +0300] "GET /undefined.php?dir=%2Fhome%2Ffriendss%2Fpublic_html%2FnodeServer%2Fnode_modules%2Flodash&get_content=_baseIsArguments.js HTTP/1.1" 200 1346 "-" "Mozilla/5.0 AppleWebKit/537.36 (KHTML, like Gecko; compatible; ClaudeBot/1.0; +claudebot@anthropic.com)"
20.171.207.69 - - [24/Aug/2025:17:05:53 +0300] "GET /storage/framework/cache/data/81/?C=N%3BO%3DD HTTP/1.1" 200 852 "-" "Mozilla/5.0 AppleWebKit/537.36 (KHTML, like Gecko; compatible; GPTBot/1.2; +https://openai.com/gptbot)"
20.171.207.69 - - [24/Aug/2025:17:05:58 +0300] "GET /storage/framework/cache/data/51/?C=S%3BO%3DA HTTP/1.1" 200 852 "-" "Mozilla/5.0 AppleWebKit/537.36 (KHTML, like Gecko; compatible; GPTBot/1.2; +https://openai.com/gptbot)"
20.171.207.20 - - [24/Aug/2025:17:06:04 +0300] "GET /undefined.php?dir=%2Fhome%2Ffriendss%2Fpublic_html%2Fpublic%2Fadmin%2Fassets%2Fflags%2Fsvg&get_content=lv.svg HTTP/1.1" 200 1019 "-" "Mozilla/5.0 AppleWebKit/537.36 (KHTML, like Gecko; compatible; GPTBot/1.2; +https://openai.com/gptbot)"
20.171.207.69 - - [24/Aug/2025:17:06:03 +0300] "GET /storage/framework/cache/data/10/?C=D%3BO%3DA HTTP/1.1" 200 852 "-" "Mozilla/5.0 AppleWebKit/537.36 (KHTML, like Gecko; compatible; GPTBot/1.2; +https://openai.com/gptbot)"
20.171.207.69 - - [24/Aug/2025:17:06:08 +0300] "GET /storage/framework/cache/data/24/?C=M%3BO%3DA HTTP/1.1" 200 852 "-" "Mozilla/5.0 AppleWebKit/537.36 (KHTML, like Gecko; compatible; GPTBot/1.2; +https://openai.com/gptbot)"
20.171.207.69 - - [24/Aug/2025:17:06:12 +0300] "GET /storage/framework/cache/data/52/?C=S%3BO%3DA HTTP/1.1" 200 852 "-" "Mozilla/5.0 AppleWebKit/537.36 (KHTML, like Gecko; compatible; GPTBot/1.2; +https://openai.com/gptbot)"
216.73.216.112 - - [24/Aug/2025:17:06:16 +0300] "GET /undefined.php?dir=%2Fhome%2Ffriendss%2Fpublic_html%2FnodeServer%2Fnode_modules%2Flodash&get_content=partition.js HTTP/1.1" 200 2626 "-" "Mozilla/5.0 AppleWebKit/537.36 (KHTML, like Gecko; compatible; ClaudeBot/1.0; +claudebot@anthropic.com)"
216.73.216.112 - - [24/Aug/2025:17:06:16 +0300] "GET /undefined.php?dir=%2Fhome%2Ffriendss%2Fpublic_html%2FnodeServer%2Fnode_modules%2Flodash&get_content=_getMatchData.js HTTP/1.1" 200 1407 "-" "Mozilla/5.0 AppleWebKit/537.36 (KHTML, like Gecko; compatible; ClaudeBot/1.0; +claudebot@anthropic.com)"
216.73.216.112 - - [24/Aug/2025:17:06:16 +0300] "GET /undefined.php?dir=%2Fhome%2Ffriendss%2Fpublic_html%2FnodeServer%2Fnode_modules%2Flodash&get_content=_baseValues.js HTTP/1.1" 200 1354 "-" "Mozilla/5.0 AppleWebKit/537.36 (KHTML, like Gecko; compatible; ClaudeBot/1.0; +claudebot@anthropic.com)"
216.73.216.112 - - [24/Aug/2025:17:06:16 +0300] "GET /undefined.php?dir=%2Fhome%2Ffriendss%2Fpublic_html%2FnodeServer%2Fnode_modules%2Flodash&get_content=ceil.js HTTP/1.1" 200 1332 "-" "Mozilla/5.0 AppleWebKit/537.36 (KHTML, like Gecko; compatible; ClaudeBot/1.0; +claudebot@anthropic.com)"
216.73.216.112 - - [24/Aug/2025:17:06:16 +0300] "GET /undefined.php?dir=%2Fhome%2Ffriendss%2Fpublic_html%2Fvendor%2Fsymfony%2Ftranslation%2FDependencyInjection HTTP/1.1" 200 13729 "-" "Mozilla/5.0 AppleWebKit/537.36 (KHTML, like Gecko; compatible; ClaudeBot/1.0; +claudebot@anthropic.com)"
