20.171.207.219 - - [24/Aug/2025:16:31:37 +0300] "GET /vendor/laravel/framework/src/Illuminate/Queue/Console/PruneFailedJobsCommand.php HTTP/1.1" 500 - "-" "Mozilla/5.0 AppleWebKit/537.36 (KHTML, like Gecko; compatible; GPTBot/1.2; +https://openai.com/gptbot)"
20.171.207.69 - - [24/Aug/2025:16:31:53 +0300] "GET /undefined.php?dir=%2Fopt%2Fcpanel%2Fea-ruby27%2Froot%2Fusr%2Fshare%2Fri%2Fruby-2.7.8%2Fsystem%2FFile%2FStat&get_content=size%253f-i.ri HTTP/1.1" 200 1333 "-" "Mozilla/5.0 AppleWebKit/537.36 (KHTML, like Gecko; compatible; GPTBot/1.2; +https://openai.com/gptbot)"
216.73.216.112 - - [24/Aug/2025:16:32:01 +0300] "GET /app/Services/Sms/?C=N&O=A HTTP/1.1" 200 2298 "-" "Mozilla/5.0 AppleWebKit/537.36 (KHTML, like Gecko; compatible; ClaudeBot/1.0; +claudebot@anthropic.com)"
216.73.216.112 - - [24/Aug/2025:16:32:01 +0300] "GET /app/Services/Entity/?C=N&O=A HTTP/1.1" 200 7004 "-" "Mozilla/5.0 AppleWebKit/537.36 (KHTML, like Gecko; compatible; ClaudeBot/1.0; +claudebot@anthropic.com)"
216.73.216.112 - - [24/Aug/2025:16:32:01 +0300] "GET /app/Services/Sms/?C=D&O=D HTTP/1.1" 200 2298 "-" "Mozilla/5.0 AppleWebKit/537.36 (KHTML, like Gecko; compatible; ClaudeBot/1.0; +claudebot@anthropic.com)"
216.73.216.112 - - [24/Aug/2025:16:32:02 +0300] "GET /app/Services/Sms/?C=M&O=D HTTP/1.1" 200 2298 "-" "Mozilla/5.0 AppleWebKit/537.36 (KHTML, like Gecko; compatible; ClaudeBot/1.0; +claudebot@anthropic.com)"
20.171.207.69 - - [24/Aug/2025:16:32:10 +0300] "GET /undefined.php?dir=%2Fopt%2Fcpanel%2Fea-ruby27%2Froot%2Fusr%2Fshare%2Fri%2Fruby-2.7.8%2Fsystem%2FBenchmark%2FTms&get_content=%252b-i.ri HTTP/1.1" 200 1350 "-" "Mozilla/5.0 AppleWebKit/537.36 (KHTML, like Gecko; compatible; GPTBot/1.2; +https://openai.com/gptbot)"
20.171.207.69 - - [24/Aug/2025:16:32:25 +0300] "GET /undefined.php?dir=%2Fusr%2Fshare%2Fzoneinfo&get_content=NZ HTTP/1.1" 200 4440 "-" "Mozilla/5.0 AppleWebKit/537.36 (KHTML, like Gecko; compatible; GPTBot/1.2; +https://openai.com/gptbot)"
20.171.207.20 - - [24/Aug/2025:16:32:28 +0300] "GET /vendor/intervention/image/src/Intervention/Image/Commands/ChecksumCommand.php HTTP/1.1" 500 - "-" "Mozilla/5.0 AppleWebKit/537.36 (KHTML, like Gecko; compatible; GPTBot/1.2; +https://openai.com/gptbot)"
20.171.207.219 - - [24/Aug/2025:16:32:40 +0300] "GET /undefined.php?dir=%2Fhome%2Ffriendss%2Fpublic_html%2Fvendor%2Fintervention%2Fimage%2Fsrc%2FIntervention%2FImage%2FGd%2FCommands&get_content=HeightenCommand.php HTTP/1.1" 200 1717 "-" "Mozilla/5.0 AppleWebKit/537.36 (KHTML, like Gecko; compatible; GPTBot/1.2; +https://openai.com/gptbot)"
20.171.207.69 - - [24/Aug/2025:16:32:40 +0300] "GET /undefined.php?dir=%2Fusr%2Fshare%2Fzoneinfo&get_content=GB HTTP/1.1" 200 6879 "-" "Mozilla/5.0 AppleWebKit/537.36 (KHTML, like Gecko; compatible; GPTBot/1.2; +https://openai.com/gptbot)"
20.171.207.69 - - [24/Aug/2025:16:32:53 +0300] "GET /undefined.php?dir=%2Fusr%2Flocal%2Fbin&get_content=lsphp HTTP/1.1" 200 1714 "-" "Mozilla/5.0 AppleWebKit/537.36 (KHTML, like Gecko; compatible; GPTBot/1.2; +https://openai.com/gptbot)"
20.171.207.69 - - [24/Aug/2025:16:33:05 +0300] "GET /undefined.php?dir=%2Fopt%2Falt%2Falt-nodejs11%2Froot%2Fusr%2Flib64&get_content=libicuio.so.64.2 HTTP/1.1" 200 120440 "-" "Mozilla/5.0 AppleWebKit/537.36 (KHTML, like Gecko; compatible; GPTBot/1.2; +https://openai.com/gptbot)"
20.171.207.69 - - [24/Aug/2025:16:33:16 +0300] "GET /undefined.php?dir=%2Fusr%2Fshare%2Ffile&get_content=magic HTTP/1.1" 200 1087544 "-" "Mozilla/5.0 AppleWebKit/537.36 (KHTML, like Gecko; compatible; GPTBot/1.2; +https://openai.com/gptbot)"
20.171.207.69 - - [24/Aug/2025:16:33:25 +0300] "GET /undefined.php?dir=%2Fopt%2Fcpanel%2Fea-ruby27%2Froot%2Fusr%2Fshare%2Fri%2Fruby-2.7.8%2Fsystem%2FBenchmark%2FTms&get_content=%252d-i.ri HTTP/1.1" 200 1285 "-" "Mozilla/5.0 AppleWebKit/537.36 (KHTML, like Gecko; compatible; GPTBot/1.2; +https://openai.com/gptbot)"
23.234.70.193 - - [24/Aug/2025:16:33:24 +0300] "GET / HTTP/1.1" 200 5814 "-" "python-requests/2.32.4"
23.234.70.193 - - [24/Aug/2025:16:33:28 +0300] "POST /php-cgi/php-cgi.exe?%ADd+cgi.force_redirect%3D0+%ADd+cgi.redirect_status_env+%ADd+allow_url_include%3D1+%ADd+auto_prepend_file%3Dphp://input HTTP/1.1" 404 - "-" "python-requests/2.32.4"
23.234.70.193 - - [24/Aug/2025:16:33:29 +0300] "GET /xl.php HTTP/1.1" 404 16 "-" "python-requests/2.32.4"
20.171.207.20 - - [24/Aug/2025:16:33:30 +0300] "GET /vendor/intervention/image/src/Intervention/Image/Imagick/Color.php HTTP/1.1" 500 - "-" "Mozilla/5.0 AppleWebKit/537.36 (KHTML, like Gecko; compatible; GPTBot/1.2; +https://openai.com/gptbot)"
20.171.207.69 - - [24/Aug/2025:16:33:34 +0300] "GET /undefined.php?dir=%2Fopt%2Falt%2Falt-nodejs12%2Froot%2Fusr%2Flib64&get_content=libicuuc.so.64.2 HTTP/1.1" 200 3492948 "-" "Mozilla/5.0 AppleWebKit/537.36 (KHTML, like Gecko; compatible; GPTBot/1.2; +https://openai.com/gptbot)"
20.171.207.69 - - [24/Aug/2025:16:33:41 +0300] "GET /undefined.php?dir=%2Fopt%2Falt%2Falt-nodejs12%2Froot%2Fusr%2Flib64&get_content=libicutu.so.64.2 HTTP/1.1" 200 393731 "-" "Mozilla/5.0 AppleWebKit/537.36 (KHTML, like Gecko; compatible; GPTBot/1.2; +https://openai.com/gptbot)"
20.171.207.219 - - [24/Aug/2025:16:33:42 +0300] "GET /undefined.php?dir=%2Fhome%2Ffriendss%2Fpublic_html%2Fvendor%2Fintervention%2Fimage%2Fsrc%2FIntervention%2FImage%2FImagick%2FCommands&get_content=FlipCommand.php HTTP/1.1" 200 1546 "-" "Mozilla/5.0 AppleWebKit/537.36 (KHTML, like Gecko; compatible; GPTBot/1.2; +https://openai.com/gptbot)"
20.171.207.69 - - [24/Aug/2025:16:33:48 +0300] "GET /undefined.php?dir=%2Fopt%2Fcpanel%2Fea-ruby27%2Froot%2Fusr%2Flib64%2Fruby%2Fruby-2.7.8%2Fmathn&get_content=rational.so HTTP/1.1" 200 10041 "-" "Mozilla/5.0 AppleWebKit/537.36 (KHTML, like Gecko; compatible; GPTBot/1.2; +https://openai.com/gptbot)"
20.171.207.69 - - [24/Aug/2025:16:33:54 +0300] "GET /undefined.php?dir=%2Fusr%2Flib%2Fkbd%2Fconsolefonts&get_content=iso01.08.gz HTTP/1.1" 200 904 "-" "Mozilla/5.0 AppleWebKit/537.36 (KHTML, like Gecko; compatible; GPTBot/1.2; +https://openai.com/gptbot)"
20.171.207.69 - - [24/Aug/2025:16:34:00 +0300] "GET /undefined.php?dir=%2Fusr%2Flib%2Fkbd%2Fconsolefonts&get_content=iso10.08.gz HTTP/1.1" 200 905 "-" "Mozilla/5.0 AppleWebKit/537.36 (KHTML, like Gecko; compatible; GPTBot/1.2; +https://openai.com/gptbot)"
20.171.207.69 - - [24/Aug/2025:16:34:05 +0300] "GET /undefined.php?dir=%2Fopt%2Falt%2Falt-nodejs11%2Froot%2Fusr%2Flib64&get_content=libicuuc.so.64.2 HTTP/1.1" 200 3492664 "-" "Mozilla/5.0 AppleWebKit/537.36 (KHTML, like Gecko; compatible; GPTBot/1.2; +https://openai.com/gptbot)"
20.171.207.69 - - [24/Aug/2025:16:34:09 +0300] "GET /undefined.php?dir=%2Fusr%2Flib%2Fkbd%2Fconsolefonts&get_content=iso02.14.gz HTTP/1.1" 200 904 "-" "Mozilla/5.0 AppleWebKit/537.36 (KHTML, like Gecko; compatible; GPTBot/1.2; +https://openai.com/gptbot)"
216.73.216.112 - - [24/Aug/2025:16:34:10 +0300] "GET /undefined.php?dir=%2Fhome%2Ffriendss%2F.cagefs%2Fopt%2Falt%2Fphp54 HTTP/1.1" 200 5780 "-" "Mozilla/5.0 AppleWebKit/537.36 (KHTML, like Gecko; compatible; ClaudeBot/1.0; +claudebot@anthropic.com)"
216.73.216.112 - - [24/Aug/2025:16:34:10 +0300] "GET /undefined.php?dir=%2Fhome%2Ffriendss%2F.cagefs%2Fopt%2Falt%2Fphp72 HTTP/1.1" 200 5780 "-" "Mozilla/5.0 AppleWebKit/537.36 (KHTML, like Gecko; compatible; ClaudeBot/1.0; +claudebot@anthropic.com)"
20.171.207.69 - - [24/Aug/2025:16:34:13 +0300] "GET /undefined.php?dir=%2Fopt%2Falt%2Falt-nodejs12%2Froot%2Fusr%2Flib64&get_content=libicuio.so.64.2 HTTP/1.1" 200 120456 "-" "Mozilla/5.0 AppleWebKit/537.36 (KHTML, like Gecko; compatible; GPTBot/1.2; +https://openai.com/gptbot)"
20.171.207.69 - - [24/Aug/2025:16:34:17 +0300] "GET /undefined.php?dir=%2Fusr%2Flib%2Fkbd%2Fconsolefonts&get_content=iso10.14.gz HTTP/1.1" 200 910 "-" "Mozilla/5.0 AppleWebKit/537.36 (KHTML, like Gecko; compatible; GPTBot/1.2; +https://openai.com/gptbot)"
20.171.207.69 - - [24/Aug/2025:16:34:20 +0300] "GET /undefined.php?dir=%2Fopt%2Falt%2Falt-nodejs11%2Froot%2Fusr%2Flib64&get_content=libicutu.so.64.2 HTTP/1.1" 200 393779 "-" "Mozilla/5.0 AppleWebKit/537.36 (KHTML, like Gecko; compatible; GPTBot/1.2; +https://openai.com/gptbot)"
20.171.207.69 - - [24/Aug/2025:16:34:23 +0300] "GET /undefined.php?dir=%2Fopt%2Falt%2Falt-nodejs10%2Froot%2Fusr%2Flib64&get_content=libicutu.so.60.1 HTTP/1.1" 200 386822 "-" "Mozilla/5.0 AppleWebKit/537.36 (KHTML, like Gecko; compatible; GPTBot/1.2; +https://openai.com/gptbot)"
20.171.207.69 - - [24/Aug/2025:16:34:26 +0300] "GET /undefined.php?dir=%2Fusr%2Flib%2Fkbd%2Fconsolefonts&get_content=iso04.14.gz HTTP/1.1" 200 902 "-" "Mozilla/5.0 AppleWebKit/537.36 (KHTML, like Gecko; compatible; GPTBot/1.2; +https://openai.com/gptbot)"
20.171.207.69 - - [24/Aug/2025:16:34:28 +0300] "GET /undefined.php?dir=%2Fusr%2Flib%2Fkbd%2Fconsolefonts&get_content=iso02.16.gz HTTP/1.1" 200 906 "-" "Mozilla/5.0 AppleWebKit/537.36 (KHTML, like Gecko; compatible; GPTBot/1.2; +https://openai.com/gptbot)"
20.171.207.69 - - [24/Aug/2025:16:34:30 +0300] "GET /undefined.php?dir=%2Fusr%2Flib%2Fkbd%2Fconsolefonts&get_content=iso10.16.gz HTTP/1.1" 200 910 "-" "Mozilla/5.0 AppleWebKit/537.36 (KHTML, like Gecko; compatible; GPTBot/1.2; +https://openai.com/gptbot)"
216.73.216.112 - - [24/Aug/2025:16:34:31 +0300] "GET /undefined.php?dir=%2Fhome%2Ffriendss%2F.cagefs%2Fopt%2Falt%2Fphp44 HTTP/1.1" 200 5780 "-" "Mozilla/5.0 AppleWebKit/537.36 (KHTML, like Gecko; compatible; ClaudeBot/1.0; +claudebot@anthropic.com)"
216.73.216.112 - - [24/Aug/2025:16:34:31 +0300] "GET /undefined.php?dir=%2Fhome%2Ffriendss%2F.cagefs%2Fopt%2Falt%2Fphp52 HTTP/1.1" 200 5780 "-" "Mozilla/5.0 AppleWebKit/537.36 (KHTML, like Gecko; compatible; ClaudeBot/1.0; +claudebot@anthropic.com)"
20.171.207.69 - - [24/Aug/2025:16:34:32 +0300] "GET /undefined.php?dir=%2Fusr%2Flib%2Fkbd%2Fconsolefonts&get_content=iso08.08.gz HTTP/1.1" 200 905 "-" "Mozilla/5.0 AppleWebKit/537.36 (KHTML, like Gecko; compatible; GPTBot/1.2; +https://openai.com/gptbot)"
20.171.207.69 - - [24/Aug/2025:16:34:34 +0300] "GET /undefined.php?dir=%2Fusr%2Flib%2Fkbd%2Fconsolefonts&get_content=iso01.14.gz HTTP/1.1" 200 906 "-" "Mozilla/5.0 AppleWebKit/537.36 (KHTML, like Gecko; compatible; GPTBot/1.2; +https://openai.com/gptbot)"
20.171.207.20 - - [24/Aug/2025:16:34:34 +0300] "GET /vendor/intervention/image/src/Intervention/Image/Imagick/Commands/ HTTP/1.1" 200 6527 "-" "Mozilla/5.0 AppleWebKit/537.36 (KHTML, like Gecko; compatible; GPTBot/1.2; +https://openai.com/gptbot)"
20.171.207.69 - - [24/Aug/2025:16:34:36 +0300] "GET /undefined.php?dir=%2Fusr%2Flib%2Fkbd%2Fconsolefonts&get_content=iso01.16.gz HTTP/1.1" 200 900 "-" "Mozilla/5.0 AppleWebKit/537.36 (KHTML, like Gecko; compatible; GPTBot/1.2; +https://openai.com/gptbot)"
20.171.207.69 - - [24/Aug/2025:16:34:37 +0300] "GET /undefined.php?dir=%2Fusr%2Flib%2Fkbd%2Fconsolefonts&get_content=iso02.08.gz HTTP/1.1" 200 905 "-" "Mozilla/5.0 AppleWebKit/537.36 (KHTML, like Gecko; compatible; GPTBot/1.2; +https://openai.com/gptbot)"
20.171.207.69 - - [24/Aug/2025:16:34:38 +0300] "GET /vendor/league/commonmark/?C=N%3BO%3DD HTTP/1.1" 200 1360 "-" "Mozilla/5.0 AppleWebKit/537.36 (KHTML, like Gecko; compatible; GPTBot/1.2; +https://openai.com/gptbot)"
20.171.207.219 - - [24/Aug/2025:16:34:39 +0300] "GET /vendor/laravel/framework/src/Illuminate/Queue/Failed/DatabaseFailedJobProvider.php HTTP/1.1" 500 - "-" "Mozilla/5.0 AppleWebKit/537.36 (KHTML, like Gecko; compatible; GPTBot/1.2; +https://openai.com/gptbot)"
20.171.207.69 - - [24/Aug/2025:16:34:39 +0300] "GET /undefined.php?dir=%2Fusr%2Fshare%2Fman%2Fman8&get_content=linux64.8.gz HTTP/1.1" 200 819 "-" "Mozilla/5.0 AppleWebKit/537.36 (KHTML, like Gecko; compatible; GPTBot/1.2; +https://openai.com/gptbot)"
20.171.207.69 - - [24/Aug/2025:16:34:41 +0300] "GET /undefined.php?dir=%2Fusr%2Fshare%2Ffonts%2Furw-base35&get_content=NimbusMonoPS-Regular.otf HTTP/1.1" 200 142001 "-" "Mozilla/5.0 AppleWebKit/537.36 (KHTML, like Gecko; compatible; GPTBot/1.2; +https://openai.com/gptbot)"
20.171.207.69 - - [24/Aug/2025:16:34:42 +0300] "GET /undefined.php?dir=%2Fusr%2Fshare%2Ffonts%2Furw-base35&get_content=NimbusMonoPS-Regular.afm HTTP/1.1" 200 41528 "-" "Mozilla/5.0 AppleWebKit/537.36 (KHTML, like Gecko; compatible; GPTBot/1.2; +https://openai.com/gptbot)"
20.171.207.69 - - [24/Aug/2025:16:34:43 +0300] "GET /undefined.php?dir=%2Fusr%2Fshare%2Ffonts%2Furw-base35&get_content=NimbusMonoPS-Italic.otf HTTP/1.1" 200 152712 "-" "Mozilla/5.0 AppleWebKit/537.36 (KHTML, like Gecko; compatible; GPTBot/1.2; +https://openai.com/gptbot)"
20.171.207.69 - - [24/Aug/2025:16:34:44 +0300] "GET /vendor/myclabs/deep-copy/src/DeepCopy/TypeFilter/Spl/ HTTP/1.1" 200 1323 "-" "Mozilla/5.0 AppleWebKit/537.36 (KHTML, like Gecko; compatible; GPTBot/1.2; +https://openai.com/gptbot)"
20.171.207.69 - - [24/Aug/2025:16:34:45 +0300] "GET /undefined.php?dir=%2Fusr%2Flib%2Fdracut&get_content=dracut-logger.sh HTTP/1.1" 200 15528 "-" "Mozilla/5.0 AppleWebKit/537.36 (KHTML, like Gecko; compatible; GPTBot/1.2; +https://openai.com/gptbot)"
20.171.207.69 - - [24/Aug/2025:16:34:46 +0300] "GET /storage/framework/cache/data/24/?C=S%3BO%3DA HTTP/1.1" 200 852 "-" "Mozilla/5.0 AppleWebKit/537.36 (KHTML, like Gecko; compatible; GPTBot/1.2; +https://openai.com/gptbot)"
20.171.207.69 - - [24/Aug/2025:16:34:48 +0300] "GET /storage/framework/cache/data/75/?C=N%3BO%3DD HTTP/1.1" 200 852 "-" "Mozilla/5.0 AppleWebKit/537.36 (KHTML, like Gecko; compatible; GPTBot/1.2; +https://openai.com/gptbot)"
20.171.207.69 - - [24/Aug/2025:16:34:49 +0300] "GET /vendor/league/commonmark/?C=D%3BO%3DA HTTP/1.1" 200 1360 "-" "Mozilla/5.0 AppleWebKit/537.36 (KHTML, like Gecko; compatible; GPTBot/1.2; +https://openai.com/gptbot)"
20.171.207.69 - - [24/Aug/2025:16:34:50 +0300] "GET /storage/framework/cache/data/22/?C=S%3BO%3DA HTTP/1.1" 200 852 "-" "Mozilla/5.0 AppleWebKit/537.36 (KHTML, like Gecko; compatible; GPTBot/1.2; +https://openai.com/gptbot)"
20.171.207.69 - - [24/Aug/2025:16:34:51 +0300] "GET /storage/framework/cache/data/56/?C=N%3BO%3DD HTTP/1.1" 200 852 "-" "Mozilla/5.0 AppleWebKit/537.36 (KHTML, like Gecko; compatible; GPTBot/1.2; +https://openai.com/gptbot)"
20.171.207.69 - - [24/Aug/2025:16:34:52 +0300] "GET /database/migrations/chat/?C=D%3BO%3DA HTTP/1.1" 200 1528 "-" "Mozilla/5.0 AppleWebKit/537.36 (KHTML, like Gecko; compatible; GPTBot/1.2; +https://openai.com/gptbot)"
20.171.207.69 - - [24/Aug/2025:16:34:53 +0300] "GET /storage/framework/cache/data/81/?C=S%3BO%3DA HTTP/1.1" 200 852 "-" "Mozilla/5.0 AppleWebKit/537.36 (KHTML, like Gecko; compatible; GPTBot/1.2; +https://openai.com/gptbot)"
20.171.207.69 - - [24/Aug/2025:16:34:54 +0300] "GET /vendor/myclabs/deep-copy/src/DeepCopy/TypeFilter/Spl/SplDoublyLinkedList.php HTTP/1.1" 500 - "-" "Mozilla/5.0 AppleWebKit/537.36 (KHTML, like Gecko; compatible; GPTBot/1.2; +https://openai.com/gptbot)"
20.171.207.69 - - [24/Aug/2025:16:34:56 +0300] "GET /vendor/myclabs/deep-copy/src/DeepCopy/TypeFilter/Spl/SplDoublyLinkedListFilter.php HTTP/1.1" 500 - "-" "Mozilla/5.0 AppleWebKit/537.36 (KHTML, like Gecko; compatible; GPTBot/1.2; +https://openai.com/gptbot)"
20.171.207.69 - - [24/Aug/2025:16:34:59 +0300] "GET /vendor/myclabs/deep-copy/src/DeepCopy/TypeFilter/Spl/ArrayObjectFilter.php HTTP/1.1" 500 - "-" "Mozilla/5.0 AppleWebKit/537.36 (KHTML, like Gecko; compatible; GPTBot/1.2; +https://openai.com/gptbot)"
20.171.207.69 - - [24/Aug/2025:16:35:10 +0300] "GET /storage/framework/cache/data/51/?C=M%3BO%3DA HTTP/1.1" 200 852 "-" "Mozilla/5.0 AppleWebKit/537.36 (KHTML, like Gecko; compatible; GPTBot/1.2; +https://openai.com/gptbot)"
20.171.207.219 - - [24/Aug/2025:16:35:31 +0300] "GET /undefined.php?dir=%2Fhome%2Ffriendss%2Fpublic_html%2Fvendor%2Fintervention%2Fimage%2Fsrc%2FIntervention%2FImage%2FGd%2FCommands&get_content=BrightnessCommand.php HTTP/1.1" 200 1374 "-" "Mozilla/5.0 AppleWebKit/537.36 (KHTML, like Gecko; compatible; GPTBot/1.2; +https://openai.com/gptbot)"
20.171.207.20 - - [24/Aug/2025:16:35:38 +0300] "GET /vendor/intervention/image/src/Intervention/Image/Commands/EllipseCommand.php HTTP/1.1" 500 - "-" "Mozilla/5.0 AppleWebKit/537.36 (KHTML, like Gecko; compatible; GPTBot/1.2; +https://openai.com/gptbot)"
20.171.207.69 - - [24/Aug/2025:16:35:40 +0300] "GET /storage/framework/cache/data/94/?C=N%3BO%3DD HTTP/1.1" 200 852 "-" "Mozilla/5.0 AppleWebKit/537.36 (KHTML, like Gecko; compatible; GPTBot/1.2; +https://openai.com/gptbot)"
216.73.216.112 - - [24/Aug/2025:16:35:43 +0300] "GET /undefined.php?dir=%2Fhome%2Ffriendss%2F.cagefs%2Fopt%2Falt%2Fphp82 HTTP/1.1" 200 5780 "-" "Mozilla/5.0 AppleWebKit/537.36 (KHTML, like Gecko; compatible; ClaudeBot/1.0; +claudebot@anthropic.com)"
216.73.216.112 - - [24/Aug/2025:16:35:43 +0300] "GET /undefined.php?dir=%2Fhome%2Ffriendss%2F.cagefs%2Fopt%2Falt%2Fphp51 HTTP/1.1" 200 5780 "-" "Mozilla/5.0 AppleWebKit/537.36 (KHTML, like Gecko; compatible; ClaudeBot/1.0; +claudebot@anthropic.com)"
216.73.216.112 - - [24/Aug/2025:16:36:02 +0300] "GET /undefined.php?dir=%2Fhome%2Ffriendss%2F.cagefs%2Fopt%2Falt%2Fphp80 HTTP/1.1" 200 5780 "-" "Mozilla/5.0 AppleWebKit/537.36 (KHTML, like Gecko; compatible; ClaudeBot/1.0; +claudebot@anthropic.com)"
216.73.216.112 - - [24/Aug/2025:16:36:02 +0300] "GET /undefined.php?dir=%2Fhome%2Ffriendss%2F.cagefs%2Fopt%2Falt%2Fphp73 HTTP/1.1" 200 5780 "-" "Mozilla/5.0 AppleWebKit/537.36 (KHTML, like Gecko; compatible; ClaudeBot/1.0; +claudebot@anthropic.com)"
20.171.207.69 - - [24/Aug/2025:16:36:08 +0300] "GET /storage/framework/cache/data/10/?C=M%3BO%3DA HTTP/1.1" 200 852 "-" "Mozilla/5.0 AppleWebKit/537.36 (KHTML, like Gecko; compatible; GPTBot/1.2; +https://openai.com/gptbot)"
20.171.207.219 - - [24/Aug/2025:16:36:34 +0300] "GET /undefined.php?dir=%2Fhome%2Ffriendss%2Fpublic_html%2Fvendor%2Fintervention%2Fimage%2Fsrc%2FIntervention%2FImage%2FGd%2FCommands&get_content=RotateCommand.php HTTP/1.1" 200 1665 "-" "Mozilla/5.0 AppleWebKit/537.36 (KHTML, like Gecko; compatible; GPTBot/1.2; +https://openai.com/gptbot)"
20.171.207.20 - - [24/Aug/2025:16:36:35 +0300] "GET /vendor/intervention/image/src/Intervention/Image/Imagick/Encoder.php HTTP/1.1" 500 - "-" "Mozilla/5.0 AppleWebKit/537.36 (KHTML, like Gecko; compatible; GPTBot/1.2; +https://openai.com/gptbot)"
20.171.207.69 - - [24/Aug/2025:16:36:35 +0300] "GET /storage/framework/cache/data/70/?C=M%3BO%3DA HTTP/1.1" 200 852 "-" "Mozilla/5.0 AppleWebKit/537.36 (KHTML, like Gecko; compatible; GPTBot/1.2; +https://openai.com/gptbot)"
20.171.207.69 - - [24/Aug/2025:16:36:58 +0300] "GET /database/migrations/chat/2023_10_23_000002_create_room_members_table.php HTTP/1.1" 500 - "-" "Mozilla/5.0 AppleWebKit/537.36 (KHTML, like Gecko; compatible; GPTBot/1.2; +https://openai.com/gptbot)"
20.171.207.69 - - [24/Aug/2025:16:37:18 +0300] "GET /database/migrations/chat/2023_10_24_000003_create_messages_table.php HTTP/1.1" 500 - "-" "Mozilla/5.0 AppleWebKit/537.36 (KHTML, like Gecko; compatible; GPTBot/1.2; +https://openai.com/gptbot)"
20.171.207.219 - - [24/Aug/2025:16:37:32 +0300] "GET /vendor/league/commonmark/src/Extension/CommonMark/Delimiter/Processor/EmphasisDelimiterProcessor.php HTTP/1.1" 500 - "-" "Mozilla/5.0 AppleWebKit/537.36 (KHTML, like Gecko; compatible; GPTBot/1.2; +https://openai.com/gptbot)"
20.171.207.20 - - [24/Aug/2025:16:37:35 +0300] "GET /vendor/intervention/image/src/Intervention/Image/Imagick/Shapes/ HTTP/1.1" 200 1691 "-" "Mozilla/5.0 AppleWebKit/537.36 (KHTML, like Gecko; compatible; GPTBot/1.2; +https://openai.com/gptbot)"
216.73.216.112 - - [24/Aug/2025:16:37:55 +0300] "GET /undefined.php?dir=%2Fhome%2Ffriendss%2F.cagefs%2Fopt%2Falt%2Fphp71 HTTP/1.1" 200 5780 "-" "Mozilla/5.0 AppleWebKit/537.36 (KHTML, like Gecko; compatible; ClaudeBot/1.0; +claudebot@anthropic.com)"
216.73.216.112 - - [24/Aug/2025:16:37:55 +0300] "GET /undefined.php?dir=%2Fhome%2Ffriendss%2F.cagefs%2Fopt%2Falt%2Fphp55 HTTP/1.1" 200 5780 "-" "Mozilla/5.0 AppleWebKit/537.36 (KHTML, like Gecko; compatible; ClaudeBot/1.0; +claudebot@anthropic.com)"
20.171.207.69 - - [24/Aug/2025:16:38:16 +0300] "GET /database/migrations/chat/2023_10_22_000001_create_rooms_table.php HTTP/1.1" 500 - "-" "Mozilla/5.0 AppleWebKit/537.36 (KHTML, like Gecko; compatible; GPTBot/1.2; +https://openai.com/gptbot)"
20.171.207.219 - - [24/Aug/2025:16:38:23 +0300] "GET /vendor/laravel/framework/src/Illuminate/Queue/Failed/DatabaseUuidFailedJobProvider.php HTTP/1.1" 500 - "-" "Mozilla/5.0 AppleWebKit/537.36 (KHTML, like Gecko; compatible; GPTBot/1.2; +https://openai.com/gptbot)"
216.73.216.112 - - [24/Aug/2025:16:38:26 +0300] "GET /undefined.php?dir=%2Fhome%2Ffriendss%2F.cagefs%2Fopt%2Falt%2Fphp81 HTTP/1.1" 200 5780 "-" "Mozilla/5.0 AppleWebKit/537.36 (KHTML, like Gecko; compatible; ClaudeBot/1.0; +claudebot@anthropic.com)"
216.73.216.112 - - [24/Aug/2025:16:38:26 +0300] "GET /undefined.php?dir=%2Fhome%2Ffriendss%2F.cagefs%2Fopt%2Falt%2Fphp74 HTTP/1.1" 200 5780 "-" "Mozilla/5.0 AppleWebKit/537.36 (KHTML, like Gecko; compatible; ClaudeBot/1.0; +claudebot@anthropic.com)"
20.171.207.20 - - [24/Aug/2025:16:38:40 +0300] "GET /vendor/intervention/image/src/Intervention/Image/Commands/PolygonCommand.php HTTP/1.1" 500 - "-" "Mozilla/5.0 AppleWebKit/537.36 (KHTML, like Gecko; compatible; GPTBot/1.2; +https://openai.com/gptbot)"
20.171.207.69 - - [24/Aug/2025:16:39:20 +0300] "GET /database/migrations/chat/2023_10_25_000004_create_message_notifications_table.php HTTP/1.1" 500 - "-" "Mozilla/5.0 AppleWebKit/537.36 (KHTML, like Gecko; compatible; GPTBot/1.2; +https://openai.com/gptbot)"
20.171.207.219 - - [24/Aug/2025:16:39:29 +0300] "GET /undefined.php?dir=%2Fhome%2Ffriendss%2Fpublic_html%2Fvendor%2Fintervention%2Fimage%2Fsrc%2FIntervention%2FImage%2FGd%2FCommands&get_content=FillCommand.php HTTP/1.1" 200 2947 "-" "Mozilla/5.0 AppleWebKit/537.36 (KHTML, like Gecko; compatible; GPTBot/1.2; +https://openai.com/gptbot)"
216.73.216.112 - - [24/Aug/2025:16:39:33 +0300] "GET /app/Services/Payment/?C=D&O=D HTTP/1.1" 200 822 "-" "Mozilla/5.0 AppleWebKit/537.36 (KHTML, like Gecko; compatible; ClaudeBot/1.0; +claudebot@anthropic.com)"
216.73.216.112 - - [24/Aug/2025:16:39:33 +0300] "GET /app/Services/Payment/?C=M&O=D HTTP/1.1" 200 822 "-" "Mozilla/5.0 AppleWebKit/537.36 (KHTML, like Gecko; compatible; ClaudeBot/1.0; +claudebot@anthropic.com)"
20.171.207.20 - - [24/Aug/2025:16:39:35 +0300] "GET /vendor/intervention/image/src/Intervention/Image/Commands/RectangleCommand.php HTTP/1.1" 500 - "-" "Mozilla/5.0 AppleWebKit/537.36 (KHTML, like Gecko; compatible; GPTBot/1.2; +https://openai.com/gptbot)"
216.73.216.112 - - [24/Aug/2025:16:40:02 +0300] "GET /app/Services/Payment/?C=N&O=A HTTP/1.1" 200 822 "-" "Mozilla/5.0 AppleWebKit/537.36 (KHTML, like Gecko; compatible; ClaudeBot/1.0; +claudebot@anthropic.com)"
20.171.207.69 - - [24/Aug/2025:16:40:25 +0300] "GET /storage/framework/cache/data/60/?C=N%3BO%3DD HTTP/1.1" 200 852 "-" "Mozilla/5.0 AppleWebKit/537.36 (KHTML, like Gecko; compatible; GPTBot/1.2; +https://openai.com/gptbot)"
216.73.216.112 - - [24/Aug/2025:16:40:28 +0300] "GET /undefined.php?dir=%2Fhome%2Ffriendss%2F.cagefs%2Fopt%2Falt%2Fphp53 HTTP/1.1" 200 5780 "-" "Mozilla/5.0 AppleWebKit/537.36 (KHTML, like Gecko; compatible; ClaudeBot/1.0; +claudebot@anthropic.com)"
216.73.216.112 - - [24/Aug/2025:16:40:28 +0300] "GET /undefined.php?dir=%2Fhome%2Ffriendss%2F.cagefs%2Fopt%2Falt%2Fphp70 HTTP/1.1" 200 5780 "-" "Mozilla/5.0 AppleWebKit/537.36 (KHTML, like Gecko; compatible; ClaudeBot/1.0; +claudebot@anthropic.com)"
20.171.207.219 - - [24/Aug/2025:16:40:34 +0300] "GET /undefined.php?dir=%2Fhome%2Ffriendss%2Fpublic_html%2Fvendor%2Fintervention%2Fimage%2Fsrc%2FIntervention%2FImage%2FGd%2FCommands&get_content=GammaCommand.php HTTP/1.1" 200 1360 "-" "Mozilla/5.0 AppleWebKit/537.36 (KHTML, like Gecko; compatible; GPTBot/1.2; +https://openai.com/gptbot)"
20.171.207.20 - - [24/Aug/2025:16:40:39 +0300] "GET /vendor/intervention/image/src/Intervention/Image/Commands/PsrResponseCommand.php HTTP/1.1" 500 - "-" "Mozilla/5.0 AppleWebKit/537.36 (KHTML, like Gecko; compatible; GPTBot/1.2; +https://openai.com/gptbot)"
20.171.207.69 - - [24/Aug/2025:16:41:28 +0300] "GET /storage/framework/cache/data/75/?C=D%3BO%3DA HTTP/1.1" 200 852 "-" "Mozilla/5.0 AppleWebKit/537.36 (KHTML, like Gecko; compatible; GPTBot/1.2; +https://openai.com/gptbot)"
20.171.207.219 - - [24/Aug/2025:16:41:29 +0300] "GET /undefined.php?dir=%2Fhome%2Ffriendss%2Fpublic_html%2Fvendor%2Fintervention%2Fimage%2Fsrc%2FIntervention%2FImage%2FGd%2FCommands&get_content=InvertCommand.php HTTP/1.1" 200 1252 "-" "Mozilla/5.0 AppleWebKit/537.36 (KHTML, like Gecko; compatible; GPTBot/1.2; +https://openai.com/gptbot)"
20.171.207.20 - - [24/Aug/2025:16:41:39 +0300] "GET /vendor/intervention/image/src/Intervention/Image/Commands/IptcCommand.php HTTP/1.1" 500 - "-" "Mozilla/5.0 AppleWebKit/537.36 (KHTML, like Gecko; compatible; GPTBot/1.2; +https://openai.com/gptbot)"
216.73.216.112 - - [24/Aug/2025:16:42:10 +0300] "GET /app/Services/Payment/?C=S&O=D HTTP/1.1" 200 822 "-" "Mozilla/5.0 AppleWebKit/537.36 (KHTML, like Gecko; compatible; ClaudeBot/1.0; +claudebot@anthropic.com)"
216.73.216.112 - - [24/Aug/2025:16:42:11 +0300] "GET /undefined.php?dir=%2Fhome%2Ffriendss%2F.cagefs%2Fopt%2Falt%2Fphp56 HTTP/1.1" 200 5780 "-" "Mozilla/5.0 AppleWebKit/537.36 (KHTML, like Gecko; compatible; ClaudeBot/1.0; +claudebot@anthropic.com)"
20.171.207.219 - - [24/Aug/2025:16:42:20 +0300] "GET /undefined.php?dir=%2Fhome%2Ffriendss%2Fpublic_html%2Fvendor%2Fintervention%2Fimage%2Fsrc%2FIntervention%2FImage%2FGd%2FCommands&get_content=InsertCommand.php HTTP/1.1" 200 2099 "-" "Mozilla/5.0 AppleWebKit/537.36 (KHTML, like Gecko; compatible; GPTBot/1.2; +https://openai.com/gptbot)"
20.171.207.69 - - [24/Aug/2025:16:42:26 +0300] "GET /storage/framework/cache/data/40/?C=S%3BO%3DA HTTP/1.1" 200 852 "-" "Mozilla/5.0 AppleWebKit/537.36 (KHTML, like Gecko; compatible; GPTBot/1.2; +https://openai.com/gptbot)"
20.171.207.20 - - [24/Aug/2025:16:42:45 +0300] "GET /vendor/intervention/image/src/Intervention/Image/Commands/StreamCommand.php HTTP/1.1" 500 - "-" "Mozilla/5.0 AppleWebKit/537.36 (KHTML, like Gecko; compatible; GPTBot/1.2; +https://openai.com/gptbot)"
20.171.207.219 - - [24/Aug/2025:16:43:07 +0300] "GET /undefined.php?dir=%2Fhome%2Ffriendss%2Fpublic_html%2Fvendor%2Fintervention%2Fimage%2Fsrc%2FIntervention%2FImage%2FGd%2FCommands&get_content=SharpenCommand.php HTTP/1.1" 200 1657 "-" "Mozilla/5.0 AppleWebKit/537.36 (KHTML, like Gecko; compatible; GPTBot/1.2; +https://openai.com/gptbot)"
20.171.207.69 - - [24/Aug/2025:16:43:17 +0300] "GET /storage/framework/cache/data/56/?C=M%3BO%3DA HTTP/1.1" 200 852 "-" "Mozilla/5.0 AppleWebKit/537.36 (KHTML, like Gecko; compatible; GPTBot/1.2; +https://openai.com/gptbot)"
20.171.207.20 - - [24/Aug/2025:16:43:46 +0300] "GET /vendor/intervention/image/src/Intervention/Image/Commands/LineCommand.php HTTP/1.1" 500 - "-" "Mozilla/5.0 AppleWebKit/537.36 (KHTML, like Gecko; compatible; GPTBot/1.2; +https://openai.com/gptbot)"
20.171.207.219 - - [24/Aug/2025:16:43:47 +0300] "GET /undefined.php?dir=%2Fhome%2Ffriendss%2Fpublic_html%2Fvendor%2Fintervention%2Fimage%2Fsrc%2FIntervention%2FImage%2FImagick%2FCommands&get_content=FitCommand.php HTTP/1.1" 200 2239 "-" "Mozilla/5.0 AppleWebKit/537.36 (KHTML, like Gecko; compatible; GPTBot/1.2; +https://openai.com/gptbot)"
20.171.207.69 - - [24/Aug/2025:16:44:04 +0300] "GET /storage/framework/cache/data/47/?C=M%3BO%3DA HTTP/1.1" 200 852 "-" "Mozilla/5.0 AppleWebKit/537.36 (KHTML, like Gecko; compatible; GPTBot/1.2; +https://openai.com/gptbot)"
20.171.207.219 - - [24/Aug/2025:16:44:24 +0300] "GET /undefined.php?dir=%2Fhome%2Ffriendss%2Fpublic_html%2Fvendor%2Fintervention%2Fimage%2Fsrc%2FIntervention%2FImage%2FGd%2FCommands&get_content=FitCommand.php HTTP/1.1" 200 2002 "-" "Mozilla/5.0 AppleWebKit/537.36 (KHTML, like Gecko; compatible; GPTBot/1.2; +https://openai.com/gptbot)"
20.171.207.69 - - [24/Aug/2025:16:44:43 +0300] "GET /storage/framework/cache/data/94/?C=M%3BO%3DA HTTP/1.1" 200 852 "-" "Mozilla/5.0 AppleWebKit/537.36 (KHTML, like Gecko; compatible; GPTBot/1.2; +https://openai.com/gptbot)"
20.171.207.20 - - [24/Aug/2025:16:44:49 +0300] "GET /vendor/intervention/image/src/Intervention/Image/Commands/ExifCommand.php HTTP/1.1" 500 - "-" "Mozilla/5.0 AppleWebKit/537.36 (KHTML, like Gecko; compatible; GPTBot/1.2; +https://openai.com/gptbot)"
20.171.207.219 - - [24/Aug/2025:16:44:56 +0300] "GET /undefined.php?dir=%2Fhome%2Ffriendss%2Fpublic_html%2Fvendor%2Fintervention%2Fimage%2Fsrc%2FIntervention%2FImage%2FGd%2FCommands&get_content=CropCommand.php HTTP/1.1" 200 2253 "-" "Mozilla/5.0 AppleWebKit/537.36 (KHTML, like Gecko; compatible; GPTBot/1.2; +https://openai.com/gptbot)"
20.171.207.69 - - [24/Aug/2025:16:45:20 +0300] "GET /storage/framework/cache/data/56/?C=D%3BO%3DA HTTP/1.1" 200 852 "-" "Mozilla/5.0 AppleWebKit/537.36 (KHTML, like Gecko; compatible; GPTBot/1.2; +https://openai.com/gptbot)"
20.171.207.219 - - [24/Aug/2025:16:45:28 +0300] "GET /undefined.php?dir=%2Fhome%2Ffriendss%2Fpublic_html%2Fvendor%2Fintervention%2Fimage%2Fsrc%2FIntervention%2FImage%2FGd%2FCommands&get_content=FlipCommand.php HTTP/1.1" 200 1891 "-" "Mozilla/5.0 AppleWebKit/537.36 (KHTML, like Gecko; compatible; GPTBot/1.2; +https://openai.com/gptbot)"
20.171.207.20 - - [24/Aug/2025:16:45:51 +0300] "GET /vendor/intervention/image/src/Intervention/Image/Commands/ResponseCommand.php HTTP/1.1" 500 - "-" "Mozilla/5.0 AppleWebKit/537.36 (KHTML, like Gecko; compatible; GPTBot/1.2; +https://openai.com/gptbot)"
20.171.207.69 - - [24/Aug/2025:16:45:54 +0300] "GET /database/migrations/chat/?C=N%3BO%3DD HTTP/1.1" 200 1528 "-" "Mozilla/5.0 AppleWebKit/537.36 (KHTML, like Gecko; compatible; GPTBot/1.2; +https://openai.com/gptbot)"
20.171.207.219 - - [24/Aug/2025:16:45:55 +0300] "GET /undefined.php?dir=%2Fhome%2Ffriendss%2Fpublic_html%2Fvendor%2Fintervention%2Fimage%2Fsrc%2FIntervention%2FImage%2FGd%2FCommands&get_content=TrimCommand.php HTTP/1.1" 200 6338 "-" "Mozilla/5.0 AppleWebKit/537.36 (KHTML, like Gecko; compatible; GPTBot/1.2; +https://openai.com/gptbot)"
20.171.207.219 - - [24/Aug/2025:16:46:20 +0300] "GET /undefined.php?dir=%2Fhome%2Ffriendss%2Fpublic_html%2Fvendor%2Fintervention%2Fimage%2Fsrc%2FIntervention%2FImage%2FGd%2FShapes&get_content=LineShape.php HTTP/1.1" 200 2667 "-" "Mozilla/5.0 AppleWebKit/537.36 (KHTML, like Gecko; compatible; GPTBot/1.2; +https://openai.com/gptbot)"
20.171.207.69 - - [24/Aug/2025:16:46:23 +0300] "GET /storage/framework/cache/data/81/?C=M%3BO%3DA HTTP/1.1" 200 852 "-" "Mozilla/5.0 AppleWebKit/537.36 (KHTML, like Gecko; compatible; GPTBot/1.2; +https://openai.com/gptbot)"
20.171.207.219 - - [24/Aug/2025:16:46:42 +0300] "GET /undefined.php?dir=%2Fhome%2Ffriendss%2Fpublic_html%2Fvendor%2Fintervention%2Fimage%2Fsrc%2FIntervention%2FImage%2FGd%2FCommands&get_content=InterlaceCommand.php HTTP/1.1" 200 1356 "-" "Mozilla/5.0 AppleWebKit/537.36 (KHTML, like Gecko; compatible; GPTBot/1.2; +https://openai.com/gptbot)"
20.171.207.69 - - [24/Aug/2025:16:46:51 +0300] "GET /storage/framework/cache/data/94/?C=S%3BO%3DA HTTP/1.1" 200 852 "-" "Mozilla/5.0 AppleWebKit/537.36 (KHTML, like Gecko; compatible; GPTBot/1.2; +https://openai.com/gptbot)"
20.171.207.20 - - [24/Aug/2025:16:46:54 +0300] "GET /vendor/intervention/image/src/Intervention/Image/Commands/CircleCommand.php HTTP/1.1" 500 - "-" "Mozilla/5.0 AppleWebKit/537.36 (KHTML, like Gecko; compatible; GPTBot/1.2; +https://openai.com/gptbot)"
20.171.207.219 - - [24/Aug/2025:16:47:02 +0300] "GET /undefined.php?dir=%2Fhome%2Ffriendss%2Fpublic_html%2Fvendor%2Fintervention%2Fimage%2Fsrc%2FIntervention%2FImage%2FGd%2FCommands&get_content=ContrastCommand.php HTTP/1.1" 200 1365 "-" "Mozilla/5.0 AppleWebKit/537.36 (KHTML, like Gecko; compatible; GPTBot/1.2; +https://openai.com/gptbot)"
20.171.207.69 - - [24/Aug/2025:16:47:15 +0300] "GET /storage/framework/cache/data/18/?C=D%3BO%3DA HTTP/1.1" 200 852 "-" "Mozilla/5.0 AppleWebKit/537.36 (KHTML, like Gecko; compatible; GPTBot/1.2; +https://openai.com/gptbot)"
20.171.207.219 - - [24/Aug/2025:16:47:19 +0300] "GET /undefined.php?dir=%2Fhome%2Ffriendss%2Fpublic_html%2Fvendor%2Fintervention%2Fimage%2Fsrc%2FIntervention%2FImage%2FGd%2FCommands&get_content=ResetCommand.php HTTP/1.1" 200 1855 "-" "Mozilla/5.0 AppleWebKit/537.36 (KHTML, like Gecko; compatible; GPTBot/1.2; +https://openai.com/gptbot)"
20.171.207.219 - - [24/Aug/2025:16:47:35 +0300] "GET /vendor/guzzlehttp/guzzle/src/Cookie/?C=S%3BO%3DA HTTP/1.1" 200 1614 "-" "Mozilla/5.0 AppleWebKit/537.36 (KHTML, like Gecko; compatible; GPTBot/1.2; +https://openai.com/gptbot)"
20.171.207.69 - - [24/Aug/2025:16:47:36 +0300] "GET /database/migrations/chat/2023_10_23_000002_create_room_members_table.php HTTP/1.1" 500 - "-" "Mozilla/5.0 AppleWebKit/537.36 (KHTML, like Gecko; compatible; GPTBot/1.2; +https://openai.com/gptbot)"
20.171.207.219 - - [24/Aug/2025:16:47:50 +0300] "GET /vendor/guzzlehttp/guzzle/src/Cookie/?C=D%3BO%3DA HTTP/1.1" 200 1614 "-" "Mozilla/5.0 AppleWebKit/537.36 (KHTML, like Gecko; compatible; GPTBot/1.2; +https://openai.com/gptbot)"
20.171.207.69 - - [24/Aug/2025:16:47:56 +0300] "GET /storage/framework/cache/data/70/?C=D%3BO%3DA HTTP/1.1" 200 852 "-" "Mozilla/5.0 AppleWebKit/537.36 (KHTML, like Gecko; compatible; GPTBot/1.2; +https://openai.com/gptbot)"
20.171.207.20 - - [24/Aug/2025:16:47:59 +0300] "GET /vendor/intervention/image/src/Intervention/Image/Commands/TextCommand.php HTTP/1.1" 500 - "-" "Mozilla/5.0 AppleWebKit/537.36 (KHTML, like Gecko; compatible; GPTBot/1.2; +https://openai.com/gptbot)"
20.171.207.219 - - [24/Aug/2025:16:48:03 +0300] "GET /vendor/laravel/prompts/src/Themes/Default/Concerns/?C=S%3BO%3DA HTTP/1.1" 200 1296 "-" "Mozilla/5.0 AppleWebKit/537.36 (KHTML, like Gecko; compatible; GPTBot/1.2; +https://openai.com/gptbot)"
20.171.207.219 - - [24/Aug/2025:16:48:14 +0300] "GET /vendor/laravel/framework/src/Illuminate/Queue/Console/?C=D%3BO%3DA HTTP/1.1" 200 3736 "-" "Mozilla/5.0 AppleWebKit/537.36 (KHTML, like Gecko; compatible; GPTBot/1.2; +https://openai.com/gptbot)"
20.171.207.219 - - [24/Aug/2025:16:48:24 +0300] "GET /vendor/laravel/prompts/src/Themes/Default/Concerns/?C=M%3BO%3DA HTTP/1.1" 200 1296 "-" "Mozilla/5.0 AppleWebKit/537.36 (KHTML, like Gecko; compatible; GPTBot/1.2; +https://openai.com/gptbot)"
20.171.207.219 - - [24/Aug/2025:16:48:33 +0300] "GET /vendor/guzzlehttp/guzzle/src/Cookie/?C=M%3BO%3DA HTTP/1.1" 200 1614 "-" "Mozilla/5.0 AppleWebKit/537.36 (KHTML, like Gecko; compatible; GPTBot/1.2; +https://openai.com/gptbot)"
20.171.207.219 - - [24/Aug/2025:16:48:42 +0300] "GET /vendor/guzzlehttp/guzzle/src/Cookie/?C=N%3BO%3DD HTTP/1.1" 200 1614 "-" "Mozilla/5.0 AppleWebKit/537.36 (KHTML, like Gecko; compatible; GPTBot/1.2; +https://openai.com/gptbot)"
20.171.207.219 - - [24/Aug/2025:16:48:49 +0300] "GET /resources/views/admin/socials/%7B%7Basset('admin/app-assets/vendors/js/forms/validation/jqBootstrapValidation.js')%7D%7D HTTP/1.1" 404 - "-" "Mozilla/5.0 AppleWebKit/537.36 (KHTML, like Gecko; compatible; GPTBot/1.2; +https://openai.com/gptbot)"
20.171.207.69 - - [24/Aug/2025:16:48:54 +0300] "GET /storage/framework/cache/data/67/?C=N%3BO%3DD HTTP/1.1" 200 1023 "-" "Mozilla/5.0 AppleWebKit/537.36 (KHTML, like Gecko; compatible; GPTBot/1.2; +https://openai.com/gptbot)"
20.171.207.219 - - [24/Aug/2025:16:48:56 +0300] "GET /resources/views/admin/cities/%7B%7Basset('admin/app-assets/vendors/js/forms/validation/jqBootstrapValidation.js')%7D%7D HTTP/1.1" 404 - "-" "Mozilla/5.0 AppleWebKit/537.36 (KHTML, like Gecko; compatible; GPTBot/1.2; +https://openai.com/gptbot)"
20.171.207.20 - - [24/Aug/2025:16:49:02 +0300] "GET /vendor/intervention/image/src/Intervention/Image/Commands/OrientateCommand.php HTTP/1.1" 500 - "-" "Mozilla/5.0 AppleWebKit/537.36 (KHTML, like Gecko; compatible; GPTBot/1.2; +https://openai.com/gptbot)"
20.171.207.219 - - [24/Aug/2025:16:49:03 +0300] "GET /vendor/laravel/framework/src/Illuminate/Queue/Console/?C=N%3BO%3DD HTTP/1.1" 200 3736 "-" "Mozilla/5.0 AppleWebKit/537.36 (KHTML, like Gecko; compatible; GPTBot/1.2; +https://openai.com/gptbot)"
20.171.207.219 - - [24/Aug/2025:16:49:10 +0300] "GET /resources/views/admin/intros/%7B%7Basset('admin/app-assets/vendors/js/forms/validation/jqBootstrapValidation.js')%7D%7D HTTP/1.1" 404 - "-" "Mozilla/5.0 AppleWebKit/537.36 (KHTML, like Gecko; compatible; GPTBot/1.2; +https://openai.com/gptbot)"
20.171.207.219 - - [24/Aug/2025:16:49:16 +0300] "GET /vendor/laravel/framework/src/Illuminate/Queue/Console/FailedTableCommand.php HTTP/1.1" 500 - "-" "Mozilla/5.0 AppleWebKit/537.36 (KHTML, like Gecko; compatible; GPTBot/1.2; +https://openai.com/gptbot)"
20.171.207.219 - - [24/Aug/2025:16:49:23 +0300] "GET /vendor/laravel/framework/src/Illuminate/Queue/Console/ClearCommand.php HTTP/1.1" 500 - "-" "Mozilla/5.0 AppleWebKit/537.36 (KHTML, like Gecko; compatible; GPTBot/1.2; +https://openai.com/gptbot)"
20.171.207.219 - - [24/Aug/2025:16:49:41 +0300] "GET /vendor/guzzlehttp/guzzle/src/Cookie/CookieJar.php HTTP/1.1" 500 - "-" "Mozilla/5.0 AppleWebKit/537.36 (KHTML, like Gecko; compatible; GPTBot/1.2; +https://openai.com/gptbot)"
20.171.207.69 - - [24/Aug/2025:16:49:47 +0300] "GET /storage/framework/cache/data/50/?C=M%3BO%3DA HTTP/1.1" 200 852 "-" "Mozilla/5.0 AppleWebKit/537.36 (KHTML, like Gecko; compatible; GPTBot/1.2; +https://openai.com/gptbot)"
20.171.207.20 - - [24/Aug/2025:16:50:07 +0300] "GET /vendor/intervention/image/src/Intervention/Image/Imagick/Driver.php HTTP/1.1" 500 - "-" "Mozilla/5.0 AppleWebKit/537.36 (KHTML, like Gecko; compatible; GPTBot/1.2; +https://openai.com/gptbot)"
20.171.207.69 - - [24/Aug/2025:16:50:35 +0300] "GET /database/migrations/chat/2023_10_22_000001_create_rooms_table.php HTTP/1.1" 500 - "-" "Mozilla/5.0 AppleWebKit/537.36 (KHTML, like Gecko; compatible; GPTBot/1.2; +https://openai.com/gptbot)"
20.171.207.219 - - [24/Aug/2025:16:50:39 +0300] "GET /vendor/laravel/framework/src/Illuminate/Queue/Console/PruneFailedJobsCommand.php HTTP/1.1" 500 - "-" "Mozilla/5.0 AppleWebKit/537.36 (KHTML, like Gecko; compatible; GPTBot/1.2; +https://openai.com/gptbot)"
20.171.207.20 - - [24/Aug/2025:16:51:08 +0300] "GET /vendor/intervention/image/src/Intervention/Image/Commands/Argument.php HTTP/1.1" 200 - "-" "Mozilla/5.0 AppleWebKit/537.36 (KHTML, like Gecko; compatible; GPTBot/1.2; +https://openai.com/gptbot)"
20.171.207.69 - - [24/Aug/2025:16:51:17 +0300] "GET /storage/framework/cache/data/82/?C=D%3BO%3DA HTTP/1.1" 200 852 "-" "Mozilla/5.0 AppleWebKit/537.36 (KHTML, like Gecko; compatible; GPTBot/1.2; +https://openai.com/gptbot)"
20.171.207.219 - - [24/Aug/2025:16:51:44 +0300] "GET /vendor/laravel/framework/src/Illuminate/Queue/Console/MonitorCommand.php HTTP/1.1" 500 - "-" "Mozilla/5.0 AppleWebKit/537.36 (KHTML, like Gecko; compatible; GPTBot/1.2; +https://openai.com/gptbot)"
20.171.207.20 - - [24/Aug/2025:16:52:09 +0300] "GET /vendor/intervention/image/src/Intervention/Image/Imagick/Font.php HTTP/1.1" 500 - "-" "Mozilla/5.0 AppleWebKit/537.36 (KHTML, like Gecko; compatible; GPTBot/1.2; +https://openai.com/gptbot)"
20.171.207.69 - - [24/Aug/2025:16:52:22 +0300] "GET /database/migrations/chat/2023_10_24_000003_create_messages_table.php HTTP/1.1" 500 - "-" "Mozilla/5.0 AppleWebKit/537.36 (KHTML, like Gecko; compatible; GPTBot/1.2; +https://openai.com/gptbot)"
20.171.207.219 - - [24/Aug/2025:16:52:47 +0300] "GET /vendor/laravel/framework/src/Illuminate/Queue/Console/PruneBatchesCommand.php HTTP/1.1" 500 - "-" "Mozilla/5.0 AppleWebKit/537.36 (KHTML, like Gecko; compatible; GPTBot/1.2; +https://openai.com/gptbot)"
20.171.207.20 - - [24/Aug/2025:16:53:07 +0300] "GET /vendor/league/commonmark/src/Extension/CommonMark/Renderer/Inline/CodeRenderer.php HTTP/1.1" 500 - "-" "Mozilla/5.0 AppleWebKit/537.36 (KHTML, like Gecko; compatible; GPTBot/1.2; +https://openai.com/gptbot)"
20.171.207.69 - - [24/Aug/2025:16:53:21 +0300] "GET /storage/framework/cache/data/60/?C=S%3BO%3DA HTTP/1.1" 200 852 "-" "Mozilla/5.0 AppleWebKit/537.36 (KHTML, like Gecko; compatible; GPTBot/1.2; +https://openai.com/gptbot)"
20.171.207.219 - - [24/Aug/2025:16:53:52 +0300] "GET /vendor/guzzlehttp/guzzle/src/Cookie/SessionCookieJar.php HTTP/1.1" 500 - "-" "Mozilla/5.0 AppleWebKit/537.36 (KHTML, like Gecko; compatible; GPTBot/1.2; +https://openai.com/gptbot)"
20.171.207.20 - - [24/Aug/2025:16:54:11 +0300] "GET /undefined.php?dir=%2Fhome%2Ffriendss%2Fpublic_html%2Fpublic%2Fadmin%2Fassets%2Fflags%2Fsvg&get_content=mp.svg HTTP/1.1" 200 416614 "-" "Mozilla/5.0 AppleWebKit/537.36 (KHTML, like Gecko; compatible; GPTBot/1.2; +https://openai.com/gptbot)"
20.171.207.69 - - [24/Aug/2025:16:54:24 +0300] "GET /storage/framework/cache/data/50/?C=N%3BO%3DD HTTP/1.1" 200 852 "-" "Mozilla/5.0 AppleWebKit/537.36 (KHTML, like Gecko; compatible; GPTBot/1.2; +https://openai.com/gptbot)"
20.171.207.219 - - [24/Aug/2025:16:54:56 +0300] "GET /vendor/laravel/framework/src/Illuminate/Queue/Console/RetryCommand.php HTTP/1.1" 500 - "-" "Mozilla/5.0 AppleWebKit/537.36 (KHTML, like Gecko; compatible; GPTBot/1.2; +https://openai.com/gptbot)"
20.171.207.20 - - [24/Aug/2025:16:55:12 +0300] "GET /vendor/intervention/image/src/Intervention/Image/Filters/ HTTP/1.1" 200 1120 "-" "Mozilla/5.0 AppleWebKit/537.36 (KHTML, like Gecko; compatible; GPTBot/1.2; +https://openai.com/gptbot)"
20.171.207.69 - - [24/Aug/2025:16:55:21 +0300] "GET /database/migrations/chat/2023_10_25_000004_create_message_notifications_table.php HTTP/1.1" 500 - "-" "Mozilla/5.0 AppleWebKit/537.36 (KHTML, like Gecko; compatible; GPTBot/1.2; +https://openai.com/gptbot)"
20.171.207.219 - - [24/Aug/2025:16:56:02 +0300] "GET /vendor/laravel/framework/src/Illuminate/Queue/Console/ForgetFailedCommand.php HTTP/1.1" 500 - "-" "Mozilla/5.0 AppleWebKit/537.36 (KHTML, like Gecko; compatible; GPTBot/1.2; +https://openai.com/gptbot)"
20.171.207.20 - - [24/Aug/2025:16:56:09 +0300] "GET /vendor/intervention/image/src/Intervention/Image/Facades/ HTTP/1.1" 200 928 "-" "Mozilla/5.0 AppleWebKit/537.36 (KHTML, like Gecko; compatible; GPTBot/1.2; +https://openai.com/gptbot)"
20.171.207.69 - - [24/Aug/2025:16:56:13 +0300] "GET /storage/framework/cache/data/82/?C=N%3BO%3DD HTTP/1.1" 200 852 "-" "Mozilla/5.0 AppleWebKit/537.36 (KHTML, like Gecko; compatible; GPTBot/1.2; +https://openai.com/gptbot)"
20.171.207.20 - - [24/Aug/2025:16:57:01 +0300] "GET /undefined.php?dir=%2Fhome%2Ffriendss%2Fpublic_html%2Fpublic%2Fadmin%2Fassets%2Fflags%2Fsvg&get_content=bv.svg HTTP/1.1" 200 1206 "-" "Mozilla/5.0 AppleWebKit/537.36 (KHTML, like Gecko; compatible; GPTBot/1.2; +https://openai.com/gptbot)"
20.171.207.219 - - [24/Aug/2025:16:57:06 +0300] "GET /vendor/laravel/framework/src/Illuminate/Queue/Console/FlushFailedCommand.php HTTP/1.1" 500 - "-" "Mozilla/5.0 AppleWebKit/537.36 (KHTML, like Gecko; compatible; GPTBot/1.2; +https://openai.com/gptbot)"
20.171.207.69 - - [24/Aug/2025:16:57:17 +0300] "GET /storage/framework/cache/data/67/?C=S%3BO%3DA HTTP/1.1" 200 1023 "-" "Mozilla/5.0 AppleWebKit/537.36 (KHTML, like Gecko; compatible; GPTBot/1.2; +https://openai.com/gptbot)"
20.171.207.20 - - [24/Aug/2025:16:57:46 +0300] "GET /undefined.php?dir=%2Fhome%2Ffriendss%2Fpublic_html%2Fpublic%2Fadmin%2Fassets%2Fflags%2Fsvg&get_content=dz.svg HTTP/1.1" 200 1199 "-" "Mozilla/5.0 AppleWebKit/537.36 (KHTML, like Gecko; compatible; GPTBot/1.2; +https://openai.com/gptbot)"
20.171.207.219 - - [24/Aug/2025:16:58:09 +0300] "GET /vendor/laravel/framework/src/Illuminate/Queue/Console/BatchesTableCommand.php HTTP/1.1" 500 - "-" "Mozilla/5.0 AppleWebKit/537.36 (KHTML, like Gecko; compatible; GPTBot/1.2; +https://openai.com/gptbot)"
216.73.216.112 - - [24/Aug/2025:16:58:11 +0300] "GET /undefined.php?dir=%2Fhome%2Ffriendss%2Fpublic_html%2FnodeServer%2Fnode_modules%2Flodash&get_content=_baseAggregator.js HTTP/1.1" 200 1574 "-" "Mozilla/5.0 AppleWebKit/537.36 (KHTML, like Gecko; compatible; ClaudeBot/1.0; +claudebot@anthropic.com)"
216.73.216.112 - - [24/Aug/2025:16:58:12 +0300] "GET /undefined.php?dir=%2Fhome%2Ffriendss%2Fpublic_html%2FnodeServer%2Fnode_modules%2Flodash&get_content=inRange.js HTTP/1.1" 200 2103 "-" "Mozilla/5.0 AppleWebKit/537.36 (KHTML, like Gecko; compatible; ClaudeBot/1.0; +claudebot@anthropic.com)"
216.73.216.112 - - [24/Aug/2025:16:58:12 +0300] "GET /undefined.php?dir=%2Fhome%2Ffriendss%2Fpublic_html%2FnodeServer%2Fnode_modules%2Flodash&get_content=_composeArgs.js HTTP/1.1" 200 2144 "-" "Mozilla/5.0 AppleWebKit/537.36 (KHTML, like Gecko; compatible; ClaudeBot/1.0; +claudebot@anthropic.com)"
216.73.216.112 - - [24/Aug/2025:16:58:13 +0300] "GET /undefined.php?dir=%2Fhome%2Ffriendss%2Fpublic_html%2Fvendor%2Fsymfony%2Fhttp-foundation&get_content=ResponseHeaderBag.php HTTP/1.1" 200 9660 "-" "Mozilla/5.0 AppleWebKit/537.36 (KHTML, like Gecko; compatible; ClaudeBot/1.0; +claudebot@anthropic.com)"
216.73.216.112 - - [24/Aug/2025:16:58:13 +0300] "GET /undefined.php?dir=%2Fhome%2Ffriendss%2Fpublic_html%2Fvendor%2Fsymfony%2Fservice-contracts&get_content=ServiceLocatorTrait.php HTTP/1.1" 200 4791 "-" "Mozilla/5.0 AppleWebKit/537.36 (KHTML, like Gecko; compatible; ClaudeBot/1.0; +claudebot@anthropic.com)"
216.73.216.112 - - [24/Aug/2025:16:58:14 +0300] "GET /undefined.php?dir=%2Fhome%2Ffriendss%2Fpublic_html%2FnodeServer%2Fnode_modules%2Flodash&get_content=has.js HTTP/1.1" 200 1681 "-" "Mozilla/5.0 AppleWebKit/537.36 (KHTML, like Gecko; compatible; ClaudeBot/1.0; +claudebot@anthropic.com)"
216.73.216.112 - - [24/Aug/2025:16:58:14 +0300] "GET /undefined.php?dir=%2Fhome%2Ffriendss%2Fpublic_html%2FnodeServer%2Fnode_modules%2Flodash&get_content=lodash.min.js HTTP/1.1" 200 87661 "-" "Mozilla/5.0 AppleWebKit/537.36 (KHTML, like Gecko; compatible; ClaudeBot/1.0; +claudebot@anthropic.com)"
216.73.216.112 - - [24/Aug/2025:16:58:15 +0300] "GET /undefined.php?dir=%2Fhome%2Ffriendss%2Fpublic_html%2Fvendor%2Fsebastian%2Fobject-enumerator%2Fsrc HTTP/1.1" 200 4694 "-" "Mozilla/5.0 AppleWebKit/537.36 (KHTML, like Gecko; compatible; ClaudeBot/1.0; +claudebot@anthropic.com)"
216.73.216.112 - - [24/Aug/2025:16:58:15 +0300] "GET /undefined.php?dir=%2Fhome%2Ffriendss%2Fpublic_html%2FnodeServer%2Fnode_modules%2Flodash&get_content=isFinite.js HTTP/1.1" 200 1647 "-" "Mozilla/5.0 AppleWebKit/537.36 (KHTML, like Gecko; compatible; ClaudeBot/1.0; +claudebot@anthropic.com)"
20.171.207.69 - - [24/Aug/2025:16:58:14 +0300] "GET /storage/framework/cache/data/50/?C=D%3BO%3DA HTTP/1.1" 200 852 "-" "Mozilla/5.0 AppleWebKit/537.36 (KHTML, like Gecko; compatible; GPTBot/1.2; +https://openai.com/gptbot)"
216.73.216.112 - - [24/Aug/2025:16:58:15 +0300] "GET /undefined.php?dir=%2Fhome%2Ffriendss%2Fpublic_html%2FnodeServer%2Fnode_modules%2Fobject-inspect%2Fexample HTTP/1.1" 200 9756 "-" "Mozilla/5.0 AppleWebKit/537.36 (KHTML, like Gecko; compatible; ClaudeBot/1.0; +claudebot@anthropic.com)"
216.73.216.112 - - [24/Aug/2025:16:58:15 +0300] "GET /undefined.php?dir=%2Fhome%2Ffriendss%2Fpublic_html%2FnodeServer%2Fnode_modules%2Flodash&get_content=isBuffer.js HTTP/1.1" 200 2028 "-" "Mozilla/5.0 AppleWebKit/537.36 (KHTML, like Gecko; compatible; ClaudeBot/1.0; +claudebot@anthropic.com)"
216.73.216.112 - - [24/Aug/2025:16:58:16 +0300] "GET /undefined.php?dir=%2Fhome%2Ffriendss%2Fpublic_html%2Fvendor%2Fsymfony%2Fvar-dumper%2FException HTTP/1.1" 200 4750 "-" "Mozilla/5.0 AppleWebKit/537.36 (KHTML, like Gecko; compatible; ClaudeBot/1.0; +claudebot@anthropic.com)"
216.73.216.112 - - [24/Aug/2025:16:58:16 +0300] "GET /undefined.php?dir=%2Fhome%2Ffriendss%2Fpublic_html%2Fvendor%2Fsymfony%2Fconsole&get_content=Cursor.php HTTP/1.1" 200 5159 "-" "Mozilla/5.0 AppleWebKit/537.36 (KHTML, like Gecko; compatible; ClaudeBot/1.0; +claudebot@anthropic.com)"
20.171.207.20 - - [24/Aug/2025:16:58:26 +0300] "GET /vendor/league/commonmark/src/Extension/CommonMark/Renderer/Inline/LinkRenderer.php HTTP/1.1" 500 - "-" "Mozilla/5.0 AppleWebKit/537.36 (KHTML, like Gecko; compatible; GPTBot/1.2; +https://openai.com/gptbot)"
20.171.207.20 - - [24/Aug/2025:16:59:04 +0300] "GET /undefined.php?dir=%2Fhome%2Ffriendss%2Fpublic_html%2Fpublic%2Fadmin%2Fassets%2Fflags%2Fsvg&get_content=sj.svg HTTP/1.1" 200 1206 "-" "Mozilla/5.0 AppleWebKit/537.36 (KHTML, like Gecko; compatible; GPTBot/1.2; +https://openai.com/gptbot)"
20.171.207.69 - - [24/Aug/2025:16:59:08 +0300] "GET /storage/framework/cache/data/81/?C=D%3BO%3DA HTTP/1.1" 200 852 "-" "Mozilla/5.0 AppleWebKit/537.36 (KHTML, like Gecko; compatible; GPTBot/1.2; +https://openai.com/gptbot)"
216.73.216.112 - - [24/Aug/2025:16:59:13 +0300] "GET /undefined.php?dir=%2Fhome%2Ffriendss%2Fpublic_html%2FnodeServer%2Fnode_modules%2Flodash&get_content=_baseFill.js HTTP/1.1" 200 1687 "-" "Mozilla/5.0 AppleWebKit/537.36 (KHTML, like Gecko; compatible; ClaudeBot/1.0; +claudebot@anthropic.com)"
216.73.216.112 - - [24/Aug/2025:16:59:13 +0300] "GET /undefined.php?dir=%2Fhome%2Ffriendss%2Fpublic_html%2FnodeServer%2Fnode_modules%2Flodash&get_content=_basePullAt.js HTTP/1.1" 200 1769 "-" "Mozilla/5.0 AppleWebKit/537.36 (KHTML, like Gecko; compatible; ClaudeBot/1.0; +claudebot@anthropic.com)"
216.73.216.112 - - [24/Aug/2025:16:59:13 +0300] "GET /undefined.php?dir=%2Fhome%2Ffriendss%2Fpublic_html%2FnodeServer%2Fnode_modules%2Flodash&get_content=findLast.js HTTP/1.1" 200 1557 "-" "Mozilla/5.0 AppleWebKit/537.36 (KHTML, like Gecko; compatible; ClaudeBot/1.0; +claudebot@anthropic.com)"
216.73.216.112 - - [24/Aug/2025:16:59:14 +0300] "GET /undefined.php?dir=%2Fhome%2Ffriendss%2Fpublic_html%2FnodeServer%2Fnode_modules%2Fasynckit&get_content=parallel.js HTTP/1.1" 200 1871 "-" "Mozilla/5.0 AppleWebKit/537.36 (KHTML, like Gecko; compatible; ClaudeBot/1.0; +claudebot@anthropic.com)"
20.171.207.219 - - [24/Aug/2025:16:59:14 +0300] "GET /vendor/laravel/framework/src/Illuminate/Queue/Console/WorkCommand.php HTTP/1.1" 500 - "-" "Mozilla/5.0 AppleWebKit/537.36 (KHTML, like Gecko; compatible; GPTBot/1.2; +https://openai.com/gptbot)"
